NOAA-Style Climate Reports

2018: Jan | Feb | Mar | Apr | May | Jun | Jul | Aug | Sep | Oct | Nov | Dec 
2017: Jan | Feb | Mar | Apr | May | Jun | Jul | Aug | Sep | Oct | Nov | Dec 
2016: Jan | Feb | Mar | Apr | May | Jun | Jul | Aug | Sep | Oct | Nov | Dec 
2015: Jan | Feb | Mar | Apr | May | Jun | Jul | Aug | Sep | Oct | Nov | Dec 
2014: Jan | Feb | Mar | Apr | May | Jun | Jul | Aug | Sep | Oct | Nov | Dec 
2013: Jan | Feb | Mar | Apr | May | Jun | Jul | Aug | Sep | Oct | Nov | Dec 
2012: Jan | Feb | Mar | Apr | May | Jun | Jul | Aug | Sep | Oct | Nov | Dec 
2011: Jan | Feb | Mar | Apr | May | Jun | Jul | Aug | Sep | Oct | Nov | Dec 
2010: Jan | Feb | Mar | Apr | May | Jun | Jul | Aug | Sep | Oct | Nov | Dec 
2009: Jan | Feb | Mar | Apr | May | Jun | Jul | Aug | Sep | Oct | Nov | Dec 
2008: Jan | Feb | Mar | Apr | May | Jun | Jul | Aug | Sep | Oct | Nov | Dec 
2007: Jan | Feb | Mar | Apr | May | Jun | Jul | Aug | Sep | Oct | Nov | Dec 
2006: Jan | Feb | Mar | Apr | May | Jun | Jul | Aug | Sep | Oct | Nov | Dec 
2005: Jan | Feb | Mar | Apr | May | Jun | Jul | Aug | Sep | Oct | Nov | Dec 
2004: Jan | Feb | Mar | Apr | May | Jun | Jul | Aug | Sep | Oct | Nov | Dec 
2003: Jan | Feb | Mar | Apr | May | Jun | Jul | Aug | Sep | Oct | Nov | Dec 

Report for 2017 12
MONTHLY CLIMATOLOGICAL SUMMARY for DEC. 2017 NAME: Vantage Pro Plus CITY: Sand Point STATE: MI ELEV: 598 ft LAT: 43 54' 37" N LONG: 83 23' 03" W TEMPERATURE (F), RAIN (in), WIND SPEED (mph) HEAT COOL AVG MEAN DEG DEG WIND DOM DAY TEMP HIGH TIME LOW TIME DAYS DAYS RAIN SPEED HIGH TIME DIR ------------------------------------------------------------------------------------ 1 38.0 42.1 3:50p 33.7 7:40a 27.0 0.0 0.00 4.0 15.0 1:00a SSW 2 39.3 44.6 2:20p 36.5 7:20a 25.7 0.0 0.00 3.9 9.0 10:50a SSW 3 37.4 41.1 2:20p 35.0 10:00p 27.6 0.0 0.00 2.3 12.0 2:50a WNW 4 44.7 52.9 11:10p 36.3 12:10a 20.3 0.0 0.00 12.8 33.0 9:50p S 5 40.4 53.4 4:10a 29.7 12:00m 24.6 0.0 0.00 21.7 49.0 5:00p WSW 6 29.4 31.2 2:10p 26.9 12:00m 35.6 0.0 0.00 15.9 44.0 9:50a W 7 27.0 30.7 2:10p 25.6 6:20a 38.0 0.0 0.00 10.1 28.0 7:50p W 8 27.6 29.6 12:30p 26.1 12:10a 37.4 0.0 0.00 12.8 38.0 2:50a WSW 9 27.2 30.5 5:10p 24.4 8:30a 37.8 0.0 0.00 5.8 29.0 6:30p N 10 26.2 28.5 3:00p 22.3 12:00m 38.8 0.0 0.00 9.7 28.0 9:10a W 11 21.7 28.7 11:20p 18.0 2:20a 43.3 0.0 0.00 7.3 22.0 12:10a S 12 17.2 28.5 12:10a 11.5 12:00m 47.8 0.0 0.00 13.6 38.0 5:10a NNW 13 16.9 23.8 11:50p 11.3 12:50a 48.1 0.0 0.01 5.8 25.0 12:10a ENE 14 15.1 23.7 12:10a 9.7 7:10p 49.9 0.0 0.03 8.6 34.0 1:40a N 15 20.9 26.1 3:30p 16.3 2:20a 44.1 0.0 0.00 9.7 24.0 6:30p W 16 23.9 27.7 11:40a 22.0 8:10a 41.1 0.0 0.00 5.1 19.0 1:20a E 17 26.3 28.2 2:00p 23.3 12:10a 38.7 0.0 0.00 4.3 14.0 10:50a SE 18 31.9 35.3 12:00m 27.4 12:40a 33.1 0.0 0.03 4.2 18.0 9:10p SW 19 35.7 38.1 12:20p 33.0 12:00m 29.3 0.0 0.00 10.5 25.0 3:50a SW 20 28.6 33.0 12:10a 25.6 11:50p 36.4 0.0 0.00 5.2 26.0 1:10a NNW 21 28.4 31.1 1:30p 25.6 12:10a 36.6 0.0 0.13 1.8 11.0 6:00p NNE 22 31.6 34.9 12:50p 28.8 12:10a 33.4 0.0 0.04 2.6 12.0 4:50a ENE 23 28.7 32.1 12:50p 21.6 12:00m 36.3 0.0 0.00 5.3 21.0 9:30p NW 24 18.5 22.4 2:10p 10.8 9:00a 46.5 0.0 0.12 3.5 18.0 10:10p W 25 14.6 20.7 12:10a 6.5 10:50p 50.4 0.0 0.00 9.8 31.0 4:40p WNW 26 5.2 9.5 2:20p 1.8 7:00a 59.8 0.0 0.00 8.9 31.0 12:10a W 27 6.0 12.6 2:50p 1.4 2:10a 59.0 0.0 0.00 4.9 18.0 4:50a WNW 28 3.9 9.8 6:40p -5.5 5:50a 61.1 0.0 0.00 2.5 10.0 1:50p WSW 29 11.1 14.0 4:10p 8.7 7:50a 53.9 0.0 0.00 5.5 17.0 4:00p SSW 30 13.5 18.4 1:50p 9.4 12:00m 51.5 0.0 0.00 7.6 22.0 8:20p W 31 6.3 11.3 1:50p -0.4 7:30p 58.7 0.0 0.00 6.6 22.0 6:20a N ------------------------------------------------------------------------------------- 24.0 53.4 5 -5.5 28 1271.8 0.0 0.36 7.5 49.0 5 W Max >= 90.0: 0 Max <= 32.0: 21 Min <= 32.0: 26 Min <= 0.0: 2 Max Rain: 0.13 ON 12/21/17 Days of Rain: 5 (>.01 in) 2 (>.1 in) 0 (>1 in) Heat Base: 65.0 Cool Base: 65.0 Method: Integration