NOAA-Style Climate Reports

2018: Jan | Feb | Mar | Apr | May | Jun | Jul | Aug | Sep | Oct | Nov | Dec 
2017: Jan | Feb | Mar | Apr | May | Jun | Jul | Aug | Sep | Oct | Nov | Dec 
2016: Jan | Feb | Mar | Apr | May | Jun | Jul | Aug | Sep | Oct | Nov | Dec 
2015: Jan | Feb | Mar | Apr | May | Jun | Jul | Aug | Sep | Oct | Nov | Dec 
2014: Jan | Feb | Mar | Apr | May | Jun | Jul | Aug | Sep | Oct | Nov | Dec 
2013: Jan | Feb | Mar | Apr | May | Jun | Jul | Aug | Sep | Oct | Nov | Dec 
2012: Jan | Feb | Mar | Apr | May | Jun | Jul | Aug | Sep | Oct | Nov | Dec 
2011: Jan | Feb | Mar | Apr | May | Jun | Jul | Aug | Sep | Oct | Nov | Dec 
2010: Jan | Feb | Mar | Apr | May | Jun | Jul | Aug | Sep | Oct | Nov | Dec 
2009: Jan | Feb | Mar | Apr | May | Jun | Jul | Aug | Sep | Oct | Nov | Dec 
2008: Jan | Feb | Mar | Apr | May | Jun | Jul | Aug | Sep | Oct | Nov | Dec 
2007: Jan | Feb | Mar | Apr | May | Jun | Jul | Aug | Sep | Oct | Nov | Dec 
2006: Jan | Feb | Mar | Apr | May | Jun | Jul | Aug | Sep | Oct | Nov | Dec 
2005: Jan | Feb | Mar | Apr | May | Jun | Jul | Aug | Sep | Oct | Nov | Dec 
2004: Jan | Feb | Mar | Apr | May | Jun | Jul | Aug | Sep | Oct | Nov | Dec 
2003: Jan | Feb | Mar | Apr | May | Jun | Jul | Aug | Sep | Oct | Nov | Dec 

Report for 2018 03
MONTHLY CLIMATOLOGICAL SUMMARY for MAR. 2018 NAME: Vantage Pro Plus CITY: Sand Point STATE: MI ELEV: 598 ft LAT: 43 54' 37" N LONG: 83 23' 03" W TEMPERATURE (F), RAIN (in), WIND SPEED (mph) HEAT COOL AVG MEAN DEG DEG WIND DOM DAY TEMP HIGH TIME LOW TIME DAYS DAYS RAIN SPEED HIGH TIME DIR ------------------------------------------------------------------------------------ 1 33.6 34.8 12:00p 31.9 10:00p 31.4 0.0 0.02 9.7 32.0 6:10p ENE 2 33.4 39.0 1:30p 30.5 6:00a 31.6 0.0 0.00 7.2 23.0 6:00a N 3 31.0 34.5 1:10p 28.1 6:30a 34.0 0.0 0.00 8.8 23.0 1:10a NNE 4 31.5 35.4 12:00p 27.7 10:50p 33.5 0.0 0.00 6.5 19.0 10:30a ENE 5 29.8 32.9 12:30p 27.2 7:00a 35.2 0.0 0.00 7.9 24.0 3:30p ENE 6 30.4 32.2 3:00a 27.9 10:40a 34.6 0.0 0.04 5.5 19.0 3:50a SE 7 29.2 31.8 10:50a 24.8 11:00p 35.8 0.0 0.17 8.6 30.0 7:30p NW 8 28.8 33.8 2:30p 24.1 3:10a 36.2 0.0 0.20 9.6 29.0 6:30a NNW 9 30.6 33.3 5:20p 28.4 5:40a 34.4 0.0 0.00 7.6 26.0 6:10a NW 10 29.6 32.9 12:40p 27.3 7:10a 35.4 0.0 0.00 3.6 17.0 12:30a NNW 11 28.2 33.0 5:00p 24.7 10:10p 35.2 0.0 0.00 3.4 13.0 1:10p N 12 26.9 31.7 3:40p 22.8 8:50a 38.1 0.0 0.00 3.1 9.0 3:10a S 13 29.7 33.3 1:30p 27.1 11:50p 35.3 0.0 0.01 8.8 29.0 9:00p N 14 28.9 35.3 5:00p 21.8 6:20a 36.1 0.0 0.00 9.3 26.0 12:30a NNW 15 30.1 36.2 11:40a 22.3 12:00m 34.9 0.0 0.00 9.1 31.0 9:30p NNW 16 25.3 32.7 8:00p 17.3 8:10a 39.7 0.0 0.00 8.5 34.0 2:50a N 17 32.4 38.7 5:30p 27.6 7:20a 32.6 0.0 0.00 3.8 15.0 8:20a NW 18 34.8 49.2 4:00p 29.2 4:20a 30.2 0.0 0.00 6.4 21.0 6:10p ENE 19 28.2 32.6 12:10a 23.9 7:50p 36.8 0.0 0.00 9.0 26.0 3:50p ENE 20 27.9 30.7 11:50a 25.0 12:10a 37.1 0.0 0.00 12.7 31.0 10:50a ENE 21 30.2 33.1 1:50p 28.8 8:00p 34.8 0.0 0.00 11.2 29.0 2:30a NE 22 31.1 36.4 2:10p 27.1 11:10p 33.9 0.0 0.00 7.2 21.0 2:50a N 23 30.5 34.1 4:30p 27.5 6:50a 34.5 0.0 0.00 8.8 22.0 6:30a N 24 29.4 32.0 3:20a 27.0 7:10p 35.6 0.0 0.00 11.0 27.0 8:30p ENE 25 29.3 35.9 4:50p 22.9 7:30a 35.7 0.0 0.00 8.0 28.0 12:30a E 26 38.8 49.3 3:40p 29.3 12:20a 26.2 0.0 0.00 7.9 23.0 11:20a SSE 27 41.6 46.0 3:50p 38.8 5:50a 23.4 0.0 0.05 11.8 25.0 10:20a S 28 37.4 41.1 7:00p 33.5 8:00a 27.6 0.0 0.00 4.1 12.0 12:20a NNE 29 37.9 42.4 2:20p 34.9 11:30p 27.1 0.0 0.03 4.1 20.0 7:00p S 30 35.4 41.6 6:40p 28.1 7:00a 29.6 0.0 0.00 9.2 26.0 6:10a N 31 38.2 43.6 1:20p 30.2 12:00m 26.8 0.0 0.10 12.7 35.0 1:40p SSW ------------------------------------------------------------------------------------- 31.6 49.3 26 17.3 16 1033.3 0.0 0.62 7.9 35.0 31 ENE Max >= 90.0: 0 Max <= 32.0: 4 Min <= 32.0: 28 Min <= 0.0: 0 Max Rain: 0.20 ON 03/08/18 Days of Rain: 7 (>.01 in) 2 (>.1 in) 0 (>1 in) Heat Base: 65.0 Cool Base: 65.0 Method: Integration