NOAA-Style Climate Reports

2018: Jan | Feb | Mar | Apr | May | Jun | Jul | Aug | Sep | Oct | Nov | Dec 
2017: Jan | Feb | Mar | Apr | May | Jun | Jul | Aug | Sep | Oct | Nov | Dec 
2016: Jan | Feb | Mar | Apr | May | Jun | Jul | Aug | Sep | Oct | Nov | Dec 
2015: Jan | Feb | Mar | Apr | May | Jun | Jul | Aug | Sep | Oct | Nov | Dec 
2014: Jan | Feb | Mar | Apr | May | Jun | Jul | Aug | Sep | Oct | Nov | Dec 
2013: Jan | Feb | Mar | Apr | May | Jun | Jul | Aug | Sep | Oct | Nov | Dec 
2012: Jan | Feb | Mar | Apr | May | Jun | Jul | Aug | Sep | Oct | Nov | Dec 
2011: Jan | Feb | Mar | Apr | May | Jun | Jul | Aug | Sep | Oct | Nov | Dec 
2010: Jan | Feb | Mar | Apr | May | Jun | Jul | Aug | Sep | Oct | Nov | Dec 
2009: Jan | Feb | Mar | Apr | May | Jun | Jul | Aug | Sep | Oct | Nov | Dec 
2008: Jan | Feb | Mar | Apr | May | Jun | Jul | Aug | Sep | Oct | Nov | Dec 
2007: Jan | Feb | Mar | Apr | May | Jun | Jul | Aug | Sep | Oct | Nov | Dec 
2006: Jan | Feb | Mar | Apr | May | Jun | Jul | Aug | Sep | Oct | Nov | Dec 
2005: Jan | Feb | Mar | Apr | May | Jun | Jul | Aug | Sep | Oct | Nov | Dec 
2004: Jan | Feb | Mar | Apr | May | Jun | Jul | Aug | Sep | Oct | Nov | Dec 
2003: Jan | Feb | Mar | Apr | May | Jun | Jul | Aug | Sep | Oct | Nov | Dec 

Report for 2018 04
MONTHLY CLIMATOLOGICAL SUMMARY for APR. 2018 NAME: Vantage Pro Plus CITY: Sand Point STATE: MI ELEV: 598 ft LAT: 43 54' 37" N LONG: 83 23' 03" W TEMPERATURE (F), RAIN (in), WIND SPEED (mph) HEAT COOL AVG MEAN DEG DEG WIND DOM DAY TEMP HIGH TIME LOW TIME DAYS DAYS RAIN SPEED HIGH TIME DIR ------------------------------------------------------------------------------------ 1 30.7 37.0 5:00p 24.6 7:10a 34.3 0.0 0.00 9.4 29.0 1:50a NW 2 33.8 41.1 5:20p 26.4 3:10a 31.2 0.0 0.00 5.3 19.0 12:10a SW 3 35.6 38.5 12:10a 32.6 8:30p 29.4 0.0 0.25 9.1 38.0 10:30p ENE 4 30.0 33.6 12:10a 26.1 10:10a 35.0 0.0 0.13 13.0 39.0 3:20p NW 5 30.7 36.9 4:20p 23.8 7:00a 34.3 0.0 0.00 7.5 23.0 11:10p WSW 6 32.3 40.5 1:00p 26.7 12:00m 32.7 0.0 0.05 9.9 33.0 6:10p NNW 7 27.2 30.9 12:40p 23.4 3:20a 37.8 0.0 0.00 8.1 24.0 10:30p NW 8 29.1 34.1 6:00p 23.6 4:50a 35.9 0.0 0.00 5.9 20.0 1:10a NW 9 32.7 38.8 3:30p 28.7 7:10a 32.3 0.0 0.00 4.9 12.0 10:50p S 10 37.8 45.6 4:40p 31.1 7:20a 27.2 0.0 0.00 6.6 20.0 10:10p SW 11 39.2 46.2 5:30p 35.6 4:00a 25.8 0.0 0.00 7.1 22.0 4:40a SSW 12 42.7 57.7 2:50p 35.7 12:00m 22.3 0.0 0.07 8.2 23.0 7:40p SSE 13 35.8 37.0 10:20a 34.7 3:20p 29.2 0.0 0.62 9.3 29.0 7:00p ENE 14 31.1 35.9 12:10a 27.9 11:20p 33.9 0.0 0.50 18.8 48.0 11:30a ENE 15 30.1 33.5 11:50p 26.5 7:10a 34.9 0.0 0.92 9.6 38.0 2:40a E 16 33.6 37.2 12:30p 27.9 12:00m 31.4 0.0 0.10 6.4 28.0 10:40p NW 17 31.5 37.4 2:40p 27.1 8:30a 33.5 0.0 0.00 10.4 29.0 9:10a WNW 18 34.2 37.3 3:30p 31.9 7:00a 30.8 0.0 0.00 5.7 22.0 2:30a NW 19 36.9 41.0 5:00p 33.1 7:20a 28.1 0.0 0.00 8.9 31.0 7:10a NNE 20 39.6 46.0 4:50p 33.7 6:40a 25.4 0.0 0.00 5.0 15.0 1:40a N 21 43.4 51.8 7:10p 36.4 5:30a 21.6 0.0 0.00 3.3 14.0 5:30p SSW 22 45.2 57.1 6:50p 38.2 6:40a 19.8 0.0 0.00 3.8 14.0 3:20p SE 23 43.7 48.8 10:50p 38.4 5:40a 21.3 0.0 0.00 6.0 18.0 8:00p NNE 24 50.5 57.4 11:10a 42.8 12:10a 14.5 0.0 0.02 4.0 15.0 3:40p NE 25 42.3 50.6 12:10a 39.2 9:50p 22.7 0.0 0.04 6.9 22.0 5:20a N 26 45.6 55.8 6:00p 35.9 6:40a 19.4 0.0 0.00 4.9 13.0 1:00a SSW 27 44.6 49.4 3:00a 38.6 11:50p 20.4 0.0 0.04 5.6 21.0 10:40p NNE 28 39.2 42.6 6:10p 36.4 7:20a 25.8 0.0 0.00 11.9 31.0 4:30p ENE 29 41.9 51.0 6:50p 35.1 7:00a 23.1 0.0 0.00 6.3 22.0 7:50a N 30 51.0 63.4 4:50p 36.6 3:10a 14.0 0.0 0.00 4.6 11.0 9:20a SW ------------------------------------------------------------------------------------- 37.4 63.4 30 23.4 7 828.0 0.0 2.74 7.5 48.0 14 ENE Max >= 90.0: 0 Max <= 32.0: 1 Min <= 32.0: 14 Min <= 0.0: 0 Max Rain: 0.92 ON 04/15/18 Days of Rain: 11 (>.01 in) 5 (>.1 in) 0 (>1 in) Heat Base: 65.0 Cool Base: 65.0 Method: Integration