NOAA-Style Climate Reports

2018: Jan | Feb | Mar | Apr | May | Jun | Jul | Aug | Sep | Oct | Nov | Dec 
2017: Jan | Feb | Mar | Apr | May | Jun | Jul | Aug | Sep | Oct | Nov | Dec 
2016: Jan | Feb | Mar | Apr | May | Jun | Jul | Aug | Sep | Oct | Nov | Dec 
2015: Jan | Feb | Mar | Apr | May | Jun | Jul | Aug | Sep | Oct | Nov | Dec 
2014: Jan | Feb | Mar | Apr | May | Jun | Jul | Aug | Sep | Oct | Nov | Dec 
2013: Jan | Feb | Mar | Apr | May | Jun | Jul | Aug | Sep | Oct | Nov | Dec 
2012: Jan | Feb | Mar | Apr | May | Jun | Jul | Aug | Sep | Oct | Nov | Dec 
2011: Jan | Feb | Mar | Apr | May | Jun | Jul | Aug | Sep | Oct | Nov | Dec 
2010: Jan | Feb | Mar | Apr | May | Jun | Jul | Aug | Sep | Oct | Nov | Dec 
2009: Jan | Feb | Mar | Apr | May | Jun | Jul | Aug | Sep | Oct | Nov | Dec 
2008: Jan | Feb | Mar | Apr | May | Jun | Jul | Aug | Sep | Oct | Nov | Dec 
2007: Jan | Feb | Mar | Apr | May | Jun | Jul | Aug | Sep | Oct | Nov | Dec 
2006: Jan | Feb | Mar | Apr | May | Jun | Jul | Aug | Sep | Oct | Nov | Dec 
2005: Jan | Feb | Mar | Apr | May | Jun | Jul | Aug | Sep | Oct | Nov | Dec 
2004: Jan | Feb | Mar | Apr | May | Jun | Jul | Aug | Sep | Oct | Nov | Dec 
2003: Jan | Feb | Mar | Apr | May | Jun | Jul | Aug | Sep | Oct | Nov | Dec 

Report for 2018 06
MONTHLY CLIMATOLOGICAL SUMMARY for JUN. 2018 NAME: Vantage Pro Plus CITY: Sand Point STATE: MI ELEV: 598 ft LAT: 43 54' 37" N LONG: 83 23' 03" W TEMPERATURE (F), RAIN (in), WIND SPEED (mph) HEAT COOL AVG MEAN DEG DEG WIND DOM DAY TEMP HIGH TIME LOW TIME DAYS DAYS RAIN SPEED HIGH TIME DIR ------------------------------------------------------------------------------------ 1 61.7 71.1 10:30a 54.5 10:00p 4.1 0.8 0.00 6.9 31.0 5:30p NE 2 51.9 55.2 12:10a 49.0 7:40a 13.1 0.0 0.00 9.5 31.0 7:40a NE 3 62.3 70.7 5:40p 52.4 1:10a 3.6 0.9 0.04 4.0 25.0 8:30p SSE 4 62.8 71.1 3:30p 55.8 12:00m 3.7 1.5 0.01 7.6 27.0 10:50a NW 5 56.2 59.7 1:10p 51.8 7:00a 8.8 0.0 0.00 5.6 24.0 8:50p NE 6 60.2 67.8 6:40p 53.9 6:30a 5.1 0.3 0.00 4.1 21.0 1:20a NNE 7 65.0 71.4 2:10p 61.7 3:10a 1.1 1.1 0.00 5.1 17.0 4:00p ENE 8 60.8 64.3 5:40p 57.5 6:40a 4.2 0.0 0.00 5.5 18.0 4:50p NE 9 63.1 71.1 3:30p 57.5 2:00a 3.0 1.1 0.00 3.1 14.0 3:00a ENE 10 63.9 70.7 11:50a 60.1 12:00m 1.6 0.5 0.00 5.5 21.0 2:30p ENE 11 62.6 76.9 12:40p 56.9 4:30a 3.5 1.1 0.00 5.5 23.0 4:00p NE 12 67.2 72.5 11:20a 61.4 12:20a 0.7 2.9 0.00 4.3 16.0 1:10p S 13 71.7 76.9 2:20p 68.0 6:20a 0.0 6.7 0.00 5.6 29.0 3:30p SW 14 68.4 76.6 1:00p 63.2 6:40a 0.2 3.6 0.00 4.8 19.0 1:30a ENE 15 67.3 75.5 6:40p 62.0 3:20a 0.7 3.0 0.00 2.9 12.0 1:20p NNE 16 71.7 76.7 6:00p 67.8 3:00a 0.0 6.7 0.00 3.0 15.0 2:50p S 17 77.7 86.0 5:40p 69.9 5:20a 0.0 12.7 0.00 3.1 15.0 8:40p SW 18 76.3 81.6 12:20a 67.0 9:10p 0.0 11.3 0.00 5.3 23.0 9:00p W 19 64.5 68.0 10:30a 61.7 11:40p 0.9 0.4 0.00 5.3 20.0 3:10p NE 20 65.9 72.5 4:20p 58.3 8:10a 1.8 2.6 0.02 2.1 11.0 5:10p ENE 21 61.5 66.7 12:10a 59.4 8:50p 3.6 0.0 0.01 7.7 30.0 4:30p NE 22 62.1 68.7 11:10a 57.8 4:50a 3.1 0.2 0.04 6.4 23.0 4:30p NE 23 63.9 68.0 3:10p 61.2 1:40a 1.5 0.4 0.54 2.7 16.0 12:20a E 24 61.4 64.7 2:10a 56.8 11:50p 3.6 0.0 0.43 5.4 21.0 5:30p NE 25 60.9 66.4 11:10a 54.4 12:00m 4.1 0.0 0.00 5.3 20.0 3:20p NE 26 65.4 77.0 3:50p 52.4 4:30a 3.8 4.2 0.00 2.4 17.0 7:00p E 27 64.0 67.2 2:20a 62.4 1:50p 1.2 0.2 0.33 3.5 16.0 4:40p NNE 28 70.6 79.6 5:40p 63.0 4:40a 0.4 6.0 0.00 2.4 14.0 6:30p WSW 29 76.4 83.4 5:20p 70.6 6:00a 0.0 11.4 0.00 3.4 13.0 3:50p SSW 30 81.7 87.5 5:50p 76.7 6:30a 0.0 16.7 0.00 5.6 14.0 3:40a SSW ------------------------------------------------------------------------------------- 65.6 87.5 30 49.0 2 77.4 96.3 1.42 4.8 31.0 1 NE Max >= 90.0: 0 Max <= 32.0: 0 Min <= 32.0: 0 Min <= 0.0: 0 Max Rain: 0.54 ON 06/23/18 Days of Rain: 6 (>.01 in) 3 (>.1 in) 0 (>1 in) Heat Base: 65.0 Cool Base: 65.0 Method: Integration