NOAA-Style Climate Reports

2018: Jan | Feb | Mar | Apr | May | Jun | Jul | Aug | Sep | Oct | Nov | Dec 
2017: Jan | Feb | Mar | Apr | May | Jun | Jul | Aug | Sep | Oct | Nov | Dec 
2016: Jan | Feb | Mar | Apr | May | Jun | Jul | Aug | Sep | Oct | Nov | Dec 
2015: Jan | Feb | Mar | Apr | May | Jun | Jul | Aug | Sep | Oct | Nov | Dec 
2014: Jan | Feb | Mar | Apr | May | Jun | Jul | Aug | Sep | Oct | Nov | Dec 
2013: Jan | Feb | Mar | Apr | May | Jun | Jul | Aug | Sep | Oct | Nov | Dec 
2012: Jan | Feb | Mar | Apr | May | Jun | Jul | Aug | Sep | Oct | Nov | Dec 
2011: Jan | Feb | Mar | Apr | May | Jun | Jul | Aug | Sep | Oct | Nov | Dec 
2010: Jan | Feb | Mar | Apr | May | Jun | Jul | Aug | Sep | Oct | Nov | Dec 
2009: Jan | Feb | Mar | Apr | May | Jun | Jul | Aug | Sep | Oct | Nov | Dec 
2008: Jan | Feb | Mar | Apr | May | Jun | Jul | Aug | Sep | Oct | Nov | Dec 
2007: Jan | Feb | Mar | Apr | May | Jun | Jul | Aug | Sep | Oct | Nov | Dec 
2006: Jan | Feb | Mar | Apr | May | Jun | Jul | Aug | Sep | Oct | Nov | Dec 
2005: Jan | Feb | Mar | Apr | May | Jun | Jul | Aug | Sep | Oct | Nov | Dec 
2004: Jan | Feb | Mar | Apr | May | Jun | Jul | Aug | Sep | Oct | Nov | Dec 
2003: Jan | Feb | Mar | Apr | May | Jun | Jul | Aug | Sep | Oct | Nov | Dec 

Report for 2018 07
MONTHLY CLIMATOLOGICAL SUMMARY for JUL. 2018 NAME: Vantage Pro Plus CITY: Sand Point STATE: MI ELEV: 598 ft LAT: 43 54' 37" N LONG: 83 23' 03" W TEMPERATURE (F), RAIN (in), WIND SPEED (mph) HEAT COOL AVG MEAN DEG DEG WIND DOM DAY TEMP HIGH TIME LOW TIME DAYS DAYS RAIN SPEED HIGH TIME DIR ------------------------------------------------------------------------------------ 1 83.2 88.5 5:00p 78.1 7:00a 0.0 18.2 0.00 5.6 23.0 11:50p SSW 2 78.0 83.2 12:10a 73.9 9:50a 0.0 13.0 0.00 4.4 18.0 6:10a SW 3 78.5 87.3 6:50p 71.0 6:40a 0.0 13.5 0.00 2.6 12.0 12:50p S 4 81.1 87.7 5:40p 74.2 5:40a 0.0 16.1 0.00 2.6 12.0 1:20p S 5 80.1 88.0 3:10p 72.4 3:50p 0.0 15.1 0.48 3.5 30.0 3:30p WSW 6 67.5 72.9 12:10a 64.0 8:00a 0.1 2.6 0.00 9.1 31.0 5:40a NNE 7 69.5 77.7 4:30p 59.9 2:30a 0.9 5.5 0.00 1.8 14.0 3:10p SSE 8 74.1 82.2 5:30p 67.7 4:30a 0.0 9.1 0.00 4.0 13.0 5:30p SW 9 77.0 83.8 4:30p 70.0 7:00a 0.0 12.0 0.01 5.3 17.0 10:30p SW 10 74.7 79.4 4:10p 69.7 11:50p 0.0 9.7 0.00 5.0 19.0 5:30a NE 11 71.6 76.2 3:00p 66.9 7:20a 0.0 6.6 0.00 4.1 16.0 12:50p NE 12 72.9 79.5 1:20p 65.3 2:40a 0.0 7.9 0.00 2.2 12.0 10:10p SSE 13 74.5 83.3 5:30p 66.6 7:40a 0.0 9.5 0.04 5.2 27.0 6:00p SSW 14 76.1 81.2 3:10p 72.1 6:00a 0.0 11.1 0.08 1.8 11.0 11:20a WSW 15 77.6 83.0 8:00p 73.2 7:00a 0.0 12.6 0.00 3.2 13.0 3:20p NNE 16 78.7 85.4 1:50p 75.1 12:00m 0.0 13.7 0.03 3.3 20.0 10:30p SW 17 72.0 79.0 3:00p 68.6 6:30a 0.0 7.0 0.00 5.1 19.0 1:40a ENE 18 69.8 74.6 6:20p 64.7 8:10a 0.0 4.8 0.00 4.3 19.0 4:20a NNE 19 72.8 81.7 2:50p 64.2 4:10a 0.0 7.9 0.00 3.7 13.0 10:10p S 20 74.8 83.8 2:30p 67.9 7:10a 0.0 9.8 0.00 4.9 14.0 3:00p S 21 71.8 74.8 1:50p 69.2 12:00m 0.0 6.8 0.01 3.2 23.0 2:50p ESE 22 67.6 70.8 6:20p 64.2 11:00a 0.0 2.7 0.10 5.5 27.0 6:10p ENE 23 68.9 73.8 6:30p 63.8 6:50a 0.1 4.0 0.08 2.6 14.0 7:30p NE 24 72.3 79.0 5:50p 68.2 5:50a 0.0 7.3 0.01 1.1 9.0 1:20p NE 25 74.1 80.3 5:50p 68.8 6:50a 0.0 9.1 0.00 2.6 14.0 4:50a SW 26 73.6 79.5 5:30p 69.5 12:00m 0.0 8.6 0.00 5.7 21.0 9:00a W 27 68.3 74.6 1:50p 64.1 12:00m 0.1 3.4 0.55 4.3 18.0 9:20p W 28 67.2 74.9 3:20p 61.4 7:10a 0.9 3.1 0.17 3.9 19.0 2:40p NW 29 71.1 77.1 4:40p 65.3 7:20a 0.0 6.1 0.00 1.4 15.0 8:50p WSW 30 72.5 78.2 4:20p 65.3 5:40a 0.0 7.5 0.00 2.7 15.0 4:30p NE 31 71.3 75.9 3:30p 65.9 5:50a 0.0 6.3 0.00 2.4 16.0 4:20p NE ------------------------------------------------------------------------------------- 73.7 88.5 1 59.9 7 2.1 270.6 1.56 3.8 31.0 6 S Max >= 90.0: 0 Max <= 32.0: 0 Min <= 32.0: 0 Min <= 0.0: 0 Max Rain: 0.55 ON 07/27/18 Days of Rain: 8 (>.01 in) 3 (>.1 in) 0 (>1 in) Heat Base: 65.0 Cool Base: 65.0 Method: Integration