NOAA-Style Climate Reports

2019: Jan | Feb | Mar | Apr | May | Jun | Jul | Aug | Sep | Oct | Nov | Dec 
2018: Jan | Feb | Mar | Apr | May | Jun | Jul | Aug | Sep | Oct | Nov | Dec 
2017: Jan | Feb | Mar | Apr | May | Jun | Jul | Aug | Sep | Oct | Nov | Dec 
2016: Jan | Feb | Mar | Apr | May | Jun | Jul | Aug | Sep | Oct | Nov | Dec 
2015: Jan | Feb | Mar | Apr | May | Jun | Jul | Aug | Sep | Oct | Nov | Dec 
2014: Jan | Feb | Mar | Apr | May | Jun | Jul | Aug | Sep | Oct | Nov | Dec 
2013: Jan | Feb | Mar | Apr | May | Jun | Jul | Aug | Sep | Oct | Nov | Dec 
2012: Jan | Feb | Mar | Apr | May | Jun | Jul | Aug | Sep | Oct | Nov | Dec 
2011: Jan | Feb | Mar | Apr | May | Jun | Jul | Aug | Sep | Oct | Nov | Dec 
2010: Jan | Feb | Mar | Apr | May | Jun | Jul | Aug | Sep | Oct | Nov | Dec 
2009: Jan | Feb | Mar | Apr | May | Jun | Jul | Aug | Sep | Oct | Nov | Dec 
2008: Jan | Feb | Mar | Apr | May | Jun | Jul | Aug | Sep | Oct | Nov | Dec 
2007: Jan | Feb | Mar | Apr | May | Jun | Jul | Aug | Sep | Oct | Nov | Dec 
2006: Jan | Feb | Mar | Apr | May | Jun | Jul | Aug | Sep | Oct | Nov | Dec 
2005: Jan | Feb | Mar | Apr | May | Jun | Jul | Aug | Sep | Oct | Nov | Dec 
2004: Jan | Feb | Mar | Apr | May | Jun | Jul | Aug | Sep | Oct | Nov | Dec 
2003: Jan | Feb | Mar | Apr | May | Jun | Jul | Aug | Sep | Oct | Nov | Dec 

Report for 2019 03
MONTHLY CLIMATOLOGICAL SUMMARY for MAR. 2019 NAME: Vantage Pro Plus CITY: Sand Point STATE: MI ELEV: 598 ft LAT: 43 54' 37" N LONG: 83 23' 03" W TEMPERATURE (F), RAIN (in), WIND SPEED (mph) HEAT COOL AVG MEAN DEG DEG WIND DOM DAY TEMP HIGH TIME LOW TIME DAYS DAYS RAIN SPEED HIGH TIME DIR ------------------------------------------------------------------------------------ 1 20.2 28.4 3:30p 7.4 5:40a 44.8 0.0 0.00 2.3 10.0 1:30p S 2 23.9 30.6 3:50p 4.9 12:00m 41.1 0.0 0.01 1.9 14.0 8:20p N 3 12.3 23.3 2:30p 1.3 1:40a 52.7 0.0 0.00 3.2 17.0 9:30p N 4 4.5 14.3 2:50p -8.3 2:40a 60.5 0.0 0.00 6.7 26.0 1:30p WSW 5 11.4 17.7 2:30p 5.5 12:10a 53.6 0.0 0.00 8.9 23.0 2:50p W 6 11.2 19.5 3:00p 1.4 5:20a 53.9 0.0 0.00 7.0 24.0 1:10a SW 7 13.2 20.1 4:00p 6.3 4:00a 51.8 0.0 0.00 4.2 15.0 9:20a SSW 8 16.9 28.5 4:20p 6.8 7:20a 48.1 0.0 0.00 3.3 10.0 10:00a SW 9 26.6 34.4 1:00p 12.0 5:40a 38.4 0.0 0.01 5.7 33.0 9:30p SE 10 35.0 38.6 6:20a 32.6 12:10a 28.8 0.0 0.00 14.7 39.0 5:00p W 11 31.5 36.0 4:10p 27.1 12:00m 33.5 0.0 0.00 9.7 30.0 1:40a W 12 29.4 36.4 5:30p 22.7 8:20a 35.6 0.0 0.00 5.3 14.0 2:50p SW 13 36.0 40.3 8:20p 32.2 12:40a 29.0 0.0 0.01 7.4 23.0 11:10a S 14 42.0 46.6 3:50p 37.1 12:50a 23.0 0.0 0.15 13.7 28.0 4:00p S 15 35.6 38.4 12:10a 31.2 12:00m 29.4 0.0 0.00 11.5 26.0 5:10a SW 16 29.4 33.0 11:50a 24.9 12:00m 35.6 0.0 0.00 8.1 25.0 1:20a NW 17 28.6 35.4 4:20p 22.6 5:30a 36.4 0.0 0.00 4.5 13.0 1:00p WSW 18 32.6 37.6 4:50p 27.8 8:00a 32.4 0.0 0.00 3.8 13.0 10:50p SW 19 33.9 41.0 2:50p 28.2 7:20a 31.1 0.0 0.00 5.0 15.0 11:40p SSW 20 35.7 42.5 2:30p 31.4 4:50a 29.3 0.0 0.08 9.2 20.0 9:40a SSW 21 36.2 38.3 2:00p 34.6 8:20a 28.8 0.0 0.00 4.3 16.0 11:50p N 22 35.0 38.6 4:30p 29.6 12:00m 30.0 0.0 0.00 10.1 29.0 1:20p N 23 31.7 38.5 5:40p 24.6 7:30a 33.3 0.0 0.00 7.3 21.0 1:00a SW 24 35.6 45.9 4:30p 31.6 8:40p 29.4 0.0 0.00 8.7 28.0 5:50p SW 25 31.7 35.7 2:00p 27.8 11:00p 33.3 0.0 0.00 7.2 23.0 8:00a ENE 26 33.0 38.6 5:50p 27.4 7:30a 32.0 0.0 0.00 6.7 21.0 1:50a NNE 27 39.3 47.1 5:00p 32.7 7:50a 25.7 0.0 0.00 9.8 20.0 9:30p SSW 28 44.4 53.5 4:50p 38.8 12:00m 20.6 0.0 0.00 7.9 20.0 4:30a SSW 29 38.4 43.7 6:30p 32.3 6:30a 26.6 0.0 0.00 5.9 17.0 3:40p ENE 30 35.0 38.4 1:50a 29.3 12:00m 30.0 0.0 0.34 8.8 29.0 12:00m NNE 31 28.2 35.7 3:40p 23.1 9:30a 36.8 0.0 0.00 10.3 28.0 12:20a NNW ------------------------------------------------------------------------------------- 29.0 53.5 28 -8.3 4 1115.5 0.0 0.60 7.2 39.0 10 SW Max >= 90.0: 0 Max <= 32.0: 8 Min <= 32.0: 24 Min <= 0.0: 1 Max Rain: 0.34 ON 03/30/19 Days of Rain: 3 (>.01 in) 2 (>.1 in) 0 (>1 in) Heat Base: 65.0 Cool Base: 65.0 Method: Integration