NOAA-Style Climate Reports

2019: Jan | Feb | Mar | Apr | May | Jun | Jul | Aug | Sep | Oct | Nov | Dec 
2018: Jan | Feb | Mar | Apr | May | Jun | Jul | Aug | Sep | Oct | Nov | Dec 
2017: Jan | Feb | Mar | Apr | May | Jun | Jul | Aug | Sep | Oct | Nov | Dec 
2016: Jan | Feb | Mar | Apr | May | Jun | Jul | Aug | Sep | Oct | Nov | Dec 
2015: Jan | Feb | Mar | Apr | May | Jun | Jul | Aug | Sep | Oct | Nov | Dec 
2014: Jan | Feb | Mar | Apr | May | Jun | Jul | Aug | Sep | Oct | Nov | Dec 
2013: Jan | Feb | Mar | Apr | May | Jun | Jul | Aug | Sep | Oct | Nov | Dec 
2012: Jan | Feb | Mar | Apr | May | Jun | Jul | Aug | Sep | Oct | Nov | Dec 
2011: Jan | Feb | Mar | Apr | May | Jun | Jul | Aug | Sep | Oct | Nov | Dec 
2010: Jan | Feb | Mar | Apr | May | Jun | Jul | Aug | Sep | Oct | Nov | Dec 
2009: Jan | Feb | Mar | Apr | May | Jun | Jul | Aug | Sep | Oct | Nov | Dec 
2008: Jan | Feb | Mar | Apr | May | Jun | Jul | Aug | Sep | Oct | Nov | Dec 
2007: Jan | Feb | Mar | Apr | May | Jun | Jul | Aug | Sep | Oct | Nov | Dec 
2006: Jan | Feb | Mar | Apr | May | Jun | Jul | Aug | Sep | Oct | Nov | Dec 
2005: Jan | Feb | Mar | Apr | May | Jun | Jul | Aug | Sep | Oct | Nov | Dec 
2004: Jan | Feb | Mar | Apr | May | Jun | Jul | Aug | Sep | Oct | Nov | Dec 
2003: Jan | Feb | Mar | Apr | May | Jun | Jul | Aug | Sep | Oct | Nov | Dec 

Report for 2019 04
MONTHLY CLIMATOLOGICAL SUMMARY for APR. 2019 NAME: Vantage Pro Plus CITY: Sand Point STATE: MI ELEV: 598 ft LAT: 43 54' 37" N LONG: 83 23' 03" W TEMPERATURE (F), RAIN (in), WIND SPEED (mph) HEAT COOL AVG MEAN DEG DEG WIND DOM DAY TEMP HIGH TIME LOW TIME DAYS DAYS RAIN SPEED HIGH TIME DIR ------------------------------------------------------------------------------------ 1 34.1 42.6 5:20p 26.0 6:40a 30.9 0.0 0.00 6.9 21.0 11:50p SSW 2 42.6 51.0 3:30p 37.8 6:20a 22.4 0.0 0.00 12.4 27.0 9:00p SSW 3 40.4 47.2 3:50p 35.7 7:40a 24.6 0.0 0.00 10.4 36.0 9:10a WNW 4 34.9 41.1 5:30p 29.4 6:30a 30.1 0.0 0.00 6.5 25.0 1:50a ESE 5 36.0 41.1 10:20p 31.9 10:00a 29.0 0.0 0.11 2.7 14.0 8:10a E 6 46.3 57.2 2:50p 37.5 7:20a 18.7 0.0 0.00 3.4 13.0 7:10p NE 7 53.3 61.1 2:40p 46.2 6:50a 11.7 0.0 0.00 6.8 17.0 10:10p S 8 53.0 59.4 7:30p 47.8 7:30a 12.0 0.0 0.01 6.9 26.0 7:30a W 9 46.9 53.4 1:50p 40.5 12:00m 18.1 0.0 0.00 7.9 32.0 6:00a NW 10 36.7 41.3 2:10p 33.8 9:50p 28.3 0.0 0.00 9.4 26.0 3:20a NE 11 34.1 35.9 8:10p 30.8 9:00a 30.9 0.0 0.06 10.7 31.0 2:40p E 12 43.7 53.5 3:10p 35.3 12:10a 21.3 0.0 0.38 9.7 30.0 9:50p SW 13 43.2 49.8 5:00p 38.9 7:20a 21.8 0.0 0.00 12.9 36.0 7:00a WSW 14 35.6 40.1 12:40a 33.3 2:40p 29.4 0.0 0.38 12.8 44.0 5:30p NE 15 41.5 50.4 3:40p 34.8 12:10a 23.5 0.0 0.10 10.5 38.0 4:20a N 16 41.7 43.3 12:10a 39.8 12:00m 23.3 0.0 0.11 3.9 15.0 1:20p SSE 17 44.3 56.3 2:40p 34.8 7:20a 20.7 0.0 0.18 6.3 25.0 9:40p SE 18 51.3 57.3 1:00p 42.4 12:00m 13.7 0.0 0.54 9.6 26.0 3:20a SSW 19 39.7 42.6 12:30a 37.9 9:10a 25.3 0.0 0.09 16.0 36.0 5:10p NNE 20 41.5 45.1 8:00p 38.2 7:10a 23.5 0.0 0.00 12.3 36.0 12:10p NE 21 48.9 62.3 7:00p 40.5 1:40a 16.1 0.0 0.00 4.3 13.0 12:00p WSW 22 56.0 66.6 4:30p 48.2 7:30a 9.1 0.0 0.00 8.2 19.0 4:00p S 23 51.5 57.2 12:10a 45.1 12:00m 13.5 0.0 0.11 10.4 28.0 11:30a S 24 47.4 56.4 5:50p 39.3 7:10a 17.6 0.0 0.00 6.1 19.0 12:30a S 25 53.8 65.1 3:20p 45.4 6:50a 11.2 0.0 0.00 6.3 16.0 12:30a S 26 48.6 59.0 4:30p 39.0 12:00m 16.4 0.0 0.10 11.4 46.0 10:20p N 27 41.7 49.0 6:20p 35.1 7:30a 23.3 0.0 0.00 9.5 38.0 1:30a NW 28 41.9 48.4 5:50p 36.2 7:10a 23.1 0.0 0.00 8.1 24.0 4:30a NNE 29 39.2 43.1 12:20p 36.7 6:40a 25.8 0.0 0.11 6.7 22.0 12:40p SSE 30 39.9 45.2 12:40p 37.6 5:50a 25.1 0.0 0.16 7.5 23.0 5:20p ENE ------------------------------------------------------------------------------------- 43.7 66.6 22 26.0 1 640.4 0.0 2.44 8.6 46.0 26 S Max >= 90.0: 0 Max <= 32.0: 0 Min <= 32.0: 4 Min <= 0.0: 0 Max Rain: 0.54 ON 04/18/19 Days of Rain: 13 (>.01 in) 9 (>.1 in) 0 (>1 in) Heat Base: 65.0 Cool Base: 65.0 Method: Integration