NOAA-Style Climate Reports

2019: Jan | Feb | Mar | Apr | May | Jun | Jul | Aug | Sep | Oct | Nov | Dec 
2018: Jan | Feb | Mar | Apr | May | Jun | Jul | Aug | Sep | Oct | Nov | Dec 
2017: Jan | Feb | Mar | Apr | May | Jun | Jul | Aug | Sep | Oct | Nov | Dec 
2016: Jan | Feb | Mar | Apr | May | Jun | Jul | Aug | Sep | Oct | Nov | Dec 
2015: Jan | Feb | Mar | Apr | May | Jun | Jul | Aug | Sep | Oct | Nov | Dec 
2014: Jan | Feb | Mar | Apr | May | Jun | Jul | Aug | Sep | Oct | Nov | Dec 
2013: Jan | Feb | Mar | Apr | May | Jun | Jul | Aug | Sep | Oct | Nov | Dec 
2012: Jan | Feb | Mar | Apr | May | Jun | Jul | Aug | Sep | Oct | Nov | Dec 
2011: Jan | Feb | Mar | Apr | May | Jun | Jul | Aug | Sep | Oct | Nov | Dec 
2010: Jan | Feb | Mar | Apr | May | Jun | Jul | Aug | Sep | Oct | Nov | Dec 
2009: Jan | Feb | Mar | Apr | May | Jun | Jul | Aug | Sep | Oct | Nov | Dec 
2008: Jan | Feb | Mar | Apr | May | Jun | Jul | Aug | Sep | Oct | Nov | Dec 
2007: Jan | Feb | Mar | Apr | May | Jun | Jul | Aug | Sep | Oct | Nov | Dec 
2006: Jan | Feb | Mar | Apr | May | Jun | Jul | Aug | Sep | Oct | Nov | Dec 
2005: Jan | Feb | Mar | Apr | May | Jun | Jul | Aug | Sep | Oct | Nov | Dec 
2004: Jan | Feb | Mar | Apr | May | Jun | Jul | Aug | Sep | Oct | Nov | Dec 
2003: Jan | Feb | Mar | Apr | May | Jun | Jul | Aug | Sep | Oct | Nov | Dec 

Report for 2019 05
MONTHLY CLIMATOLOGICAL SUMMARY for MAY. 2019 NAME: Vantage Pro Plus CITY: Sand Point STATE: MI ELEV: 598 ft LAT: 43 54' 37" N LONG: 83 23' 03" W TEMPERATURE (F), RAIN (in), WIND SPEED (mph) HEAT COOL AVG MEAN DEG DEG WIND DOM DAY TEMP HIGH TIME LOW TIME DAYS DAYS RAIN SPEED HIGH TIME DIR ------------------------------------------------------------------------------------ 1 43.4 50.8 2:10p 37.7 11:10p 21.6 0.0 0.57 8.3 25.0 5:50a N 2 40.2 44.5 6:30p 37.3 1:20a 24.8 0.0 0.15 6.6 23.0 1:00a NE 3 41.4 46.5 3:10p 38.2 4:30a 23.6 0.0 0.09 9.2 25.0 11:10a ENE 4 47.6 55.0 2:00p 40.0 7:20a 17.4 0.0 0.00 4.4 16.0 5:40p NE 5 54.8 64.0 3:10p 45.8 6:40a 10.2 0.0 0.00 4.7 16.0 11:20p S 6 49.8 59.7 12:10a 45.4 12:00m 15.2 0.0 0.06 6.4 19.0 2:10p ENE 7 44.5 50.4 4:10p 41.0 6:30a 20.5 0.0 0.00 7.6 22.0 2:30a NNE 8 48.8 59.8 2:50p 40.1 6:40a 16.2 0.0 0.00 8.6 32.0 11:30p ENE 9 53.8 61.6 6:50p 45.1 8:30a 11.2 0.0 0.31 9.2 29.0 12:40a SSE 10 49.6 55.5 3:40p 43.3 10:00a 15.4 0.0 0.01 6.7 24.0 12:40p NW 11 46.3 51.8 1:20p 42.8 6:40a 18.7 0.0 0.00 5.3 18.0 1:20p ENE 12 45.9 49.2 12:30p 42.6 3:00a 19.1 0.0 0.00 8.0 23.0 1:50p ENE 13 45.6 49.5 6:10p 42.8 9:20a 19.4 0.0 0.00 9.3 25.0 3:50p NNE 14 54.0 65.5 6:50p 44.7 6:40a 11.0 0.0 0.00 3.3 15.0 8:40a NW 15 56.5 65.8 5:00p 52.8 6:20a 8.5 0.0 0.00 4.5 20.0 7:00p SW 16 58.3 68.8 3:50p 47.7 7:00a 7.1 0.4 0.00 5.7 18.0 7:00p NNE 17 52.4 57.9 3:50p 47.6 8:40a 12.6 0.0 0.02 6.3 21.0 9:10a ENE 18 53.7 67.1 6:30p 46.0 1:50a 11.3 0.0 0.00 4.6 16.0 7:20p SSE 19 52.3 63.0 8:10p 44.3 6:50a 12.7 0.0 0.52 10.1 26.0 8:10p NNE 20 52.5 61.9 12:10a 48.8 7:40a 12.5 0.0 0.00 9.2 31.0 7:30a W 21 52.3 57.9 6:40p 45.2 5:50a 12.7 0.0 0.00 5.1 20.0 12:50p N 22 56.5 62.6 6:00p 51.0 3:00a 8.5 0.0 0.05 7.7 26.0 12:10p S 23 63.9 71.7 4:40p 59.3 12:40a 2.1 1.0 0.10 7.9 29.0 5:50p NW 24 57.3 61.4 6:00p 52.9 6:50a 7.7 0.0 0.00 4.3 16.0 6:10a NNE 25 64.2 72.9 2:00p 57.0 1:30a 2.3 1.6 0.59 9.3 23.0 4:20a S 26 61.9 66.9 12:40a 57.5 12:00m 3.3 0.1 0.00 3.6 22.0 2:00a ENE 27 54.8 57.6 12:10a 52.3 10:30p 10.2 0.0 0.15 6.2 25.0 11:50a NE 28 50.9 54.7 10:10a 48.8 10:10p 14.1 0.0 0.27 7.3 23.0 6:10a NE 29 56.0 64.1 8:40p 49.7 12:10a 9.1 0.0 0.00 3.9 17.0 5:50a NE 30 62.3 66.8 5:00p 55.9 11:50p 2.9 0.2 0.00 4.7 18.0 6:40p SW 31 61.8 73.2 6:00p 51.9 7:00a 4.9 1.7 0.00 3.7 25.0 11:40p SW ------------------------------------------------------------------------------------- 52.7 73.2 31 37.3 2 386.8 5.0 2.89 6.5 32.0 8 ENE Max >= 90.0: 0 Max <= 32.0: 0 Min <= 32.0: 0 Min <= 0.0: 0 Max Rain: 0.59 ON 05/25/19 Days of Rain: 12 (>.01 in) 7 (>.1 in) 0 (>1 in) Heat Base: 65.0 Cool Base: 65.0 Method: Integration