NOAA-Style Climate Reports

2019: Jan | Feb | Mar | Apr | May | Jun | Jul | Aug | Sep | Oct | Nov | Dec 
2018: Jan | Feb | Mar | Apr | May | Jun | Jul | Aug | Sep | Oct | Nov | Dec 
2017: Jan | Feb | Mar | Apr | May | Jun | Jul | Aug | Sep | Oct | Nov | Dec 
2016: Jan | Feb | Mar | Apr | May | Jun | Jul | Aug | Sep | Oct | Nov | Dec 
2015: Jan | Feb | Mar | Apr | May | Jun | Jul | Aug | Sep | Oct | Nov | Dec 
2014: Jan | Feb | Mar | Apr | May | Jun | Jul | Aug | Sep | Oct | Nov | Dec 
2013: Jan | Feb | Mar | Apr | May | Jun | Jul | Aug | Sep | Oct | Nov | Dec 
2012: Jan | Feb | Mar | Apr | May | Jun | Jul | Aug | Sep | Oct | Nov | Dec 
2011: Jan | Feb | Mar | Apr | May | Jun | Jul | Aug | Sep | Oct | Nov | Dec 
2010: Jan | Feb | Mar | Apr | May | Jun | Jul | Aug | Sep | Oct | Nov | Dec 
2009: Jan | Feb | Mar | Apr | May | Jun | Jul | Aug | Sep | Oct | Nov | Dec 
2008: Jan | Feb | Mar | Apr | May | Jun | Jul | Aug | Sep | Oct | Nov | Dec 
2007: Jan | Feb | Mar | Apr | May | Jun | Jul | Aug | Sep | Oct | Nov | Dec 
2006: Jan | Feb | Mar | Apr | May | Jun | Jul | Aug | Sep | Oct | Nov | Dec 
2005: Jan | Feb | Mar | Apr | May | Jun | Jul | Aug | Sep | Oct | Nov | Dec 
2004: Jan | Feb | Mar | Apr | May | Jun | Jul | Aug | Sep | Oct | Nov | Dec 
2003: Jan | Feb | Mar | Apr | May | Jun | Jul | Aug | Sep | Oct | Nov | Dec 

Report for 2019 06
MONTHLY CLIMATOLOGICAL SUMMARY for JUN. 2019 NAME: Vantage Pro Plus CITY: Sand Point STATE: MI ELEV: 598 ft LAT: 43 54' 37" N LONG: 83 23' 03" W TEMPERATURE (F), RAIN (in), WIND SPEED (mph) HEAT COOL AVG MEAN DEG DEG WIND DOM DAY TEMP HIGH TIME LOW TIME DAYS DAYS RAIN SPEED HIGH TIME DIR ------------------------------------------------------------------------------------ 1 52.9 68.0 12:10a 50.1 2:40a 12.2 0.1 0.12 5.8 19.0 12:10a NE 2 55.7 66.3 2:30p 51.2 12:00m 9.4 0.0 0.01 5.5 26.0 10:40p NE 3 54.4 62.3 6:10p 46.6 5:50a 10.6 0.0 0.00 5.4 24.0 3:30a SSW 4 62.1 71.2 3:50p 53.8 4:40a 4.2 1.3 0.00 5.0 25.0 4:40p SSW 5 59.3 65.2 1:30a 50.3 8:30p 5.7 0.0 0.63 5.5 27.0 6:30p NE 6 59.7 68.3 8:40p 52.1 12:10a 5.8 0.5 0.00 2.2 14.0 12:10a NNE 7 62.7 67.4 7:50p 56.8 6:40a 2.8 0.5 0.00 3.9 16.0 1:00p NE 8 65.9 78.0 5:30p 57.3 3:00a 2.2 3.1 0.00 3.8 17.0 3:20p NE 9 67.3 72.2 1:10p 62.9 5:30a 0.3 2.5 0.20 3.0 16.0 4:30a S 10 64.2 67.8 5:40a 59.2 1:40p 1.7 0.9 1.17 8.0 35.0 5:30p NW 11 63.7 71.1 4:50p 57.3 6:40a 2.8 1.5 0.00 4.2 17.0 3:00a S 12 67.1 74.4 2:30p 58.8 12:00m 0.9 3.1 0.00 8.0 23.0 11:40p S 13 55.6 58.8 12:10a 53.7 6:30a 9.4 0.0 0.36 8.0 27.0 12:20a NE 14 61.0 66.7 1:30p 54.1 4:10a 4.2 0.2 0.00 7.7 24.0 12:40a SW 15 61.0 66.9 2:10a 54.2 3:50p 4.2 0.2 0.00 6.5 24.0 3:50a SSW 16 55.6 61.1 1:30p 53.2 6:40a 9.4 0.0 0.00 6.1 19.0 10:50a NE 17 58.4 65.1 4:30p 54.4 2:50a 6.6 0.0 0.05 3.5 15.0 2:10a NE 18 63.3 72.5 6:00p 53.9 6:50a 3.8 2.2 0.00 1.3 10.0 12:40p SE 19 60.9 66.0 12:10a 55.9 10:30p 4.1 0.0 0.01 4.3 19.0 10:40p NE 20 57.2 63.3 7:20p 53.9 1:40p 7.8 0.0 0.45 7.4 25.0 3:50p NE 21 60.5 64.5 3:40p 56.3 12:00m 4.5 0.0 0.00 5.1 16.0 5:20a NE 22 59.6 64.0 5:50p 54.5 6:20a 5.4 0.0 0.00 3.9 15.0 4:20p NE 23 64.0 70.6 9:30p 56.2 6:40a 2.4 1.4 0.00 3.3 16.0 6:10p NE 24 68.7 75.2 2:30p 62.5 8:00a 0.3 4.0 0.37 4.3 20.0 6:40p S 25 69.3 75.4 6:30p 63.8 7:40a 0.2 4.4 0.00 8.0 28.0 7:50p SSW 26 71.7 77.2 5:00p 67.0 7:00a 0.0 6.7 0.00 5.0 16.0 2:40a SSW 27 74.5 80.7 5:20p 68.1 6:40a 0.0 9.5 0.00 2.2 12.0 12:20a SW 28 73.1 76.0 3:40p 67.6 10:30a 0.0 8.1 0.27 2.1 11.0 12:50p S 29 73.0 79.1 6:20p 66.4 8:50a 0.0 8.0 0.00 2.2 14.0 8:40a NE 30 68.0 74.0 12:10a 65.2 11:30p 0.0 3.0 0.00 6.1 22.0 4:10a NE ------------------------------------------------------------------------------------- 63.0 80.7 27 46.6 3 120.9 61.2 3.64 4.9 35.0 10 NE Max >= 90.0: 0 Max <= 32.0: 0 Min <= 32.0: 0 Min <= 0.0: 0 Max Rain: 1.17 ON 06/10/19 Days of Rain: 9 (>.01 in) 8 (>.1 in) 1 (>1 in) Heat Base: 65.0 Cool Base: 65.0 Method: Integration