NOAA-Style Climate Reports

2019: Jan | Feb | Mar | Apr | May | Jun | Jul | Aug | Sep | Oct | Nov | Dec 
2018: Jan | Feb | Mar | Apr | May | Jun | Jul | Aug | Sep | Oct | Nov | Dec 
2017: Jan | Feb | Mar | Apr | May | Jun | Jul | Aug | Sep | Oct | Nov | Dec 
2016: Jan | Feb | Mar | Apr | May | Jun | Jul | Aug | Sep | Oct | Nov | Dec 
2015: Jan | Feb | Mar | Apr | May | Jun | Jul | Aug | Sep | Oct | Nov | Dec 
2014: Jan | Feb | Mar | Apr | May | Jun | Jul | Aug | Sep | Oct | Nov | Dec 
2013: Jan | Feb | Mar | Apr | May | Jun | Jul | Aug | Sep | Oct | Nov | Dec 
2012: Jan | Feb | Mar | Apr | May | Jun | Jul | Aug | Sep | Oct | Nov | Dec 
2011: Jan | Feb | Mar | Apr | May | Jun | Jul | Aug | Sep | Oct | Nov | Dec 
2010: Jan | Feb | Mar | Apr | May | Jun | Jul | Aug | Sep | Oct | Nov | Dec 
2009: Jan | Feb | Mar | Apr | May | Jun | Jul | Aug | Sep | Oct | Nov | Dec 
2008: Jan | Feb | Mar | Apr | May | Jun | Jul | Aug | Sep | Oct | Nov | Dec 
2007: Jan | Feb | Mar | Apr | May | Jun | Jul | Aug | Sep | Oct | Nov | Dec 
2006: Jan | Feb | Mar | Apr | May | Jun | Jul | Aug | Sep | Oct | Nov | Dec 
2005: Jan | Feb | Mar | Apr | May | Jun | Jul | Aug | Sep | Oct | Nov | Dec 
2004: Jan | Feb | Mar | Apr | May | Jun | Jul | Aug | Sep | Oct | Nov | Dec 
2003: Jan | Feb | Mar | Apr | May | Jun | Jul | Aug | Sep | Oct | Nov | Dec 

Report for 2019 07
MONTHLY CLIMATOLOGICAL SUMMARY for JUL. 2019 NAME: Vantage Pro Plus CITY: Sand Point STATE: MI ELEV: 598 ft LAT: 43 54' 37" N LONG: 83 23' 03" W TEMPERATURE (F), RAIN (in), WIND SPEED (mph) HEAT COOL AVG MEAN DEG DEG WIND DOM DAY TEMP HIGH TIME LOW TIME DAYS DAYS RAIN SPEED HIGH TIME DIR ------------------------------------------------------------------------------------ 1 72.4 81.0 5:40p 63.3 4:10a 0.3 7.7 0.00 3.0 19.0 11:40p S 2 72.6 77.4 6:20p 69.5 1:10a 0.0 7.6 0.06 2.8 20.0 10:20a W 3 72.8 78.3 4:30p 69.1 6:50a 0.0 7.8 0.01 3.4 15.0 12:10p NE 4 72.8 78.6 3:30p 62.9 6:40a 0.1 7.9 0.00 2.9 14.0 4:40p NE 5 78.5 85.2 1:50p 74.9 6:40a 0.0 13.5 0.23 2.9 22.0 3:10p S 6 71.0 75.9 12:10a 67.6 9:00p 0.0 6.0 0.05 7.0 28.0 4:30p NE 7 67.2 72.6 11:10a 64.5 10:20p 0.0 2.3 0.00 7.2 21.0 4:40a NE 8 66.5 70.5 3:00p 62.5 3:00a 0.5 2.1 0.00 4.0 14.0 1:30a NE 9 68.9 73.9 7:10p 62.7 4:40a 0.2 4.1 0.00 3.0 13.0 3:40p S 10 75.3 82.6 5:20p 66.8 6:00a 0.0 10.3 0.00 4.2 11.0 3:00a S 11 72.9 80.4 12:10a 64.1 12:00m 0.0 7.8 0.00 5.7 22.0 4:40p NW 12 69.0 75.6 8:30p 63.1 1:40a 0.5 4.5 0.00 4.2 15.0 3:00a SSW 13 74.7 84.5 4:50p 69.1 11:00p 0.0 9.7 0.00 4.7 19.0 6:00p WSW 14 71.2 78.0 5:00p 65.0 6:40a 0.0 6.2 0.00 3.7 20.0 12:30a NNE 15 73.1 81.8 1:00p 67.7 7:20a 0.0 8.1 0.32 4.8 30.0 1:50p S 16 77.7 81.1 5:50p 74.9 7:50a 0.0 12.7 0.00 5.5 17.0 9:20a SSW 17 72.7 77.1 12:10a 69.2 10:50p 0.0 7.7 0.00 5.4 18.0 4:00a NE 18 76.6 83.6 1:50p 66.8 3:00a 0.0 11.6 0.00 3.9 14.0 2:50p SSW 19 81.0 86.1 3:40p 77.5 10:20a 0.0 16.0 0.30 4.5 14.0 12:20a SSW 20 78.5 90.1 5:40a 72.1 12:00m 0.0 13.5 0.39 5.1 39.0 5:10a SSW 21 74.2 80.0 5:00p 70.1 11:20p 0.0 9.2 0.00 3.2 17.0 7:20p N 22 68.9 72.5 3:50p 63.1 8:00a 0.1 4.0 0.00 6.7 25.0 1:10p NE 23 66.2 72.9 1:40p 61.9 10:10p 0.7 1.9 0.24 3.8 22.0 1:00a NNW 24 69.0 75.5 5:50p 62.6 6:00a 0.5 4.5 0.00 3.6 16.0 3:20a NNE 25 73.5 79.1 6:40p 67.7 7:30a 0.0 8.5 0.00 2.0 12.0 3:10a WSW 26 76.0 81.2 3:20p 70.4 7:40a 0.0 11.0 0.00 3.8 13.0 2:00a SSW 27 77.7 82.3 5:10p 73.6 3:50a 0.0 12.7 0.00 8.4 19.0 1:30p SSW 28 78.3 85.7 5:00p 72.7 7:10a 0.0 13.3 0.00 4.1 20.0 1:50a WSW 29 77.0 81.2 11:50a 73.6 11:40p 0.0 12.0 0.01 7.9 24.0 3:40p SSW 30 71.8 78.9 4:20p 65.6 11:30p 0.0 6.8 0.00 3.5 18.0 7:20p NNE 31 66.3 72.3 5:00p 61.1 7:20a 0.8 2.2 0.00 5.1 19.0 3:30a NNE ------------------------------------------------------------------------------------- 73.0 90.1 20 61.1 31 3.7 253.2 1.61 4.5 39.0 20 SSW Max >= 90.0: 1 Max <= 32.0: 0 Min <= 32.0: 0 Min <= 0.0: 0 Max Rain: 0.39 ON 07/20/19 Days of Rain: 7 (>.01 in) 5 (>.1 in) 0 (>1 in) Heat Base: 65.0 Cool Base: 65.0 Method: Integration