NOAA-Style Climate Reports

2019: Jan | Feb | Mar | Apr | May | Jun | Jul | Aug | Sep | Oct | Nov | Dec 
2018: Jan | Feb | Mar | Apr | May | Jun | Jul | Aug | Sep | Oct | Nov | Dec 
2017: Jan | Feb | Mar | Apr | May | Jun | Jul | Aug | Sep | Oct | Nov | Dec 
2016: Jan | Feb | Mar | Apr | May | Jun | Jul | Aug | Sep | Oct | Nov | Dec 
2015: Jan | Feb | Mar | Apr | May | Jun | Jul | Aug | Sep | Oct | Nov | Dec 
2014: Jan | Feb | Mar | Apr | May | Jun | Jul | Aug | Sep | Oct | Nov | Dec 
2013: Jan | Feb | Mar | Apr | May | Jun | Jul | Aug | Sep | Oct | Nov | Dec 
2012: Jan | Feb | Mar | Apr | May | Jun | Jul | Aug | Sep | Oct | Nov | Dec 
2011: Jan | Feb | Mar | Apr | May | Jun | Jul | Aug | Sep | Oct | Nov | Dec 
2010: Jan | Feb | Mar | Apr | May | Jun | Jul | Aug | Sep | Oct | Nov | Dec 
2009: Jan | Feb | Mar | Apr | May | Jun | Jul | Aug | Sep | Oct | Nov | Dec 
2008: Jan | Feb | Mar | Apr | May | Jun | Jul | Aug | Sep | Oct | Nov | Dec 
2007: Jan | Feb | Mar | Apr | May | Jun | Jul | Aug | Sep | Oct | Nov | Dec 
2006: Jan | Feb | Mar | Apr | May | Jun | Jul | Aug | Sep | Oct | Nov | Dec 
2005: Jan | Feb | Mar | Apr | May | Jun | Jul | Aug | Sep | Oct | Nov | Dec 
2004: Jan | Feb | Mar | Apr | May | Jun | Jul | Aug | Sep | Oct | Nov | Dec 
2003: Jan | Feb | Mar | Apr | May | Jun | Jul | Aug | Sep | Oct | Nov | Dec 

Report for 2019 08
MONTHLY CLIMATOLOGICAL SUMMARY for AUG. 2019 NAME: Vantage Pro Plus CITY: Sand Point STATE: MI ELEV: 598 ft LAT: 43 54' 37" N LONG: 83 23' 03" W TEMPERATURE (F), RAIN (in), WIND SPEED (mph) HEAT COOL AVG MEAN DEG DEG WIND DOM DAY TEMP HIGH TIME LOW TIME DAYS DAYS RAIN SPEED HIGH TIME DIR ------------------------------------------------------------------------------------ 1 68.2 76.0 5:20p 60.6 5:30a 1.2 4.4 0.00 2.4 12.0 1:50p NE 2 72.1 79.9 5:10p 65.3 12:20a 0.0 7.1 0.00 2.0 8.0 9:40a WSW 3 73.9 82.4 4:00p 69.3 12:00m 0.0 8.9 0.77 2.6 25.0 7:30p WSW 4 72.5 78.7 6:40p 67.4 6:20a 0.0 7.5 0.00 2.5 16.0 4:30p E 5 74.9 82.1 5:10p 68.2 6:10a 0.0 9.9 0.00 3.8 17.0 12:00m S 6 72.6 78.2 12:10a 68.4 7:30a 0.0 7.6 0.10 2.8 21.0 1:30a WNW 7 74.8 80.7 5:30p 68.0 6:10a 0.0 9.8 0.00 2.4 14.0 9:50p SW 8 73.3 79.6 5:00p 67.6 6:40a 0.0 8.3 0.54 6.6 27.0 3:00a NW 9 71.5 78.2 2:30p 64.7 7:00a 0.0 6.5 0.00 6.1 23.0 8:30p NW 10 70.0 75.4 6:50p 64.3 6:20a 0.1 5.1 0.00 3.9 18.0 12:30a SW 11 72.0 78.4 4:40p 64.8 5:00a 0.0 7.0 0.00 1.6 12.0 2:10p WSW 12 73.8 77.9 5:30p 70.2 7:10a 0.0 8.8 0.00 1.7 15.0 4:10p E 13 70.2 74.0 1:20p 67.5 8:20a 0.0 5.2 0.00 6.7 25.0 9:50p NE 14 70.3 74.6 11:50a 65.2 12:00m 0.0 5.3 0.00 5.7 19.0 1:00a NE 15 66.0 71.2 4:00p 63.1 10:30a 0.3 1.4 0.14 2.4 12.0 2:10a ESE 16 68.7 74.2 5:20p 61.7 1:10a 0.6 4.2 0.00 2.2 11.0 2:30p NE 17 72.9 79.0 5:40p 68.2 8:00a 0.0 7.9 0.03 4.6 21.0 5:10a WSW 18 74.5 79.8 6:10p 70.2 7:40a 0.0 9.5 0.00 4.9 26.0 2:10p SSW 19 73.1 79.1 4:40p 67.9 7:40a 0.0 8.1 0.00 3.5 21.0 4:00a NNE 20 73.1 78.0 2:50p 67.8 7:40a 0.0 8.1 0.05 2.6 11.0 4:50p S 21 72.3 80.2 5:10p 67.9 7:10a 0.0 7.3 0.10 3.5 27.0 12:00m WSW 22 65.3 69.9 4:40p 61.2 12:00m 0.8 1.1 0.00 4.7 25.0 12:30a N 23 65.4 70.0 2:20p 61.2 12:10a 0.8 1.2 0.00 6.2 21.0 12:30p NNE 24 64.9 71.1 2:00p 59.7 6:00a 1.6 1.5 0.00 4.3 20.0 2:10p E 25 67.5 75.2 2:40p 59.7 4:20a 1.5 3.9 0.00 2.3 16.0 2:10p ESE 26 68.6 75.7 2:50p 63.7 7:10a 0.1 3.7 0.12 5.6 25.0 11:50p S 27 71.3 76.4 5:00p 66.1 12:10a 0.0 6.3 0.00 8.5 21.0 1:20a SSW 28 67.9 72.5 2:40p 64.4 8:40a 0.0 2.9 0.00 8.5 30.0 6:30p W 29 68.1 74.8 6:40p 63.7 6:50a 0.1 3.3 0.36 6.2 20.0 10:40p SSW 30 67.0 71.4 4:20p 63.1 6:50a 0.3 2.3 0.00 5.7 24.0 11:30p NW 31 65.0 70.7 4:30p 60.0 7:30a 1.2 1.3 0.00 3.6 21.0 12:20a NNE ------------------------------------------------------------------------------------- 70.4 82.4 3 59.7 24 8.6 175.4 2.21 4.2 30.0 28 S Max >= 90.0: 0 Max <= 32.0: 0 Min <= 32.0: 0 Min <= 0.0: 0 Max Rain: 0.77 ON 08/03/19 Days of Rain: 9 (>.01 in) 5 (>.1 in) 0 (>1 in) Heat Base: 65.0 Cool Base: 65.0 Method: Integration