NOAA-Style Climate Reports

2020: Jan | Feb | Mar | Apr | May | Jun | Jul | Aug | Sep | Oct | Nov | Dec 
2019: Jan | Feb | Mar | Apr | May | Jun | Jul | Aug | Sep | Oct | Nov | Dec 
2018: Jan | Feb | Mar | Apr | May | Jun | Jul | Aug | Sep | Oct | Nov | Dec 
2017: Jan | Feb | Mar | Apr | May | Jun | Jul | Aug | Sep | Oct | Nov | Dec 
2016: Jan | Feb | Mar | Apr | May | Jun | Jul | Aug | Sep | Oct | Nov | Dec 
2015: Jan | Feb | Mar | Apr | May | Jun | Jul | Aug | Sep | Oct | Nov | Dec 
2014: Jan | Feb | Mar | Apr | May | Jun | Jul | Aug | Sep | Oct | Nov | Dec 
2013: Jan | Feb | Mar | Apr | May | Jun | Jul | Aug | Sep | Oct | Nov | Dec 
2012: Jan | Feb | Mar | Apr | May | Jun | Jul | Aug | Sep | Oct | Nov | Dec 
2011: Jan | Feb | Mar | Apr | May | Jun | Jul | Aug | Sep | Oct | Nov | Dec 
2010: Jan | Feb | Mar | Apr | May | Jun | Jul | Aug | Sep | Oct | Nov | Dec 
2009: Jan | Feb | Mar | Apr | May | Jun | Jul | Aug | Sep | Oct | Nov | Dec 
2008: Jan | Feb | Mar | Apr | May | Jun | Jul | Aug | Sep | Oct | Nov | Dec 
2007: Jan | Feb | Mar | Apr | May | Jun | Jul | Aug | Sep | Oct | Nov | Dec 
2006: Jan | Feb | Mar | Apr | May | Jun | Jul | Aug | Sep | Oct | Nov | Dec 
2005: Jan | Feb | Mar | Apr | May | Jun | Jul | Aug | Sep | Oct | Nov | Dec 
2004: Jan | Feb | Mar | Apr | May | Jun | Jul | Aug | Sep | Oct | Nov | Dec 
2003: Jan | Feb | Mar | Apr | May | Jun | Jul | Aug | Sep | Oct | Nov | Dec 

Report for 2019 12
MONTHLY CLIMATOLOGICAL SUMMARY for DEC. 2019 NAME: Vantage Pro Plus CITY: Sand Point STATE: MI ELEV: 598 ft LAT: 43 54' 37" N LONG: 83 23' 03" W TEMPERATURE (F), RAIN (in), WIND SPEED (mph) HEAT COOL AVG MEAN DEG DEG WIND DOM DAY TEMP HIGH TIME LOW TIME DAYS DAYS RAIN SPEED HIGH TIME DIR ------------------------------------------------------------------------------------ 1 33.1 34.1 6:30p 31.6 10:50a 31.9 0.0 0.44 4.5 27.0 12:10a ENE 2 32.4 33.8 2:40a 30.2 11:30a 32.6 0.0 0.02 10.3 32.0 8:00a N 3 31.9 34.3 10:40p 28.0 7:10a 33.1 0.0 0.00 8.4 21.0 6:40a SSW 4 33.5 34.7 1:50p 32.2 5:30p 31.5 0.0 0.03 7.1 23.0 4:40p W 5 31.6 32.6 7:40p 30.4 8:40a 33.4 0.0 0.01 5.6 28.0 7:50a NW 6 31.8 34.4 12:20p 26.7 12:00m 33.2 0.0 0.00 6.5 25.0 5:10p NNW 7 29.0 32.3 3:40p 26.0 3:10a 36.0 0.0 0.00 6.5 18.0 12:00m S 8 35.6 39.3 11:20p 30.5 12:20a 29.4 0.0 0.00 10.2 27.0 11:20a SSW 9 39.7 42.5 3:00p 37.3 1:40a 25.3 0.0 0.26 7.3 30.0 11:20p S 10 26.8 39.3 12:10a 21.7 10:40p 38.2 0.0 0.00 8.8 29.0 12:30a NW 11 19.4 23.6 3:50a 14.7 11:10p 45.6 0.0 0.00 12.0 34.0 9:50a W 12 25.3 34.5 7:00p 15.0 12:10a 39.7 0.0 0.00 9.9 31.0 7:00p S 13 33.6 35.4 2:40a 29.5 11:20p 31.4 0.0 0.00 5.6 23.0 2:40a S 14 33.1 36.0 2:50p 30.0 12:10a 31.9 0.0 0.00 3.6 21.0 11:10p WNW 15 28.4 32.2 12:30a 25.8 10:20p 36.6 0.0 0.00 6.7 29.0 7:20a NW 16 27.9 30.6 11:20a 25.6 8:50a 37.1 0.0 0.00 3.4 13.0 2:40p WNW 17 27.9 29.8 5:10p 26.1 9:30a 37.1 0.0 0.00 6.8 22.0 10:30p NW 18 16.9 26.7 12:10a 11.6 11:40p 48.1 0.0 0.00 9.7 30.0 1:10p NW 19 21.0 28.1 12:00m 11.7 12:10a 44.0 0.0 0.00 5.4 17.0 8:40a SSW 20 29.9 34.2 12:40p 27.8 11:50p 35.1 0.0 0.00 4.3 17.0 6:10p S 21 32.9 40.0 2:20p 25.1 8:20a 32.1 0.0 0.00 7.9 20.0 10:50a S 22 37.1 42.1 7:50p 33.1 8:00a 27.9 0.0 0.00 11.4 27.0 10:10p SW 23 37.0 41.0 3:10p 33.3 11:20p 28.0 0.0 0.00 8.1 26.0 1:10a SW 24 34.6 36.5 2:00p 33.6 9:10p 30.4 0.0 0.00 4.8 15.0 2:50a S 25 33.3 38.0 1:00p 32.0 3:30p 31.7 0.0 0.00 4.8 18.0 4:10p SSW 26 37.9 46.2 10:40p 33.5 2:50a 27.1 0.0 0.00 4.9 12.0 3:30a SSW 27 37.3 44.0 3:00a 34.1 12:00m 27.7 0.0 0.00 7.0 25.0 6:10a W 28 33.0 35.0 11:30p 31.3 7:50a 32.0 0.0 0.00 3.6 14.0 12:10a SW 29 37.7 41.5 5:50p 34.0 12:50a 27.3 0.0 0.18 4.5 28.0 11:30a ESE 30 36.2 41.8 12:40a 32.3 12:00m 28.8 0.0 0.89 15.1 41.0 11:40a SW 31 31.0 34.6 1:50p 29.0 10:20p 34.0 0.0 0.00 14.5 33.0 12:20p W ------------------------------------------------------------------------------------- 31.5 46.2 26 11.6 18 1038.2 0.0 1.83 7.4 41.0 30 S Max >= 90.0: 0 Max <= 32.0: 5 Min <= 32.0: 22 Min <= 0.0: 0 Max Rain: 0.89 ON 12/30/19 Days of Rain: 6 (>.01 in) 4 (>.1 in) 0 (>1 in) Heat Base: 65.0 Cool Base: 65.0 Method: Integration