NOAA-Style Climate Reports

2020: Jan | Feb | Mar | Apr | May | Jun | Jul | Aug | Sep | Oct | Nov | Dec 
2019: Jan | Feb | Mar | Apr | May | Jun | Jul | Aug | Sep | Oct | Nov | Dec 
2018: Jan | Feb | Mar | Apr | May | Jun | Jul | Aug | Sep | Oct | Nov | Dec 
2017: Jan | Feb | Mar | Apr | May | Jun | Jul | Aug | Sep | Oct | Nov | Dec 
2016: Jan | Feb | Mar | Apr | May | Jun | Jul | Aug | Sep | Oct | Nov | Dec 
2015: Jan | Feb | Mar | Apr | May | Jun | Jul | Aug | Sep | Oct | Nov | Dec 
2014: Jan | Feb | Mar | Apr | May | Jun | Jul | Aug | Sep | Oct | Nov | Dec 
2013: Jan | Feb | Mar | Apr | May | Jun | Jul | Aug | Sep | Oct | Nov | Dec 
2012: Jan | Feb | Mar | Apr | May | Jun | Jul | Aug | Sep | Oct | Nov | Dec 
2011: Jan | Feb | Mar | Apr | May | Jun | Jul | Aug | Sep | Oct | Nov | Dec 
2010: Jan | Feb | Mar | Apr | May | Jun | Jul | Aug | Sep | Oct | Nov | Dec 
2009: Jan | Feb | Mar | Apr | May | Jun | Jul | Aug | Sep | Oct | Nov | Dec 
2008: Jan | Feb | Mar | Apr | May | Jun | Jul | Aug | Sep | Oct | Nov | Dec 
2007: Jan | Feb | Mar | Apr | May | Jun | Jul | Aug | Sep | Oct | Nov | Dec 
2006: Jan | Feb | Mar | Apr | May | Jun | Jul | Aug | Sep | Oct | Nov | Dec 
2005: Jan | Feb | Mar | Apr | May | Jun | Jul | Aug | Sep | Oct | Nov | Dec 
2004: Jan | Feb | Mar | Apr | May | Jun | Jul | Aug | Sep | Oct | Nov | Dec 
2003: Jan | Feb | Mar | Apr | May | Jun | Jul | Aug | Sep | Oct | Nov | Dec 

Report for 2020 03
MONTHLY CLIMATOLOGICAL SUMMARY for MAR. 2020 NAME: Vantage Pro Plus CITY: Sand Point STATE: MI ELEV: 598 ft LAT: 43 54' 37" N LONG: 83 23' 03" W TEMPERATURE (F), RAIN (in), WIND SPEED (mph) HEAT COOL AVG MEAN DEG DEG WIND DOM DAY TEMP HIGH TIME LOW TIME DAYS DAYS RAIN SPEED HIGH TIME DIR ------------------------------------------------------------------------------------ 1 31.0 39.1 5:50p 19.1 4:20a 34.0 0.0 0.00 9.5 24.0 3:00p S 2 37.5 40.9 1:50p 31.2 12:00m 27.5 0.0 0.00 6.3 20.0 12:40a SW 3 32.7 37.6 4:10p 28.5 3:30a 32.3 0.0 0.00 4.6 21.0 6:20p W 4 33.4 37.4 2:00p 30.1 11:10p 31.6 0.0 0.00 6.6 19.0 12:10a NNW 5 32.9 39.2 2:10p 24.8 7:30a 32.1 0.0 0.02 5.4 18.0 8:20p S 6 31.1 33.8 1:50a 27.1 12:00m 33.9 0.0 0.00 11.5 37.0 9:00a NNE 7 30.9 38.1 4:20p 22.9 7:00a 34.1 0.0 0.00 6.5 21.0 10:30p SW 8 38.6 47.5 4:00p 31.7 4:50a 25.3 0.0 0.00 9.8 24.0 10:50a SSW 9 42.7 46.9 1:40p 38.4 4:30a 22.3 0.0 0.05 10.6 29.0 12:00m SW 10 38.1 45.1 5:50a 32.5 12:00m 26.9 0.0 0.24 7.1 27.0 6:10a N 11 34.5 39.5 5:40p 31.3 3:40a 30.5 0.0 0.00 2.6 15.0 9:20a SE 12 38.8 43.5 4:20p 35.3 1:10a 26.2 0.0 0.00 7.5 23.0 11:40p S 13 38.9 42.7 2:10a 35.2 12:00m 26.1 0.0 0.12 11.2 34.0 9:00a W 14 32.3 35.3 12:10a 30.0 6:40a 32.7 0.0 0.00 3.3 20.0 3:20a NE 15 31.0 34.1 12:40p 27.4 11:50p 34.0 0.0 0.00 7.8 22.0 7:10p ENE 16 33.7 40.6 2:00p 25.1 5:20a 31.3 0.0 0.00 4.6 20.0 8:50p S 17 39.0 46.3 3:10p 31.8 11:40p 26.0 0.0 0.00 7.5 21.0 2:30a WSW 18 37.2 43.7 5:00p 31.3 12:30a 27.8 0.0 0.00 3.2 15.0 6:50p SSE 19 39.1 46.5 5:00p 32.5 8:00a 25.9 0.0 0.09 5.2 24.0 11:30p SSE 20 38.7 50.5 2:40a 26.5 11:50p 26.3 0.0 0.20 11.0 33.0 2:10p NW 21 24.7 28.5 3:50p 22.1 11:00p 40.3 0.0 0.00 6.8 26.0 12:10a NE 22 29.9 38.7 4:30p 21.8 12:30a 35.1 0.0 0.00 2.4 17.0 5:30p ESE 23 34.7 39.5 8:10p 30.0 5:20a 30.3 0.0 0.04 4.5 19.0 11:30p SSW 24 37.4 43.2 3:40p 33.9 1:50a 27.6 0.0 0.00 4.9 19.0 12:40p ENE 25 41.4 48.4 4:30p 36.1 4:30a 23.6 0.0 0.00 4.2 13.0 11:10a S 26 42.0 47.4 8:20a 36.0 12:00m 23.0 0.0 0.00 7.8 20.0 8:10a ENE 27 38.2 44.8 1:50p 35.6 10:50p 26.8 0.0 0.00 5.8 23.0 3:10p ENE 28 39.2 45.1 12:00m 36.2 12:50a 25.8 0.0 0.29 6.2 22.0 4:40p NE 29 46.8 56.5 12:20p 43.1 11:10p 18.2 0.0 0.20 13.7 35.0 6:40p SW 30 41.4 45.7 2:10p 38.9 12:00m 23.6 0.0 0.01 8.2 27.0 1:10a N 31 37.9 39.4 2:30p 36.1 7:40a 27.1 0.0 0.00 10.2 27.0 7:40a NNE ------------------------------------------------------------------------------------- 36.3 56.5 29 19.1 1 888.2 0.0 1.26 7.0 37.0 6 SW Max >= 90.0: 0 Max <= 32.0: 1 Min <= 32.0: 18 Min <= 0.0: 0 Max Rain: 0.29 ON 03/28/20 Days of Rain: 9 (>.01 in) 5 (>.1 in) 0 (>1 in) Heat Base: 65.0 Cool Base: 65.0 Method: Integration