NOAA-Style Climate Reports

2020: Jan | Feb | Mar | Apr | May | Jun | Jul | Aug | Sep | Oct | Nov | Dec 
2019: Jan | Feb | Mar | Apr | May | Jun | Jul | Aug | Sep | Oct | Nov | Dec 
2018: Jan | Feb | Mar | Apr | May | Jun | Jul | Aug | Sep | Oct | Nov | Dec 
2017: Jan | Feb | Mar | Apr | May | Jun | Jul | Aug | Sep | Oct | Nov | Dec 
2016: Jan | Feb | Mar | Apr | May | Jun | Jul | Aug | Sep | Oct | Nov | Dec 
2015: Jan | Feb | Mar | Apr | May | Jun | Jul | Aug | Sep | Oct | Nov | Dec 
2014: Jan | Feb | Mar | Apr | May | Jun | Jul | Aug | Sep | Oct | Nov | Dec 
2013: Jan | Feb | Mar | Apr | May | Jun | Jul | Aug | Sep | Oct | Nov | Dec 
2012: Jan | Feb | Mar | Apr | May | Jun | Jul | Aug | Sep | Oct | Nov | Dec 
2011: Jan | Feb | Mar | Apr | May | Jun | Jul | Aug | Sep | Oct | Nov | Dec 
2010: Jan | Feb | Mar | Apr | May | Jun | Jul | Aug | Sep | Oct | Nov | Dec 
2009: Jan | Feb | Mar | Apr | May | Jun | Jul | Aug | Sep | Oct | Nov | Dec 
2008: Jan | Feb | Mar | Apr | May | Jun | Jul | Aug | Sep | Oct | Nov | Dec 
2007: Jan | Feb | Mar | Apr | May | Jun | Jul | Aug | Sep | Oct | Nov | Dec 
2006: Jan | Feb | Mar | Apr | May | Jun | Jul | Aug | Sep | Oct | Nov | Dec 
2005: Jan | Feb | Mar | Apr | May | Jun | Jul | Aug | Sep | Oct | Nov | Dec 
2004: Jan | Feb | Mar | Apr | May | Jun | Jul | Aug | Sep | Oct | Nov | Dec 
2003: Jan | Feb | Mar | Apr | May | Jun | Jul | Aug | Sep | Oct | Nov | Dec 

Report for 2020 05
MONTHLY CLIMATOLOGICAL SUMMARY for MAY. 2020 NAME: Vantage Pro Plus CITY: Sand Point STATE: MI ELEV: 598 ft LAT: 43 54' 37" N LONG: 83 23' 03" W TEMPERATURE (F), RAIN (in), WIND SPEED (mph) HEAT COOL AVG MEAN DEG DEG WIND DOM DAY TEMP HIGH TIME LOW TIME DAYS DAYS RAIN SPEED HIGH TIME DIR ------------------------------------------------------------------------------------ 1 50.3 58.2 3:10p 42.8 7:00a 14.7 0.0 0.00 0.5 18.0 2:20p SW 2 58.5 65.0 4:00p 52.6 6:10a 6.5 0.0 0.00 3.4 14.0 12:40p SW 3 54.1 68.3 5:10p 44.6 9:30p 11.0 0.0 0.00 4.2 24.0 5:30p SW 4 42.7 46.8 1:30p 38.3 12:00m 22.3 0.0 0.00 4.3 20.0 12:10a ENE 5 40.1 45.8 10:50a 37.8 2:50a 24.9 0.0 0.00 3.6 16.0 4:40p ENE 6 47.3 56.2 4:30p 39.9 12:10a 17.7 0.0 0.00 2.6 13.0 12:50a NNE 7 46.7 53.2 3:50p 39.1 10:40p 18.3 0.0 0.00 2.8 15.0 4:30p ENE 8 36.1 41.1 12:10a 32.1 11:20p 28.9 0.0 0.00 5.4 23.0 9:00p NNW 9 39.8 50.5 5:10p 31.5 5:10a 25.2 0.0 0.00 5.9 23.0 8:00a NW 10 39.7 44.4 12:10a 36.9 1:30p 25.3 0.0 0.01 2.9 18.0 2:30p ENE 11 39.6 46.5 5:10p 36.9 4:00a 25.4 0.0 0.01 3.5 18.0 1:40a NNW 12 41.9 53.7 2:50p 35.9 6:30a 23.1 0.0 0.00 4.0 19.0 1:20p ENE 13 44.5 53.1 4:30p 36.5 4:50a 20.5 0.0 0.00 2.3 15.0 6:50p SW 14 51.3 57.4 10:10p 47.4 8:00a 13.7 0.0 0.00 3.3 13.0 4:10p SE 15 54.2 65.9 5:50p 47.5 12:00m 10.8 0.0 0.62 1.5 18.0 6:50p ENE 16 48.2 51.9 3:10p 45.0 4:20a 16.8 0.0 0.00 2.9 15.0 9:30a ENE 17 52.1 58.7 12:10p 48.0 1:00a 12.9 0.0 0.20 3.5 19.0 11:00p ENE 18 51.8 53.9 5:30p 50.0 11:50a 13.2 0.0 2.23 7.3 29.0 4:00a E 19 52.7 59.0 10:40a 49.2 5:50a 12.3 0.0 0.01 3.6 17.0 9:00a ENE 20 58.5 67.7 1:00p 48.6 6:20a 6.7 0.3 0.00 3.1 12.0 4:40p SE 21 56.6 63.2 3:30p 51.8 5:20a 8.4 0.0 0.00 2.2 9.0 11:50a SE 22 61.6 67.4 12:40p 54.0 6:40a 3.6 0.2 0.00 1.4 10.0 4:10p N 23 63.4 68.5 1:10p 60.4 3:30a 2.0 0.5 0.00 1.4 10.0 5:10p NNW 24 68.4 77.5 5:10p 61.1 12:00m 0.8 4.2 0.00 2.4 14.0 9:40p SE 25 66.8 78.7 7:10p 57.1 4:00a 2.1 3.8 0.00 1.2 9.0 9:20p NNW 26 75.4 85.4 3:00p 68.3 6:30a 0.0 10.4 0.00 0.9 8.0 3:50p SW 27 76.9 83.6 1:40p 71.3 6:50a 0.0 11.9 0.00 1.4 14.0 11:30p NNW 28 73.0 76.2 4:50p 69.8 1:40p 0.0 8.0 0.08 2.1 15.0 1:10p NNE 29 64.5 71.4 12:10a 59.1 11:50a 1.4 0.8 0.30 2.7 18.0 10:40p NW 30 58.0 65.3 2:10p 52.1 12:00m 7.0 0.0 0.00 4.2 18.0 3:30a NW 31 53.8 63.5 9:20p 44.6 6:20a 11.2 0.0 0.00 4.1 18.0 12:10a NW ------------------------------------------------------------------------------------- 53.8 85.4 26 31.5 9 386.7 40.1 3.46 3.1 29.0 18 ENE Max >= 90.0: 0 Max <= 32.0: 0 Min <= 32.0: 1 Min <= 0.0: 0 Max Rain: 2.23 ON 05/18/20 Days of Rain: 5 (>.01 in) 4 (>.1 in) 1 (>1 in) Heat Base: 65.0 Cool Base: 65.0 Method: Integration