NOAA-Style Climate Reports

2021: Jan | Feb | Mar | Apr | May | Jun | Jul | Aug | Sep | Oct | Nov | Dec 
2020: Jan | Feb | Mar | Apr | May | Jun | Jul | Aug | Sep | Oct | Nov | Dec 
2019: Jan | Feb | Mar | Apr | May | Jun | Jul | Aug | Sep | Oct | Nov | Dec 
2018: Jan | Feb | Mar | Apr | May | Jun | Jul | Aug | Sep | Oct | Nov | Dec 
2017: Jan | Feb | Mar | Apr | May | Jun | Jul | Aug | Sep | Oct | Nov | Dec 
2016: Jan | Feb | Mar | Apr | May | Jun | Jul | Aug | Sep | Oct | Nov | Dec 
2015: Jan | Feb | Mar | Apr | May | Jun | Jul | Aug | Sep | Oct | Nov | Dec 
2014: Jan | Feb | Mar | Apr | May | Jun | Jul | Aug | Sep | Oct | Nov | Dec 
2013: Jan | Feb | Mar | Apr | May | Jun | Jul | Aug | Sep | Oct | Nov | Dec 
2012: Jan | Feb | Mar | Apr | May | Jun | Jul | Aug | Sep | Oct | Nov | Dec 
2011: Jan | Feb | Mar | Apr | May | Jun | Jul | Aug | Sep | Oct | Nov | Dec 
2010: Jan | Feb | Mar | Apr | May | Jun | Jul | Aug | Sep | Oct | Nov | Dec 
2009: Jan | Feb | Mar | Apr | May | Jun | Jul | Aug | Sep | Oct | Nov | Dec 
2008: Jan | Feb | Mar | Apr | May | Jun | Jul | Aug | Sep | Oct | Nov | Dec 
2007: Jan | Feb | Mar | Apr | May | Jun | Jul | Aug | Sep | Oct | Nov | Dec 
2006: Jan | Feb | Mar | Apr | May | Jun | Jul | Aug | Sep | Oct | Nov | Dec 
2005: Jan | Feb | Mar | Apr | May | Jun | Jul | Aug | Sep | Oct | Nov | Dec 
2004: Jan | Feb | Mar | Apr | May | Jun | Jul | Aug | Sep | Oct | Nov | Dec 
2003: Jan | Feb | Mar | Apr | May | Jun | Jul | Aug | Sep | Oct | Nov | Dec 

Report for 2020 07
MONTHLY CLIMATOLOGICAL SUMMARY for JUL. 2020 NAME: Vantage Pro Plus CITY: Sand Point STATE: MI ELEV: 598 ft LAT: 43 54' 37" N LONG: 83 23' 03" W TEMPERATURE (F), RAIN (in), WIND SPEED (mph) HEAT COOL AVG MEAN DEG DEG WIND DOM DAY TEMP HIGH TIME LOW TIME DAYS DAYS RAIN SPEED HIGH TIME DIR ------------------------------------------------------------------------------------ 1 72.5 78.0 1:50p 68.1 3:50a 0.0 7.5 0.00 2.0 14.0 4:40p NE 2 76.8 86.1 6:30p 67.8 6:40a 0.0 11.8 0.00 3.5 12.0 8:30p SW 3 76.8 83.5 1:30p 73.4 12:00m 0.0 11.8 0.00 1.9 14.0 5:30p NE 4 75.7 81.3 7:10p 71.8 8:10a 0.0 10.7 0.00 2.4 17.0 11:10p NE 5 78.2 87.5 6:50p 69.4 3:50a 0.0 13.2 0.00 4.4 14.0 12:10a SW 6 79.6 88.9 6:00p 69.4 6:10a 0.0 14.6 0.00 4.3 16.0 8:20p ESE 7 80.9 88.1 3:20p 77.2 7:30a 0.0 15.9 0.00 7.6 23.0 4:40p SW 8 79.6 84.5 6:40p 74.4 6:50a 0.0 14.6 0.00 4.1 18.0 8:50p NE 9 81.8 91.9 3:50p 74.2 8:50p 0.0 16.8 0.29 6.7 49.0 8:20p SE 10 77.2 81.0 2:30p 72.5 12:00m 0.0 12.2 0.13 6.0 26.0 11:30a SSE 11 75.6 84.1 3:40p 67.8 6:20a 0.0 10.6 0.29 2.7 14.0 12:10p NW 12 70.0 75.1 2:20p 65.0 7:50a 0.0 5.0 0.00 2.5 14.0 4:20p NW 13 70.1 77.9 4:50p 65.3 7:10a 0.0 5.1 0.00 3.3 15.0 4:50p NE 14 73.1 80.2 3:40p 66.2 5:10a 0.0 8.1 0.00 5.6 21.0 8:30p SE 15 77.3 83.6 5:50p 70.6 7:20a 0.0 12.3 0.00 8.9 19.0 5:50a SSE 16 71.0 78.5 12:10a 67.3 11:10a 0.0 6.0 0.60 2.6 14.0 12:10a NE 17 76.0 81.8 5:00p 69.4 7:10a 0.0 11.0 0.00 8.6 21.0 2:20p SW 18 79.2 85.0 4:50p 71.6 7:10a 0.0 14.2 0.00 9.6 25.0 9:50p SSW 19 77.7 81.8 12:10a 70.1 10:00a 0.0 12.7 0.79 13.6 29.0 1:10p SW 20 73.2 78.1 3:40p 65.1 11:30p 0.0 8.2 0.00 5.3 26.0 4:50a WSW 21 69.0 74.1 6:50p 65.3 12:10a 0.0 4.0 0.00 4.9 19.0 8:00p ESE 22 71.3 75.8 5:10p 68.0 11:20p 0.0 6.3 0.30 6.3 19.0 9:50a NE 23 70.1 73.9 1:50p 67.2 10:50p 0.0 5.1 0.00 2.5 14.0 1:40p NE 24 72.3 77.3 4:50p 68.2 7:40a 0.0 7.3 0.00 2.0 12.0 9:00a NE 25 75.2 82.0 6:00p 67.9 3:20a 0.0 10.2 0.00 6.8 15.0 3:00p SW 26 80.4 86.0 6:30p 75.3 5:10a 0.0 15.4 0.00 11.9 22.0 1:50p SW 27 78.6 82.0 3:30p 75.1 12:00m 0.0 13.6 0.06 7.5 26.0 12:20a WSW 28 76.1 82.8 5:00p 69.7 6:50a 0.0 11.1 0.00 7.0 20.0 4:20p WSW 29 71.8 77.5 3:20p 68.7 12:00m 0.0 6.8 0.15 7.1 33.0 12:20a WSW 30 70.9 76.4 4:00p 66.2 2:50a 0.0 5.9 0.00 1.9 12.0 8:00p NE 31 71.7 76.3 1:30p 68.1 1:50a 0.0 6.7 0.00 2.4 16.0 4:10p NE ------------------------------------------------------------------------------------- 75.2 91.9 9 65.0 12 0.0 314.7 2.61 5.4 49.0 9 NE Max >= 90.0: 1 Max <= 32.0: 0 Min <= 32.0: 0 Min <= 0.0: 0 Max Rain: 0.79 ON 07/19/20 Days of Rain: 8 (>.01 in) 7 (>.1 in) 0 (>1 in) Heat Base: 65.0 Cool Base: 65.0 Method: Integration