NOAA-Style Climate Reports

2020: Jan | Feb | Mar | Apr | May | Jun | Jul | Aug | Sep | Oct | Nov | Dec 
2019: Jan | Feb | Mar | Apr | May | Jun | Jul | Aug | Sep | Oct | Nov | Dec 
2018: Jan | Feb | Mar | Apr | May | Jun | Jul | Aug | Sep | Oct | Nov | Dec 
2017: Jan | Feb | Mar | Apr | May | Jun | Jul | Aug | Sep | Oct | Nov | Dec 
2016: Jan | Feb | Mar | Apr | May | Jun | Jul | Aug | Sep | Oct | Nov | Dec 
2015: Jan | Feb | Mar | Apr | May | Jun | Jul | Aug | Sep | Oct | Nov | Dec 
2014: Jan | Feb | Mar | Apr | May | Jun | Jul | Aug | Sep | Oct | Nov | Dec 
2013: Jan | Feb | Mar | Apr | May | Jun | Jul | Aug | Sep | Oct | Nov | Dec 
2012: Jan | Feb | Mar | Apr | May | Jun | Jul | Aug | Sep | Oct | Nov | Dec 
2011: Jan | Feb | Mar | Apr | May | Jun | Jul | Aug | Sep | Oct | Nov | Dec 
2010: Jan | Feb | Mar | Apr | May | Jun | Jul | Aug | Sep | Oct | Nov | Dec 
2009: Jan | Feb | Mar | Apr | May | Jun | Jul | Aug | Sep | Oct | Nov | Dec 
2008: Jan | Feb | Mar | Apr | May | Jun | Jul | Aug | Sep | Oct | Nov | Dec 
2007: Jan | Feb | Mar | Apr | May | Jun | Jul | Aug | Sep | Oct | Nov | Dec 
2006: Jan | Feb | Mar | Apr | May | Jun | Jul | Aug | Sep | Oct | Nov | Dec 
2005: Jan | Feb | Mar | Apr | May | Jun | Jul | Aug | Sep | Oct | Nov | Dec 
2004: Jan | Feb | Mar | Apr | May | Jun | Jul | Aug | Sep | Oct | Nov | Dec 
2003: Jan | Feb | Mar | Apr | May | Jun | Jul | Aug | Sep | Oct | Nov | Dec 

Report for 2020 08
MONTHLY CLIMATOLOGICAL SUMMARY for AUG. 2020 NAME: Vantage Pro Plus CITY: Sand Point STATE: MI ELEV: 598 ft LAT: 43 54' 37" N LONG: 83 23' 03" W TEMPERATURE (F), RAIN (in), WIND SPEED (mph) HEAT COOL AVG MEAN DEG DEG WIND DOM DAY TEMP HIGH TIME LOW TIME DAYS DAYS RAIN SPEED HIGH TIME DIR ------------------------------------------------------------------------------------ 1 73.3 78.4 1:10p 67.9 1:40a 0.0 8.3 0.00 3.1 17.0 4:10p NE 2 71.3 74.6 12:10a 68.0 2:50p 0.0 6.3 0.78 2.9 13.0 12:10a NE 3 66.6 71.6 3:50p 62.3 9:10a 0.5 2.1 2.65 4.0 92.0 8:50a NE 4 64.7 68.1 4:00p 62.8 12:10a 0.9 0.6 0.25 2.2 12.0 1:40p NE 5 65.2 70.6 5:10p 59.1 6:50a 1.6 1.8 0.00 4.1 17.0 12:50p NW 6 69.1 74.8 6:00p 62.0 7:40a 0.4 4.5 0.00 3.9 10.0 1:50p WSW 7 70.5 76.0 4:50p 64.7 7:20a 0.0 5.5 0.00 2.4 11.0 5:40p NE 8 72.5 78.4 4:50p 65.8 7:20a 0.0 7.5 0.00 8.3 21.0 11:50p SW 9 76.3 82.7 3:00p 73.1 6:50a 0.0 11.3 0.00 9.2 24.0 2:10a SW 10 79.3 84.3 3:30p 75.5 7:30a 0.0 14.3 0.00 8.3 23.0 6:50a SW 11 75.0 81.2 5:20p 70.5 7:50a 0.0 10.0 0.00 3.9 15.0 1:30p NW 12 75.5 81.9 4:40p 70.5 5:20a 0.0 10.5 0.00 5.3 19.0 9:50a WSW 13 74.7 82.4 12:40p 69.4 8:00a 0.0 9.7 0.00 3.8 17.0 4:40p NE 14 76.8 85.1 3:30p 68.0 6:40a 0.0 11.8 0.00 6.4 23.0 5:10p E 15 76.1 83.1 3:40p 70.4 7:10a 0.0 11.1 0.00 7.4 19.0 11:30a ESE 16 70.8 76.3 4:50p 65.2 6:50a 0.0 5.8 2.41 4.4 35.0 4:40a NE 17 71.1 75.8 3:50p 66.1 9:40p 0.0 6.1 0.01 3.0 18.0 12:20a NW 18 67.0 73.0 3:00p 62.3 7:10a 0.4 2.4 0.00 2.7 14.0 4:40p NW 19 67.0 71.1 8:10p 63.3 8:40a 0.3 2.3 0.00 3.9 19.0 11:40p NE 20 71.7 78.8 5:00p 64.4 1:20a 0.0 6.7 0.00 13.5 24.0 11:40a SW 21 74.4 81.5 4:50p 68.5 4:30a 0.0 9.4 0.00 5.1 19.0 12:10a WSW 22 76.0 82.2 4:40p 69.7 7:00a 0.0 11.0 0.00 3.7 12.0 9:10a S 23 77.0 81.7 6:00p 71.8 4:30a 0.0 12.0 0.00 6.6 16.0 9:00a SW 24 78.3 84.1 4:20p 72.2 8:50a 0.0 13.3 0.00 6.7 17.0 1:30p SW 25 75.3 81.9 5:00p 70.5 12:00m 0.0 10.3 0.00 3.5 15.0 6:40p NW 26 72.3 79.4 11:00p 67.0 9:50a 0.0 7.3 0.90 8.1 45.0 11:50a S 27 76.6 80.3 4:50p 70.6 12:00m 0.0 11.6 0.07 11.0 28.0 1:50a WSW 28 71.3 74.5 3:40p 68.2 8:00a 0.0 6.3 0.05 7.4 25.0 11:50p ENE 29 70.1 76.0 3:20p 63.2 10:30p 0.1 5.2 0.00 7.6 29.0 2:20a WSW 30 64.8 70.2 4:40p 61.3 6:00a 1.5 1.2 0.00 2.7 15.0 12:40a NW 31 68.6 75.8 3:40p 61.5 7:10a 1.0 4.6 0.00 8.8 18.0 11:20a SSE ------------------------------------------------------------------------------------- 72.2 85.1 14 59.1 5 6.7 230.8 7.12 5.6 92.0 3 NE Max >= 90.0: 0 Max <= 32.0: 0 Min <= 32.0: 0 Min <= 0.0: 0 Max Rain: 2.65 ON 08/03/20 Days of Rain: 7 (>.01 in) 5 (>.1 in) 2 (>1 in) Heat Base: 65.0 Cool Base: 65.0 Method: Integration