NOAA-Style Climate Reports

NOAA style reports

NOAA-style Climate Reports

2017: Jan | Feb | Mar | Apr | May | Jun | Jul | Aug | Sep | Oct | Nov | Dec 
2016: Jan | Feb | Mar | Apr | May | Jun | Jul | Aug | Sep | Oct | Nov | Dec 
2015: Jan | Feb | Mar | Apr | May | Jun | Jul | Aug | Sep | Oct | Nov | Dec 
2014: Jan | Feb | Mar | Apr | May | Jun | Jul | Aug | Sep | Oct | Nov | Dec 
2013: Jan | Feb | Mar | Apr | May | Jun | Jul | Aug | Sep | Oct | Nov | Dec 
2012: Jan | Feb | Mar | Apr | May | Jun | Jul | Aug | Sep | Oct | Nov | Dec 
2011: Jan | Feb | Mar | Apr | May | Jun | Jul | Aug | Sep | Oct | Nov | Dec 
2010: Jan | Feb | Mar | Apr | May | Jun | Jul | Aug | Sep | Oct | Nov | Dec 
2009: Jan | Feb | Mar | Apr | May | Jun | Jul | Aug | Sep | Oct | Nov | Dec 
2008: Jan | Feb | Mar | Apr | May | Jun | Jul | Aug | Sep | Oct | Nov | Dec 
2007: Jan | Feb | Mar | Apr | May | Jun | Jul | Aug | Sep | Oct | Nov | Dec 
2006: Jan | Feb | Mar | Apr | May | Jun | Jul | Aug | Sep | Oct | Nov | Dec 
2005: Jan | Feb | Mar | Apr | May | Jun | Jul | Aug | Sep | Oct | Nov | Dec 
2004: Jan | Feb | Mar | Apr | May | Jun | Jul | Aug | Sep | Oct | Nov | Dec 
2003: Jan | Feb | Mar | Apr | May | Jun | Jul | Aug | Sep | Oct | Nov | Dec 

Report for 2017 09
MONTHLY CLIMATOLOGICAL SUMMARY for SEP. 2017 NAME: Vantage Pro Plus CITY: Sand Point STATE: MI ELEV: 598 ft LAT: 43 54' 37" N LONG: 83 23' 03" W TEMPERATURE (F), RAIN (in), WIND SPEED (mph) HEAT COOL AVG MEAN DEG DEG WIND DOM DAY TEMP HIGH TIME LOW TIME DAYS DAYS RAIN SPEED HIGH TIME DIR ------------------------------------------------------------------------------------ 1 59.2 65.8 1:40p 53.3 12:00m 5.8 0.0 0.00 4.6 21.0 12:10a E 2 61.4 71.7 4:50p 53.0 12:30a 4.9 1.2 0.00 2.5 15.0 3:00p S 3 65.0 71.3 5:20p 57.6 5:30a 2.0 2.0 0.06 4.7 17.0 4:30a W 4 66.2 74.1 1:40p 61.8 5:40p 0.7 1.9 0.24 6.5 23.0 3:40p SSW 5 60.5 68.7 1:40p 55.4 11:10p 4.8 0.2 0.12 3.9 22.0 12:40p NW 6 58.6 64.8 5:00p 52.9 7:30a 6.4 0.0 0.00 2.8 14.0 12:50a NNW 7 59.1 66.6 4:50p 53.8 7:40a 6.1 0.2 0.00 5.2 24.0 7:50p NNW 8 56.6 61.0 1:50p 53.7 3:30a 8.4 0.0 0.12 6.6 23.0 1:40p ENE 9 57.8 64.3 12:50p 52.5 1:30a 7.2 0.0 0.00 3.1 17.0 2:20p E 10 57.8 65.6 1:50p 51.0 3:40a 7.2 0.0 0.00 2.0 13.0 3:20p NNE 11 61.2 68.7 5:30p 55.3 6:20a 4.4 0.5 0.00 1.3 10.0 3:40p S 12 64.4 73.3 4:20p 58.0 7:20a 2.4 1.8 0.02 1.8 9.0 4:40p S 13 65.0 73.3 1:40p 56.4 7:30a 2.1 2.1 0.00 2.1 14.0 6:40p NNE 14 68.5 75.3 4:30p 63.7 6:20a 0.1 3.6 0.00 1.3 12.0 1:40p W 15 70.0 79.2 4:10p 64.0 8:10a 0.1 5.1 0.00 2.6 10.0 11:30p S 16 71.4 80.1 3:30p 64.6 6:50a 0.0 6.4 0.00 3.8 10.0 12:40p S 17 72.0 80.3 3:30p 65.3 7:40a 0.0 7.0 0.22 4.5 20.0 6:40p S 18 64.2 70.1 12:50a 57.5 12:00m 1.7 1.0 0.03 4.9 22.0 4:30a NNE 19 63.9 69.2 11:50a 57.3 12:10a 2.0 0.9 0.00 4.0 18.0 2:10p ENE 20 69.4 75.4 2:20p 65.6 2:00a 0.0 4.4 0.05 1.4 10.0 6:00p ENE 21 70.7 71.0 12:10a 70.6 12:30a 0.0 0.2 0.00 4.6 6.0 12:10a S 22 23 24 25 26 27 28 29 30 ------------------------------------------------------------------------------------- 63.9 80.3 17 51.0 10 66.3 38.5 0.86 3.5 24.0 7 S Max >= 90.0: 0 Max <= 32.0: 0 Min <= 32.0: 0 Min <= 0.0: 0 Max Rain: 0.24 ON 09/04/17 Days of Rain: 8 (>.01 in) 4 (>.1 in) 0 (>1 in) Heat Base: 65.0 Cool Base: 65.0 Method: Integration