NOAA-Style Climate Reports


Report for 2017 May
                   MONTHLY CLIMATOLOGICAL SUMMARY for MAY. 2017

NAME: Vantage Pro Plus   CITY: Sand Point   STATE: MI 
ELEV:   598 ft  LAT:  43° 54' 37" N  LONG:  83° 23' 03" W

                   TEMPERATURE (°F), RAIN  (in), WIND SPEED (mph)

                                      HEAT  COOL        AVG
    MEAN                              DEG   DEG         WIND                 DOM
DAY TEMP  HIGH   TIME   LOW    TIME   DAYS  DAYS  RAIN  SPEED HIGH   TIME    DIR
------------------------------------------------------------------------------------
 1  51.3  64.8   3:00p  41.8  12:10a  13.7   0.0  0.23   8.3  31.0   9:30p   ENE
 2  47.1  51.4   3:40p  43.1  10:10p  17.9   0.0  0.00  13.3  34.0   3:20p   SSW
 3  49.3  59.3   5:20p  41.6   7:00a  15.7   0.0  0.00   5.7  21.0  12:10a   NNW
 4  47.2  51.8  12:40p  44.0  11:00p  17.8   0.0  0.04   5.9  21.0   7:10p   SSE
 5  46.3  51.0   5:00p  42.4   4:30a  18.7   0.0  0.00  12.2  37.0  12:40p   NNE
 6  49.8  57.3   5:00p  43.3   6:40a  15.2   0.0  0.00  11.7  32.0   1:50a     N
 7  46.3  52.8   1:10p  40.9   7:30a  18.7   0.0  0.00   7.7  24.0   6:30a     N
 8  45.5  57.1   5:10p  37.5   6:50a  19.5   0.0  0.00   5.9  21.0  12:50a     N
 9  47.3  53.6   5:10p  40.1   7:00a  17.7   0.0  0.00   4.5  16.0   4:30a   NNE
10  52.0  60.0   6:30p  44.5   5:00a  13.0   0.0  0.00   4.7  16.0   7:00p    SE
11  52.0  56.9   2:10p  48.4  12:00m  13.0   0.0  0.00   5.8  21.0   3:30p   ENE
12  52.4  60.4   2:10p  44.4   6:10a  12.6   0.0  0.00   4.7  17.0   3:50p   ENE
13  54.4  60.5   6:50p  47.7   6:20a  10.6   0.0  0.02   1.8  13.0   4:30p    SE
14  53.6  62.0   1:30p  50.4   5:40a  11.4   0.0  0.01   4.4  20.0   2:00p   ENE
15  56.0  66.8   4:30p  46.5   5:40a   9.1   0.1  0.00   3.1  11.0  12:10p   NNE
16  62.9  73.6   5:40p  53.1   6:40a   4.3   2.3  0.12   7.6  23.0   4:40a     S
17  71.8  77.8   5:10p  65.8   6:30a   0.0   6.8  0.00   9.7  24.0   2:50a   SSW
18  68.4  75.1   1:20p  47.8  12:00m   1.4   4.8  0.00   9.9  30.0   4:10p   SSW
19  45.8  48.5  10:30p  43.0   8:30a  19.2   0.0  0.00   9.7  27.0  11:00a    NE
20  51.5  59.7  11:40a  45.3   6:20a  13.5   0.0  0.02   9.3  32.0   3:20p   ENE
21  58.1  68.7   5:50p  48.5   1:40a   7.2   0.3  0.77   5.2  25.0  11:20p     S
22  57.2  63.6   5:40p  52.1   7:40a   7.8   0.0  0.00   9.8  32.0  12:00p    SW
23  59.4  66.2   2:10p  56.8  12:00m   5.6   0.0  0.59   2.6  14.0   7:00a   SSW
24  53.2  56.9  12:10a  50.5   8:40a  11.8   0.0  0.13   7.3  26.0   3:30p    NE
25  52.0  55.0  12:10a  49.9   9:50p  13.0   0.0  0.30   6.9  21.0   5:50a   NNE
26  57.5  64.9   5:10p  51.4  12:10a   6.4   0.0  0.01   3.8  21.0  12:20a   NNE
27
28
29
30
31
-------------------------------------------------------------------------------------
    53.4  77.8    17    37.5     8   314.8  14.3  2.24   7.0  37.0     5     ENE

Max >=  90.0:  0
Max <=  32.0:  0
Min <=  32.0:  0
Min <=   0.0:  0
Max Rain: 0.77 ON 05/21/17
Days of Rain: 9 (>.01 in) 6 (>.1 in) 0 (>1 in)
Heat Base:  65.0  Cool Base:  65.0  Method: Integration