NOAA-Style Climate Reports

NOAA style reports

NOAA-style Climate Reports

2017: Jan | Feb | Mar | Apr | May | Jun | Jul | Aug | Sep | Oct | Nov | Dec 
2016: Jan | Feb | Mar | Apr | May | Jun | Jul | Aug | Sep | Oct | Nov | Dec 
2015: Jan | Feb | Mar | Apr | May | Jun | Jul | Aug | Sep | Oct | Nov | Dec 
2014: Jan | Feb | Mar | Apr | May | Jun | Jul | Aug | Sep | Oct | Nov | Dec 
2013: Jan | Feb | Mar | Apr | May | Jun | Jul | Aug | Sep | Oct | Nov | Dec 
2012: Jan | Feb | Mar | Apr | May | Jun | Jul | Aug | Sep | Oct | Nov | Dec 
2011: Jan | Feb | Mar | Apr | May | Jun | Jul | Aug | Sep | Oct | Nov | Dec 
2010: Jan | Feb | Mar | Apr | May | Jun | Jul | Aug | Sep | Oct | Nov | Dec 
2009: Jan | Feb | Mar | Apr | May | Jun | Jul | Aug | Sep | Oct | Nov | Dec 
2008: Jan | Feb | Mar | Apr | May | Jun | Jul | Aug | Sep | Oct | Nov | Dec 
2007: Jan | Feb | Mar | Apr | May | Jun | Jul | Aug | Sep | Oct | Nov | Dec 
2006: Jan | Feb | Mar | Apr | May | Jun | Jul | Aug | Sep | Oct | Nov | Dec 
2005: Jan | Feb | Mar | Apr | May | Jun | Jul | Aug | Sep | Oct | Nov | Dec 
2004: Jan | Feb | Mar | Apr | May | Jun | Jul | Aug | Sep | Oct | Nov | Dec 
2003: Jan | Feb | Mar | Apr | May | Jun | Jul | Aug | Sep | Oct | Nov | Dec 

Report for 2017 11
MONTHLY CLIMATOLOGICAL SUMMARY for NOV. 2017 NAME: Vantage Pro Plus CITY: Sand Point STATE: MI ELEV: 598 ft LAT: 43 54' 37" N LONG: 83 23' 03" W TEMPERATURE (F), RAIN (in), WIND SPEED (mph) HEAT COOL AVG MEAN DEG DEG WIND DOM DAY TEMP HIGH TIME LOW TIME DAYS DAYS RAIN SPEED HIGH TIME DIR ------------------------------------------------------------------------------------ 1 39.6 43.2 3:50p 36.4 6:00a 25.4 0.0 0.00 5.6 13.0 1:10a S 2 45.0 48.4 5:50p 40.8 1:40a 20.0 0.0 0.44 2.1 9.0 4:40a S 3 43.5 45.9 3:20p 39.3 9:50p 21.5 0.0 0.00 4.1 23.0 7:10a NNW 4 42.9 44.8 12:20p 40.0 4:30a 22.1 0.0 0.06 3.5 20.0 6:10p ESE 5 47.2 51.6 1:40p 44.1 12:10a 17.8 0.0 0.08 3.1 18.0 9:30p S 6 40.6 46.2 12:10a 37.1 7:20p 24.4 0.0 0.00 4.5 23.0 1:10a N 7 39.7 42.9 12:20p 36.7 6:40a 25.3 0.0 0.00 2.5 14.0 7:00p NNW 8 39.3 43.8 4:30p 34.1 4:40a 25.7 0.0 0.00 6.6 24.0 11:20p SW 9 34.8 41.6 11:40a 21.7 12:00m 30.2 0.0 0.01 10.4 35.0 6:00p SSW 10 21.9 25.0 11:10p 17.5 7:50a 43.1 0.0 0.00 6.5 33.0 5:50a N 11 29.7 34.2 6:30p 22.4 7:40a 35.3 0.0 0.00 5.9 18.0 1:10p S 12 35.3 37.9 11:50p 33.1 5:20a 29.7 0.0 0.00 3.0 11.0 12:10p SSW 13 38.3 40.3 1:40p 36.5 12:00m 26.7 0.0 0.00 1.8 13.0 7:30a NW 14 37.6 41.5 4:10p 33.1 7:50a 27.4 0.0 0.00 3.4 13.0 8:30p S 15 40.6 42.9 10:10p 39.3 3:20p 24.4 0.0 0.29 10.3 27.0 10:50p S 16 37.6 41.3 12:10a 32.7 11:50p 27.4 0.0 0.00 8.6 33.0 2:20a NNW 17 35.1 39.8 11:10p 30.3 3:40a 29.9 0.0 0.12 6.8 18.0 2:40p S 18 38.5 41.3 11:00a 35.6 5:10p 26.5 0.0 0.66 6.5 32.0 11:20p N 19 33.5 37.7 12:20a 29.2 10:10p 31.5 0.0 0.00 8.9 30.0 3:00a NW 20 36.8 42.4 4:10p 30.1 12:10a 28.2 0.0 0.00 8.7 24.0 10:50p SSW 21 39.6 44.9 1:50p 31.8 11:40p 25.4 0.0 0.00 11.4 27.0 6:30p SSW 22 31.1 33.1 1:40p 28.8 7:40a 33.9 0.0 0.00 5.2 23.0 12:30a NNW 23 34.0 37.2 9:10p 30.8 12:20a 31.0 0.0 0.00 7.5 18.0 1:40p SSW 24 36.2 36.7 12:40a 35.5 12:10a 0.8 0.0 0.00 6.0 10.0 12:20a SSW 25 26 27 28 29 30 ------------------------------------------------------------------------------------- 37.4 51.6 5 17.5 10 633.6 0.0 1.66 6.0 35.0 9 S Max >= 90.0: 0 Max <= 32.0: 1 Min <= 32.0: 9 Min <= 0.0: 0 Max Rain: 0.66 ON 11/18/17 Days of Rain: 6 (>.01 in) 4 (>.1 in) 0 (>1 in) Heat Base: 65.0 Cool Base: 65.0 Method: Integration