NOAA-Style Climate Reports


Report for 2017 April
                   MONTHLY CLIMATOLOGICAL SUMMARY for APR. 2017

NAME: Vantage Pro Plus   CITY: Sand Point   STATE: MI 
ELEV:   598 ft  LAT:  43° 54' 37" N  LONG:  83° 23' 03" W

                   TEMPERATURE (°F), RAIN  (in), WIND SPEED (mph)

                                      HEAT  COOL        AVG
    MEAN                              DEG   DEG         WIND                 DOM
DAY TEMP  HIGH   TIME   LOW    TIME   DAYS  DAYS  RAIN  SPEED HIGH   TIME    DIR
------------------------------------------------------------------------------------
 1  41.1  52.9   5:30p  32.3   6:30a  23.9   0.0  0.00   4.2  16.0  12:20a    SW
 2  47.3  56.7   4:40p  38.8   8:00a  17.7   0.0  0.00   4.4  14.0  10:00a    SW
 3  47.2  55.8  12:40p  39.9   9:20p  17.8   0.0  0.60   7.7  27.0  12:40p   SSE
 4  41.4  45.5   1:50a  37.4   5:20a  23.6   0.0  0.28   6.2  19.0   8:10a    NW
 5  38.8  43.9  12:10a  35.6   7:20a  26.2   0.0  0.07   5.9  31.0   7:00p   ENE
 6  35.6  38.9  12:20a  34.1   5:30a  29.4   0.0  1.17  21.3  53.0   3:40p   NNE
 7  40.2  48.7   5:00p  33.7   7:40a  24.8   0.0  0.00  11.7  37.0   5:30a     N
 8  45.2  55.8   4:50p  35.3   7:00a  19.8   0.0  0.00   5.4  14.0   1:40a   SSW
 9  54.2  63.2   5:50p  46.9   5:00a  10.8   0.0  0.00   9.6  20.0  11:30p   SSW
10  55.9  66.0   3:50p  39.2  12:00m   9.1   0.0  0.64  12.0  31.0  10:00p   SSW
11  41.0  46.9   5:40p  37.1   5:30a  24.0   0.0  0.01   6.9  26.0  12:20a   ENE
12  44.7  53.3   2:50p  40.6   2:10a  20.3   0.0  0.00   6.6  25.0   1:40a    NW
13  42.9  47.7   1:10p  39.8   5:20a  22.1   0.0  0.00   4.3  15.0   2:50p     S
14  49.2  62.3   2:20p  38.3   5:00a  15.8   0.0  0.00   5.1  18.0   5:20p    SE
15  56.3  68.9   3:30p  47.5   1:00a   9.0   0.3  0.18   8.8  24.0   6:40p     S
16  57.5  65.8   6:30p  45.5  10:00p   7.5   0.0  0.00   8.0  25.0   9:00p   WSW
17  43.7  47.7   3:00a  35.8  11:50p  21.3   0.0  0.00   7.1  22.0   1:50p   ENE
18  48.5  62.6   5:10p  33.3   5:50a  16.5   0.0  0.01   8.0  21.0  10:40p     S
19  55.3  68.3   1:50p  45.5  12:00m   9.8   0.1  0.01  10.6  29.0   2:30a     S
20  45.9  50.2   8:10p  41.6   8:50a  19.1   0.0  1.06   7.8  27.0   9:00a     E
21  46.9  50.4   1:20a  43.1   7:40a  18.1   0.0  0.00   9.3  25.0  11:50a   WNW
22  47.2  53.5   1:50p  41.7   6:20a  17.8   0.0  0.00   6.5  20.0   6:40a   NNE
23  49.6  64.1   2:50p  42.9  11:40p  15.4   0.0  0.00   8.8  26.0   2:50p   ENE
24  46.6  52.3  12:00m  40.0   6:50a  18.4   0.0  0.00   8.3  25.0   5:40p   ENE
25  49.9  52.2  12:10a  48.3   5:50a   5.1   0.0  0.00   7.9  17.0   2:00a   SSE
26
27
28
29
30
-------------------------------------------------------------------------------------
    46.9  68.9    15    32.3     1   443.3   0.4  4.03   8.1  53.0     6     ENE

Max >=  90.0:  0
Max <=  32.0:  0
Min <=  32.0:  0
Min <=   0.0:  0
Max Rain: 1.17 ON 04/06/17
Days of Rain: 7 (>.01 in) 6 (>.1 in) 2 (>1 in)
Heat Base:  65.0  Cool Base:  65.0  Method: Integration