NOAA-Style Climate Reports


Report for 2017 June
                   MONTHLY CLIMATOLOGICAL SUMMARY for JUN. 2017

NAME: Vantage Pro Plus   CITY: Sand Point   STATE: MI 
ELEV:   598 ft  LAT:  43° 54' 37" N  LONG:  83° 23' 03" W

                   TEMPERATURE (°F), RAIN  (in), WIND SPEED (mph)

                                      HEAT  COOL        AVG
    MEAN                              DEG   DEG         WIND                 DOM
DAY TEMP  HIGH   TIME   LOW    TIME   DAYS  DAYS  RAIN  SPEED HIGH   TIME    DIR
------------------------------------------------------------------------------------
 1  59.9  68.1   4:10p  50.6   6:20a   5.7   0.6  0.00   4.2  20.0   8:40p    NW
 2  62.4  72.1   6:40p  55.6   6:50a   3.9   1.3  0.03   2.9  17.0   3:20a   ENE
 3  63.5  72.1   8:10p  57.0   5:10a   2.7   1.2  0.06   3.8  16.0   3:40p     S
 4  65.5  77.9   3:20p  55.2  11:00p   1.9   2.4  0.06   5.7  26.0   6:20p     S
 5  57.9  62.0   5:10p  55.1   9:20a   7.1   0.0  0.03   8.2  22.0  12:40p   NNE
 6  58.6  60.9  12:30p  56.5   6:00a   6.4   0.0  0.00  10.2  31.0  12:30p   NNE
 7  62.7  71.1   5:00p  55.3   5:30a   3.6   1.2  0.00   3.4  13.0   3:30p    NE
 8  67.7  75.1   2:50p  59.6   1:10a   1.4   4.1  0.00   3.3  12.0  11:40p     S
 9  65.6  69.7   1:10a  62.7   6:40a   0.6   1.1  0.00   3.3  14.0   1:20a    NE
10  71.5  80.9   4:40p  60.4   4:10a   0.9   7.4  0.00   5.4  21.0   8:20p   SSW
11  75.9  81.8   4:40p  71.2   7:00a   0.0  10.9  0.00   6.2  24.0  12:50a   SSW
12  77.0  83.3   3:20p  72.3  12:00m   0.0  12.0  0.00   5.5  22.0  12:00p   SSW
13  65.7  73.0   2:10a  62.7   7:50a   0.6   1.3  0.09   6.6  28.0   2:20a    NE
14  72.4  82.7   5:30p  63.1   6:50a   0.3   7.7  0.00   4.0  17.0   2:50p     S
15  73.5  81.7   3:50p  69.0   2:50a   0.0   8.5  0.41   3.7  19.0   1:00a     S
16  73.8  80.0   1:10p  68.5  11:50p   0.0   8.8  0.00   4.5  17.0   8:20a    SW
17  70.5  74.5   2:10p  66.6   8:20a   0.0   5.5  0.85   5.2  25.0   7:40a     S
18  71.9  76.7   3:30p  68.7   3:20a   0.0   6.9  0.44   8.3  31.0   4:30p     W
19  67.3  74.3   3:00p  63.0  11:00p   0.2   2.5  0.10   4.8  21.0   1:40a     W
20  64.2  70.5  12:40p  60.6   6:30a   1.6   0.8  0.39   6.4  28.0   4:30p     W
21  65.9  73.1   6:10p  58.8   6:20a   2.0   2.9  0.00   3.7  17.0  12:20a     S
22  69.5  78.2   5:40p  61.9   9:20a   0.4   4.9  0.85   6.3  25.0  10:50p     S
23  70.3  76.4   5:40p  67.1   4:10a   0.0   5.3  1.10   4.3  19.0   2:10a     S
24  65.2  72.8   1:20p  60.3   4:30p   1.2   1.4  0.50   4.8  37.0   3:50p     W
25  62.1  67.6   1:10p  59.7   7:40a   1.7   0.1  0.00   6.5  25.0   5:50a     W
26
27
28
29
30
-------------------------------------------------------------------------------------
    67.2  83.3    12    50.6     1    42.2  98.8  4.91   5.2  37.0    24       S

Max >=  90.0:  0
Max <=  32.0:  0
Min <=  32.0:  0
Min <=   0.0:  0
Max Rain: 1.10 ON 06/23/17
Days of Rain: 13 (>.01 in) 7 (>.1 in) 1 (>1 in)
Heat Base:  65.0  Cool Base:  65.0  Method: Integration