NOAA-Style Climate Reports


Report for 2003 May
                   MONTHLY CLIMATOLOGICAL SUMMARY for MAY. 2003

NAME: Vantage Pro Plus   CITY: Sand Point   STATE: MI 
ELEV:   598 ft  LAT:  43° 54' 37" N  LONG:  83° 23' 03" W

                   TEMPERATURE (°F), RAIN  (in), WIND SPEED (mph)

                                      HEAT  COOL        AVG
    MEAN                              DEG   DEG         WIND                 DOM
DAY TEMP  HIGH   TIME   LOW    TIME   DAYS  DAYS  RAIN  SPEED HIGH   TIME    DIR
------------------------------------------------------------------------------------
 1
 2
 3
 4
 5
 6
 7
 8
 9
10
11
12
13
14
15
16  53.9  56.3   7:00p  52.8  12:00m   2.3   0.0  0.00   2.6  10.0   9:30p   ENE
17  57.4  70.8   3:30p  52.2   7:00a   8.1   0.5  0.01   2.6  18.0   7:30p   ENE
18  59.1  67.8   6:00p  51.3   7:00a   6.2   0.3  0.00   5.2  21.0   4:00p    SE
19  61.7  73.7   7:00p  51.7   7:00a   4.5   1.2  0.00   6.6  21.0   7:30p   SSE
20  61.7  65.6  11:30a  53.8   1:30p   2.2   0.0  0.08   5.8  27.0   1:00p     S
21   ---   ---     ---   ---     ---   0.0   0.0  0.00   0.0   0.0     ---   ---
22  51.2  58.9   7:00p  48.9  10:00p   3.5   0.0  0.00   1.0  17.0   7:00p     N
23  48.7  55.0  11:30a  46.5   6:30a  16.3   0.0  0.66   5.1  21.0   1:30p     N
24  50.2  58.3   4:30p  46.5   1:00a  14.8   0.0  0.36   5.2  25.0   1:30a   NNE
25  53.3  64.2   4:30p  44.5   2:00a  11.7   0.0  0.00   1.9  11.0   5:00p     N
26  53.8  60.2   6:30p  49.1  10:00a  11.2   0.0  0.00   3.1  18.0  10:30a    NE
27  54.5  65.6  12:00p  49.9   3:00a  10.5   0.0  0.00   2.4  17.0   2:00p     N
28  62.6  74.2   4:00p  51.6   4:30a   5.0   2.6  0.00   2.6  13.0  11:30p   SSW
29  61.1  71.3   1:30p  55.3  12:00m   3.8   0.4  0.05   2.9  16.0   3:00p     N
30  58.6  66.9   1:30p  53.5   6:00a   6.6   0.2  0.13   3.4  21.0   9:00p     N
31  49.6  53.9  12:30a  44.6  11:30a  15.4   0.0  0.23  11.0  34.0  12:00p   NNE
-------------------------------------------------------------------------------------
    55.8  74.2    28    44.5    25   122.1   5.2  1.52   3.8  34.0    31       N

Max >=  90.0:  0
Max <=  32.0:  0
Min <=  32.0:  0
Min <=   0.0:  0
Max Rain: 0.66 ON 05/23/03
Days of Rain: 6 (>.01 in) 4 (>.1 in) 0 (>1 in)
Heat Base:  65.0  Cool Base:  65.0  Method: Integration