NOAA-Style Climate Reports


Report for 2003 June
                   MONTHLY CLIMATOLOGICAL SUMMARY for JUN. 2003

NAME: Vantage Pro Plus   CITY: Sand Point   STATE: MI 
ELEV:   598 ft  LAT:  43° 54' 37" N  LONG:  83° 23' 03" W

                   TEMPERATURE (°F), RAIN  (in), WIND SPEED (mph)

                                      HEAT  COOL        AVG
    MEAN                              DEG   DEG         WIND                 DOM
DAY TEMP  HIGH   TIME   LOW    TIME   DAYS  DAYS  RAIN  SPEED HIGH   TIME    DIR
------------------------------------------------------------------------------------
 1  54.5  64.3   3:30p  46.0   5:30a  10.5   0.0  0.00   4.8  22.0   1:00a     N
 2  60.6  70.9   4:00p  52.9   6:30a   5.7   1.3  0.00   3.3  12.0  10:00p     N
 3  56.2  60.7  12:30p  50.1  12:00m   8.8   0.0  0.00   4.7  19.0   3:00p    NE
 4  51.2  56.5  10:30a  49.5  11:00p  13.8   0.0  0.41   7.6  28.0   2:30p    NE
 5  55.6  65.5   5:00p  48.3   4:30a   9.4   0.0  0.02   5.6  24.0   2:00a     N
 6  63.3  72.5   6:00p  54.5   7:00a   3.7   1.9  0.00   2.0  12.0  12:00m   SSW
 7  64.5  74.0   1:30p  53.9  11:30p   2.6   2.2  0.01   2.6  17.0  11:00p     S
 8  60.2  68.6   3:30p  53.5   5:00a   5.3   0.5  0.42   3.7  32.0   7:00p     S
 9  61.3  68.8   4:15p  55.9   4:00a   4.3   0.6  0.02   5.8  27.0   8:00a     W
10  62.2  69.4  12:30p  55.3   6:15a   3.7   0.8  0.19   8.3  26.0   7:30p     S
11  62.0  66.4  12:30a  57.3   9:00a   3.0   0.1  0.00   5.4  20.0   8:15a    NE
12  58.0  66.9  10:15a  54.4   5:00a   7.0   0.0  0.00   4.8  21.0   4:15p    NE
13  59.7  68.9   2:15p  54.7   6:00a   5.5   0.3  0.00   3.2  11.0   2:15a    NE
14  66.0  77.6   4:15p  56.3   6:30a   2.7   3.7  0.00   1.7  11.0   6:15a     N
15  60.6  65.2   2:15p  56.7  10:30p   4.4   0.0  0.00   5.7  22.0   3:00p    NE
16  60.8  67.8   2:15p  54.4   3:00a   4.7   0.4  0.00   5.1  18.0   3:30p    NE
17  63.1  70.8   2:15p  54.2   5:45a   3.2   1.3  0.00   3.7  17.0   2:30p    NE
18  69.3  82.8   6:00p  62.1  12:00m   0.6   4.9  0.08   4.3  20.0   7:00p     S
19  59.5  65.0   6:15p  54.4  12:00m   5.5   0.0  0.00   8.7  29.0   4:00p     N
20  62.3  70.9  12:45p  54.5  12:15a   4.0   1.3  0.00   3.6  18.0   2:45p    NE
21  66.5  77.9   6:00p  57.6   1:00a   2.3   3.7  0.00   1.8  10.0   1:00a     N
22  71.0  82.4   6:15p  59.3   4:45a   1.1   7.1  0.00   2.0   7.0   6:45a   SSW
23  74.5  86.7   6:00p  62.9   3:45a   0.3   9.7  0.00   2.0  11.0   3:30a   SSW
24  77.7  87.6   4:45p  69.4   4:30a   0.0  12.7  0.00   3.9  14.0   4:45p   SSW
25  81.1  90.3   4:30p  73.5   6:15a   0.0  16.1  0.00   5.8  13.0   7:15p   SSW
26  74.5  80.5   1:45p  66.6  12:00m   0.0   9.5  0.13   9.2  26.0   6:15p   SSW
27  68.0  77.2   3:00p  61.6   4:30a   1.0   3.9  0.00   6.9  27.0   3:30p     W
28  61.9  72.8   2:15p  57.0   6:30p   3.8   0.7  1.01   3.6  22.0   3:45p    NE
29  67.9  78.8   6:15p  59.5  12:15a   0.9   3.8  0.08   4.2  18.0   7:45p   SSW
30  70.0  79.8   6:00p  60.9   6:30a   0.8   5.7  0.00   2.1  10.0   9:30a   SSW
-------------------------------------------------------------------------------------
    64.1  90.3    25    46.0     1   118.6  92.2  2.37   4.5  32.0     8      NE

Max >=  90.0:  1
Max <=  32.0:  0
Min <=  32.0:  0
Min <=   0.0:  0
Max Rain: 1.01 ON 06/28/03
Days of Rain: 9 (>.01 in) 5 (>.1 in) 1 (>1 in)
Heat Base:  65.0  Cool Base:  65.0  Method: Integration