NOAA-Style Climate Reports


Report for 2003 July
                   MONTHLY CLIMATOLOGICAL SUMMARY for JUL. 2003

NAME: Vantage Pro Plus   CITY: Sand Point   STATE: MI 
ELEV:   598 ft  LAT:  43° 54' 37" N  LONG:  83° 23' 03" W

                   TEMPERATURE (°F), RAIN  (in), WIND SPEED (mph)

                                      HEAT  COOL        AVG
    MEAN                              DEG   DEG         WIND                 DOM
DAY TEMP  HIGH   TIME   LOW    TIME   DAYS  DAYS  RAIN  SPEED HIGH   TIME    DIR
------------------------------------------------------------------------------------
 1  72.6  82.0   5:45p  62.4   5:45a   0.3   7.9  0.04   1.3  11.0  11:45p   SSW
 2  75.9  84.5   4:15p  67.3   6:45a   0.0  10.9  0.00   3.2  13.0  12:15a     S
 3  78.3  87.0   5:00p  72.0   6:15a   0.0  13.3  0.00   4.1  16.0   8:00p   SSW
 4  78.4  89.0   4:15p  71.5   2:45a   0.0  13.4  0.00   2.0  13.0   2:00p     S
 5  76.1  80.7   5:45p  72.3  12:00m   0.0  11.1  0.00   4.0  21.0  11:00a   WSW
 6  74.6  85.3   2:00p  63.7   6:30a   0.1   9.6  0.53   2.1  19.0  10:45p     N
 7  74.4  81.6   6:15p  68.4  12:30a   0.0   9.4  0.00   4.1  18.0  11:45p     S
 8  74.3  81.1   4:45p  67.4  11:30p   0.0   9.3  0.00   3.0  21.0   3:45a     N
 9  67.5  72.8   1:00p  62.7   6:30a   0.3   2.8  0.00   5.4  20.0   4:00p     N
10  65.8  68.6  11:30p  64.0   2:30a   0.2   1.0  0.97   4.0  22.0  11:15p   SSE
11  64.0  68.3   1:15a  61.2   7:30p   1.4   0.4  0.17   8.6  34.0  11:45a     W
12  67.4  76.7   4:00p  60.2   6:45a   1.6   4.0  0.01   5.0  25.0   1:45a     N
13  70.3  79.4   5:45p  61.8   7:00a   0.5   5.8  0.00   1.7  10.0   3:00a     S
14  73.5  83.4   6:00p  64.7   6:15a   0.0   8.5  0.00   3.4  17.0  10:45p     S
15  71.0  78.3   6:15p  62.1  12:00m   0.1   6.1  0.09  10.8  29.0  11:45p     S
16  67.9  79.8   2:45p  58.4   7:00a   2.0   4.9  0.00   3.6  21.0  12:30a     N
17  68.8  78.1   1:00p  61.6  10:45p   0.5   4.3  0.42   3.5  17.0   6:45p    SW
18  65.0  74.2   2:15p  57.6   6:30a   2.4   2.4  0.01   4.5  21.0   1:15a     N
19  68.6  77.2   6:00p  59.3   6:45a   1.3   4.9  0.00   3.5  12.0  11:00a   SSW
20  68.9  77.4   3:45p  64.2   7:15a   0.0   3.9  0.32   4.6  22.0   5:30p     S
21  66.2  73.0  11:15a  62.6   9:45p   0.6   1.8  0.00   4.7  22.0   1:15p    NE
22  66.1  71.3   6:15p  62.7   6:30a   0.6   1.7  0.00   6.8  20.0   3:30p     N
23  66.7  72.7   6:00p  62.1   6:00a   0.6   2.3  0.00   6.6  24.0   9:45a     N
24  70.2  79.2   5:15p  62.0   6:15a   0.5   5.7  0.00   2.8  13.0   1:00a     N
25  72.4  80.9   5:00p  64.2   7:00a   0.0   7.4  0.00   3.9  14.0   3:30p   SSW
26  72.4  76.3   4:30p  66.9   8:30a   0.0   7.4  0.00  10.9  27.0   3:45p   SSW
27  74.5  84.1   2:00p  67.6  11:30p   0.0   9.5  0.00   6.7  20.0   7:30p   SSW
28  68.9  78.6   2:00p  62.3   5:30a   0.4   4.3  0.00   2.5  22.0  12:15a     N
29  71.6  80.1   5:30p  62.0   5:45a   0.4   7.0  0.00   2.1  12.0   1:00a   SSW
30  73.6  85.3   2:45p  65.0   6:30a   0.0   8.6  0.00   2.1  11.0   2:30p     S
31  74.4  85.5   6:00p  66.6   7:45a   0.0   9.4  0.00   3.4  14.0   1:45a     S
-------------------------------------------------------------------------------------
    71.0  89.0     4    57.6    18    13.8 199.0  2.56   4.4  34.0    11     SSW

Max >=  90.0:  0
Max <=  32.0:  0
Min <=  32.0:  0
Min <=   0.0:  0
Max Rain: 0.97 ON 07/10/03
Days of Rain: 7 (>.01 in) 5 (>.1 in) 0 (>1 in)
Heat Base:  65.0  Cool Base:  65.0  Method: Integration