NOAA-Style Climate Reports


Report for 2003 August
                   MONTHLY CLIMATOLOGICAL SUMMARY for AUG. 2003

NAME: Vantage Pro Plus   CITY: Sand Point   STATE: MI 
ELEV:   598 ft  LAT:  43° 54' 37" N  LONG:  83° 23' 03" W

                   TEMPERATURE (°F), RAIN  (in), WIND SPEED (mph)

                                      HEAT  COOL        AVG
    MEAN                              DEG   DEG         WIND                 DOM
DAY TEMP  HIGH   TIME   LOW    TIME   DAYS  DAYS  RAIN  SPEED HIGH   TIME    DIR
------------------------------------------------------------------------------------
 1  70.3  79.9   2:15p  66.8   6:45a   0.0   5.3  0.14   5.6  28.0   3:00p     S
 2  72.1  81.6   5:00p  64.7   6:45a   0.0   7.1  0.00   4.0  16.0   1:15a     S
 3  70.5  77.7   2:30p  66.9  12:00m   0.0   5.5  0.05   1.9  14.0   3:00p     S
 4  70.4  78.6   6:00p  66.3   1:15a   0.0   5.4  0.01   1.0   8.0   1:30p     S
 5  70.9  79.8   1:45p  63.7   7:00a   0.1   6.0  0.00   1.3  12.0   1:15p     N
 6  73.1  80.9   6:00p  68.1   3:30a   0.0   8.1  0.12   1.4  11.0   2:45p     N
 7  70.5  76.8   6:00p  66.8   7:00a   0.0   5.5  0.00   2.9  16.0   7:45p     N
 8  69.9  74.4   6:15p  65.2  11:45p   0.0   4.9  0.00   4.5  20.0  11:30a    NE
 9  70.2  77.9   1:00p  65.6  12:15a   0.0   5.2  0.00   3.7  13.0   3:15p     N
10  72.0  80.3   6:15p  64.7   1:00a   0.0   7.0  0.00   1.4  10.0   2:45a     N
11  70.6  76.5   2:15p  68.3   4:45a   0.0   5.6  0.00   5.1  22.0   9:00p    NE
12  69.4  73.7  12:45p  66.6   5:15a   0.0   4.4  0.00   5.3  24.0   2:15a    NE
13  73.1  81.2   1:15p  67.3  12:15a   0.0   8.1  0.00   3.0  13.0   2:15p     N
14  76.2  87.0   6:00p  65.8   6:45a   0.0  11.2  0.00   1.3  10.0  11:30p     S
15  79.3  86.5   6:00p  72.8   4:30a   0.0  14.3  0.00   2.5  13.0  10:30p   SSW
16  75.0  81.1   2:00p  66.8  12:00m   0.0  10.0  0.02   3.6  17.0   3:00a    NE
17  68.9  76.1   1:30p  60.5  11:45p   0.4   4.3  0.00   3.1  19.0   2:45p    NE
18  68.8  84.1   6:15p  57.5   7:00a   2.2   6.0  0.00   1.8  11.0  11:15p     N
19  73.3  84.1   5:30p  63.7   6:30a   0.1   8.4  0.00   3.0  13.0  12:30a     S
20  75.5  86.3   5:00p  66.0   7:15a   0.0  10.5  0.00   5.0  17.0  10:30p     S
21  78.2  89.9   4:15p  70.4  11:15a   0.0  13.2  0.12   8.3  25.0   7:45p     S
22  74.3  80.9   5:15p  66.9   7:00a   0.0   9.3  0.00   5.7  24.0   7:30a     N
23  69.4  76.1   1:30p  62.7  12:00m   0.1   4.5  0.00   4.1  21.0   4:00a     N
24  66.7  74.9   5:00p  59.2   5:30a   1.8   3.5  0.00   5.8  19.0   2:30p     S
25  75.3  83.8   6:45p  69.6   5:15a   0.0  10.3  0.00   1.4  16.0  11:45p     W
26  76.0  86.3   5:30p  69.8   9:15a   0.0  11.0  0.05   3.5  20.0   7:15a   SSW
27  70.5  80.9   1:45p  60.7  12:00m   0.4   5.9  0.00   3.5  19.0   9:30a     N
28  68.9  80.9   5:15p  58.1   7:15a   1.8   5.8  0.00   4.7  24.0  11:30p     S
29  74.3  83.2   3:45p  61.2  12:00m   0.2   9.5  0.00   7.7  24.0   8:45p     N
30  64.1  72.7   1:45p  57.2   4:30a   2.8   1.9  0.00   4.6  20.0  12:15a     N
31  66.7  74.2   4:30p  59.2   6:15a   1.3   3.0  0.00   1.1   8.0   1:45p     S
-------------------------------------------------------------------------------------
    71.8  89.9    21    57.2    30    11.2 220.7  0.51   3.6  28.0     1       S

Max >=  90.0:  0
Max <=  32.0:  0
Min <=  32.0:  0
Min <=   0.0:  0
Max Rain: 0.14 ON 08/01/03
Days of Rain: 6 (>.01 in) 3 (>.1 in) 0 (>1 in)
Heat Base:  65.0  Cool Base:  65.0  Method: Integration