NOAA-Style Climate Reports


Report for 2003 October
                   MONTHLY CLIMATOLOGICAL SUMMARY for OCT. 2003

NAME: Vantage Pro Plus   CITY: Sand Point   STATE: MI 
ELEV:   598 ft  LAT:  43° 54' 37" N  LONG:  83° 23' 03" W

                   TEMPERATURE (°F), RAIN  (in), WIND SPEED (mph)

                                      HEAT  COOL        AVG
    MEAN                              DEG   DEG         WIND                 DOM
DAY TEMP  HIGH   TIME   LOW    TIME   DAYS  DAYS  RAIN  SPEED HIGH   TIME    DIR
------------------------------------------------------------------------------------
 1  42.2  49.5  11:30a  37.9  11:30p  22.8   0.0  0.02   5.7  35.0   1:15p     N
 2  43.0  52.2   2:00p  36.6   4:30a  22.0   0.0  0.00   7.0  27.0   4:00a     N
 3  44.4  48.3   1:30p  41.6   5:00a  20.6   0.0  0.19  14.7  32.0   2:00p   SSW
 4  43.9  50.4   1:45p  40.6   8:00a  21.1   0.0  0.00   5.1  24.0   7:30p    NW
 5  44.7  53.1   5:15p  39.5   7:00a  20.3   0.0  0.00   4.1  20.0  12:15a     N
 6  44.4  53.2   5:15p  38.0   6:45a  20.6   0.0  0.00   2.9  13.0   1:00a     N
 7  51.0  65.0   3:30p  39.9   6:00a  14.0   0.0  0.00   5.3  12.0  12:15a     S
 8  61.0  73.5   4:45p  51.9  12:45a   5.5   1.5  0.00   4.2  13.0   7:45p   SSW
 9  60.7  75.1   2:00p  52.3   8:00a   5.3   1.1  0.00   2.0  12.0   4:15p   SSW
10  60.0  67.3  12:15p  52.3   7:00a   5.1   0.1  0.00   2.6  13.0   3:45p     S
11  61.4  70.3  12:00p  55.1   6:30a   4.1   0.5  0.00   3.8  16.0  11:00p     S
12  58.4  64.2   4:45a  53.2   9:00a   6.6   0.0  0.03   6.8  28.0   8:15a     W
13  57.2  68.1   3:45p  47.3   8:45a   8.2   0.3  0.00   4.5  12.0   2:00p   SSW
14  53.1  56.3  12:45p  48.8  10:45p  11.9   0.0  0.19   4.7  30.0   8:45p     N
15  49.1  55.4   1:45p  44.3   7:45a  15.9   0.0  0.00   8.1  34.0  12:15a     N
16  47.0  53.5   3:45p  43.3   2:15a  18.0   0.0  0.00   4.7  20.0  12:15a    NW
17  45.9  54.1   4:15p  39.6   5:15a  19.1   0.0  0.00   2.4  17.0   1:15a     S
18  47.7  56.6   4:00p  42.5   5:45a  17.3   0.0  0.00   5.4  21.0   1:30p     S
19  47.4  53.2   2:00p  45.5  11:15p  17.6   0.0  0.00   5.0  19.0   9:30a     N
20  55.8  70.9   4:30p  43.3   6:45a  10.0   0.8  0.00  11.4  22.0   4:30p     S
21  50.5  61.2  12:15a  44.5  12:00m  14.5   0.0  0.01   6.3  25.0   9:15a     N
22  41.3  44.8   1:15p  38.9   9:30p  23.7   0.0  0.00   8.0  25.0   8:30a     N
23  41.6  47.7   3:15p  39.1   9:15a  23.4   0.0  0.03   4.5  20.0   5:00a     N
24  44.9  50.5   4:00p  39.6   1:00a  20.1   0.0  0.05   3.0  21.0   9:30p     S
25  47.2  50.1   3:30p  44.8   2:15a  17.8   0.0  0.04   4.9  16.0   7:15a     S
26  46.6  52.5   2:30p  42.2  11:45p  18.4   0.0  0.00   3.8  17.0  10:00a     S
27  41.4  43.9   2:15p  39.1   6:00a  23.6   0.0  0.05   4.5  17.0  12:00m     N
28  42.6  46.4   9:30p  38.3   5:00a  22.4   0.0  0.09  11.8  25.0   7:30a     S
29  43.7  47.4   1:00p  40.9   6:30a  21.3   0.0  0.00   6.3  21.0   8:00p     W
30  49.2  58.3   4:00p  41.8   7:15a  15.8   0.0  0.00   7.2  22.0  11:15p     S
31  56.9  63.2   3:15p  51.9  11:45p   8.1   0.0  0.00   9.2  24.0   7:45p   SSW
-------------------------------------------------------------------------------------
    49.2  75.1     9    36.6     2   495.1   4.3  0.70   5.8  35.0     1       S

Max >=  90.0:  0
Max <=  32.0:  0
Min <=  32.0:  0
Min <=   0.0:  0
Max Rain: 0.19 ON 10/03/03
Days of Rain: 9 (>.01 in) 2 (>.1 in) 0 (>1 in)
Heat Base:  65.0  Cool Base:  65.0  Method: Integration