NOAA-Style Climate Reports


Report for 2004
                            ANNUAL CLIMATOLOGICAL SUMMARY

NAME: Vantage Pro Plus  CITY: Sand Point   STATE: MI  
ELEV:   598 ft  LAT:  43° 54' 37" N  LONG:  83° 23' 03" W

               TEMPERATURE (°F), HEAT BASE 65.0, COOL BASE 65.0
                          DEP.  HEAT  COOL                                          
        MEAN  MEAN        FROM  DEG   DEG                        MAX  MAX  MIN  MIN 
 YR MO  MAX   MIN   MEAN  NORM  DAYS  DAYS  HI  DATE  LOW  DATE  >=90 <=32 <=32 <=0 
------------------------------------------------------------------------------------
 04  1  24.1   8.3  16.3  -3.5  1509     0  48.6   3  -8.9   21    0   27   30   10
 04  2  31.4  13.7  23.0   2.3  1219     0  42.9  29  -4.1    1    0   13   29    3
 04  3  41.2  29.6  34.7   4.1   940     0  57.0  25  17.3   13    0    3   19    0
 04  4  54.4  37.5  44.6   2.2   615     4  77.2  18  26.0    5    0    0    6    0
 04  5  62.9  47.3  54.5  -0.0   352    25  81.2  12  33.4    3    0    0    0    0
 04  6  73.0  57.0  64.3   0.3   103    81  85.7   8  48.9    4    0    0    0    0
 04  7  76.8  62.0  68.9  -0.4    30   151  87.0  21  54.4    3    0    0    0    0
 04  8  75.1  61.1  67.4   0.7    47   122  87.0   2  53.6   22    0    0    0    0
 04  9  77.0  60.2  67.2   7.5    59   125  87.0  23  48.2   30    0    0    0    0
 04 10  58.7  47.1  52.3   3.6   395     3  72.5   7  39.3    5    0    0    0    0
 04 11  46.0  36.8  41.0   3.4   719     0  55.1   6  27.2   25    0    0    4    0
 04 12  32.2  21.8  27.0   0.9  1173     0  48.3  31  -6.3   27    0   12   25    1
------------------------------------------------------------------------------------
        54.4  40.3  46.8   1.8  7161   512  87.0 JUL  -8.9  JAN    0   55  113   14

                                PRECIPITATION (in)

               DEP.   MAX        DAYS OF RAIN 
               FROM   OBS.          OVER
 YR MO  TOTAL  NORM   DAY  DATE .01   .1   1
---------------------------------------------
 04  1  0.75  -1.14  0.24   27    9    2    0
 04  2  0.47  -1.14  0.15    6    6    2    0
 04  3  1.49  -0.85  0.88    5    8    3    0
 04  4  2.26  -0.50  1.25   18    9    6    1
 04  5  5.26   2.37  0.83   23   18   12    0
 04  6  1.72  -1.19  0.60   24   10    6    0
 04  7  0.99  -2.05  0.41    7    7    3    0
 04  8  2.95  -0.73  0.75    2   10    8    0
 04  9  0.19  -3.56  0.15    6    2    1    0
 04 10  0.85  -1.69  0.29   29    9    2    0
 04 11  1.53  -1.27  0.42   24   11    7    0
 04 12  2.32   0.10  0.62    1    7    6    0
---------------------------------------------
       20.78-11.65  1.25  APR  106   58    1

                                WIND SPEED (mph)
                          DOM
 YR MO   AVG.  HI   DATE  DIR
---------------------------------
 04  1   7.1  37.0   14     N
 04  2   5.7  34.0   13   SSW
 04  3   7.8  36.0   29     S
 04  4   8.8  40.0    4     N
 04  5   6.5  39.0   17     S
 04  6   4.9  31.0   24     S
 04  7   3.9  33.0   13     N
 04  8   4.4  28.0    2     S
 04  9   4.9  33.0   28     S
 04 10   5.6  40.0   30     N
 04 11   6.9  39.0    4     S
 04 12   9.6  39.0    4     N
---------------------------------
         6.3  40.0  APR    S