NOAA-Style Climate Reports


Report for 2004 January
                   MONTHLY CLIMATOLOGICAL SUMMARY for JAN. 2004

NAME: Vantage Pro Plus   CITY: Sand Point   STATE: MI 
ELEV:   598 ft  LAT:  43° 54' 37" N  LONG:  83° 23' 03" W

                   TEMPERATURE (°F), RAIN  (in), WIND SPEED (mph)

                                      HEAT  COOL        AVG
    MEAN                              DEG   DEG         WIND                 DOM
DAY TEMP  HIGH   TIME   LOW    TIME   DAYS  DAYS  RAIN  SPEED HIGH   TIME    DIR
------------------------------------------------------------------------------------
 1  29.7  33.1  12:00m  26.9   5:45a  35.3   0.0  0.02   4.8  20.0  12:00m     S
 2  37.0  44.6  12:00m  32.9  12:15a  28.0   0.0  0.18   5.1  24.0   1:00a     S
 3  38.2  48.6   1:15a  31.0  12:00m  26.8   0.0  0.01   7.1  27.0   1:15a     W
 4  28.1  31.0  12:15a  26.4   9:45a  36.8   0.0  0.00   8.9  28.0  10:15p     N
 5  25.8  28.5   2:30a  22.7  12:00m  39.2   0.0  0.00   9.5  29.0   6:15a     N
 6  13.2  22.7  12:15a   9.3   9:15a  51.8   0.0  0.00  12.0  34.0   4:45p    NW
 7  14.7  21.0   2:30p  10.5   1:00a  50.3   0.0  0.00   9.1  32.0  12:30a   WNW
 8  19.8  26.3  12:45p  15.4  11:15p  45.2   0.0  0.01   5.9  20.0   9:15p   NNE
 9  10.4  16.5   2:45a   3.4  11:30p  54.6   0.0  0.02   3.6  22.0   1:15a   SSE
10  10.7  18.4  11:45p   1.8   7:00a  54.3   0.0  0.00   9.9  27.0   8:45p   SSW
11  25.4  28.5  11:00p  18.3  12:15a  39.6   0.0  0.05  12.8  29.0   2:45a   SSW
12  29.3  32.4  11:45p  27.8   9:30a  35.7   0.0  0.01   6.3  28.0  12:00m     N
13  20.4  31.2  12:15a  12.3  11:00p  44.6   0.0  0.00   8.6  27.0   8:00a     N
14  15.0  19.9  10:00p  10.7   6:15a  50.0   0.0  0.10   7.1  37.0  11:00p     S
15   6.3  13.3  12:30a   0.9   8:30p  58.7   0.0  0.01   8.7  34.0  12:45a     N
16   5.5  15.9   3:00p  -3.3  12:00m  59.5   0.0  0.00   3.4  17.0   3:45a     N
17  15.7  25.1  11:45p  -3.7  12:15a  49.3   0.0  0.02   5.8  17.0  11:45a     S
18  16.9  25.4   1:45p   8.3   8:45a  48.1   0.0  0.00   7.4  27.0   4:00p     N
19  13.9  21.3   3:30p   9.3   8:15a  51.1   0.0  0.00   7.8  26.0   1:15a     N
20   6.9  16.5   2:45p  -3.1   7:15p  58.1   0.0  0.00   4.6  19.0  12:30a     N
21  12.0  25.7  11:15p  -8.9   4:00a  53.0   0.0  0.00  14.4  34.0  12:30p   SSW
22   9.1  25.3  12:15a  -6.1  12:00m  55.9   0.0  0.02   7.7  27.0   4:15a    NW
23   3.8  11.6   4:15p  -7.7   4:45a  61.2   0.0  0.00   4.5  19.0   2:45a     W
24   6.7  14.3   2:30p  -1.2   9:00p  58.3   0.0  0.00   5.2  22.0   7:00a     N
25   5.8  15.1   3:00p  -8.6   8:30a  59.2   0.0  0.00   1.7  12.0  11:15p   ENE
26  16.6  19.5  12:00m  14.1  12:15a  48.4   0.0  0.06   7.2  25.0   3:30p     E
27  23.6  29.4   2:45p  14.8  12:00m  41.4   0.0  0.24   6.0  29.0   7:00p     N
28  16.8  26.7   2:30p   5.6  11:30p  48.2   0.0  0.00   6.3  22.0   5:45p   WNW
29   4.7  16.1   2:30p  -4.6   8:45a  60.3   0.0  0.00   6.6  21.0   2:45a     W
30   9.3  18.0   2:00p  -1.0  12:15a  55.7   0.0  0.00   8.1  27.0  12:00p     W
31  14.1  25.1   1:00p   4.5  12:00m  50.9   0.0  0.00   5.0  22.0   6:15a     W
-------------------------------------------------------------------------------------
    16.3  48.6     3    -8.9    21  1509.5   0.0  0.75   7.1  37.0    14       N

Max >=  90.0:  0
Max <=  32.0: 27
Min <=  32.0: 30
Min <=   0.0: 10
Max Rain: 0.24 ON 01/27/04
Days of Rain: 9 (>.01 in) 2 (>.1 in) 0 (>1 in)
Heat Base:  65.0  Cool Base:  65.0  Method: Integration