NOAA-Style Climate Reports


Report for 2004 March
                   MONTHLY CLIMATOLOGICAL SUMMARY for MAR. 2004

NAME: Vantage Pro Plus   CITY: Sand Point   STATE: MI 
ELEV:   598 ft  LAT:  43° 54' 37" N  LONG:  83° 23' 03" W

                   TEMPERATURE (°F), RAIN  (in), WIND SPEED (mph)

                                      HEAT  COOL        AVG
    MEAN                              DEG   DEG         WIND                 DOM
DAY TEMP  HIGH   TIME   LOW    TIME   DAYS  DAYS  RAIN  SPEED HIGH   TIME    DIR
------------------------------------------------------------------------------------
 1  35.8  38.5  11:00p  33.7   5:00a  29.2   0.0  0.03   7.6  21.0  10:15p     S
 2  37.6  42.9   4:45p  34.6  11:30p  27.4   0.0  0.07   8.1  24.0   3:15a     W
 3  35.4  38.2  12:45p  33.2  12:00m  29.6   0.0  0.00   2.6  13.0  10:00a     W
 4  36.5  44.9   3:15p  32.9  12:45a  28.2   0.0  0.16   2.8  13.0   9:30p   SSW
 5  37.7  47.4  11:15a  34.3   2:00a  27.0   0.0  0.88   7.2  30.0   4:15p     E
 6  34.2  36.9   4:00p  31.8   8:00a  30.8   0.0  0.00   4.7  21.0   6:45a    NW
 7  33.4  36.3  11:15a  29.8  12:00m  31.6   0.0  0.00   9.8  30.0  10:30p     S
 8  32.5  39.9   1:30p  27.9   6:30a  32.5   0.0  0.00   4.5  28.0  12:15a     N
 9  31.9  40.6   2:30p  27.3   7:30a  33.1   0.0  0.00   3.7  14.0   8:30a     N
10  32.8  42.8   2:00p  25.0   6:00a  32.2   0.0  0.00   6.8  19.0  10:15p   SSW
11  31.9  41.8   1:30p  22.2  10:30p  33.1   0.0  0.02  14.0  32.0   8:00p     S
12  21.2  23.6  12:45a  19.4   7:15a  43.8   0.0  0.01   9.9  32.0   5:15a    NW
13  25.7  33.7   4:00p  17.3   6:45a  39.3   0.0  0.00   6.2  26.0   9:30p    SW
14  33.0  37.3   2:30p  30.3   1:15a  32.0   0.0  0.00  17.3  35.0   4:30p     S
15  31.5  38.9   2:15p  27.2  11:45p  33.5   0.0  0.00   7.5  29.0   3:00a   ENE
16  27.5  30.4  12:15p  25.0  10:00p  37.5   0.0  0.00   6.6  20.0   8:30a   ENE
17  27.0  31.8   2:00p  23.8  12:00m  38.0   0.0  0.00   3.8  12.0   1:00a     S
18  28.9  39.6   1:45p  19.4   7:15a  36.1   0.0  0.00   2.0  12.0   3:15p     S
19  32.4  39.6   5:15p  25.6   3:45a  32.6   0.0  0.00   5.9  27.0  11:00p   SSW
20  38.5  51.1   4:15p  31.9  12:00m  26.5   0.0  0.19  11.3  30.0   9:00p     N
21  27.3  32.1   1:30p  19.9  12:00m  37.7   0.0  0.00  12.7  33.0   2:30a     N
22  25.7  33.5   4:00p  18.4   6:30a  39.3   0.0  0.00   9.3  28.0   7:15p     N
23  33.1  39.3   1:15p  28.2  12:15a  31.9   0.0  0.00   7.3  24.0   2:15a   WSW
24  36.4  43.1  11:45p  29.1   1:30a  28.6   0.0  0.08   8.0  20.0  12:00m     S
25  46.8  57.0   2:30p  41.8   7:00a  18.2   0.0  0.00   8.9  25.0  12:00m   SSW
26  48.9  55.7   4:00p  41.2  12:00m  16.1   0.0  0.04   9.5  24.0   4:00a   SSW
27  36.5  41.2  12:15a  34.3   8:45p  28.5   0.0  0.00   7.0  19.0  12:00p    NE
28  45.8  54.4   5:00p  35.6  12:15a  19.2   0.0  0.00  10.7  32.0  12:00m     S
29  47.2  52.9   2:00a  43.9   8:00a  17.8   0.0  0.01   9.0  36.0   1:15a     S
30  43.2  49.2  12:30p  37.6  10:45p  21.8   0.0  0.00   4.1  18.0   3:45p    NE
31  38.4  41.6   3:00p  35.8  12:00m  26.6   0.0  0.00  11.7  28.0  12:00p   NNE
-------------------------------------------------------------------------------------
    34.7  57.0    25    17.3    13   939.7   0.0  1.49   7.8  36.0    29       S

Max >=  90.0:  0
Max <=  32.0:  3
Min <=  32.0: 19
Min <=   0.0:  0
Max Rain: 0.88 ON 03/05/04
Days of Rain: 8 (>.01 in) 3 (>.1 in) 0 (>1 in)
Heat Base:  65.0  Cool Base:  65.0  Method: Integration