NOAA-Style Climate Reports


Report for 2004 April
                   MONTHLY CLIMATOLOGICAL SUMMARY for APR. 2004

NAME: Vantage Pro Plus   CITY: Sand Point   STATE: MI 
ELEV:   598 ft  LAT:  43° 54' 37" N  LONG:  83° 23' 03" W

                   TEMPERATURE (°F), RAIN  (in), WIND SPEED (mph)

                                      HEAT  COOL        AVG
    MEAN                              DEG   DEG         WIND                 DOM
DAY TEMP  HIGH   TIME   LOW    TIME   DAYS  DAYS  RAIN  SPEED HIGH   TIME    DIR
------------------------------------------------------------------------------------
 1  38.9  43.8   3:45p  34.9   6:00a  26.1   0.0  0.00  12.4  29.0   5:00a   NNE
 2  42.7  49.9   4:00p  38.6   7:30a  22.3   0.0  0.00   9.7  27.0   7:15a   NNE
 3  41.4  54.1   4:15p  34.7  12:00m  23.6   0.0  0.00   6.8  35.0  11:45p     N
 4  34.2  39.8   1:30p  30.0  12:00m  29.5   0.0  0.00  14.5  40.0   1:00a     N
 5  32.0  41.1   5:15p  26.0   7:15a  33.0   0.0  0.00   7.6  28.0   2:00a     N
 6  37.4  48.2   6:00p  29.4   3:30a  27.6   0.0  0.01   6.1  19.0   2:45p     S
 7  42.5  54.8   6:30p  35.2   7:00a  22.5   0.0  0.00   5.6  19.0   1:30a     N
 8  39.8  43.9  12:15a  35.2  11:15p  25.2   0.0  0.02   5.4  22.0   1:45p   NNE
 9  41.1  52.0   2:45p  34.1   7:15a  23.9   0.0  0.00   4.8  18.0   7:00a     N
10  36.8  44.9   3:00p  31.9   7:45a  28.2   0.0  0.00   5.5  19.0   7:15a     N
11  34.2  40.3   3:15p  31.3   3:15a  30.8   0.0  0.01   4.2  14.0   6:30a    NE
12  36.6  42.6   1:15p  31.2   6:45a  28.4   0.0  0.00   8.0  25.0   2:00p    NE
13  39.8  44.8  12:00p  36.2   3:45a  25.2   0.0  0.00   9.3  26.0   4:30p   NNE
14  43.0  53.6   3:15p  36.0   6:15a  22.0   0.0  0.00   6.3  24.0   7:00a     N
15  45.9  61.6   5:45p  36.6   2:45a  19.1   0.0  0.00   6.1  20.0  10:30p    NE
16  55.5  70.8   4:45p  45.2   6:00a  10.0   0.5  0.00  11.7  30.0   4:00a     S
17  52.7  62.7   4:45p  45.2   9:45p  12.3   0.0  0.21   4.6  25.0   5:45a    NE
18  59.6  77.2   6:00p  43.6   5:45a   7.6   2.2  1.25  13.6  34.0   7:15p   SSW
19  59.1  68.8   1:45a  41.6  11:45p   6.5   0.6  0.00  15.4  37.0   2:30p   SSW
20  44.0  52.3   4:00p  39.8   6:00a  21.0   0.0  0.02   5.7  17.0  12:15a    SE
21  57.7  68.9   3:00p  46.0  12:15a   7.6   0.2  0.06  15.0  38.0   3:45a     S
22  45.7  55.7   2:00p  40.6  12:00m  19.3   0.0  0.00   7.4  29.0  12:15a     N
23  46.3  58.6   6:00p  39.1   6:45a  18.7   0.0  0.00   5.1  17.0  12:15a   ENE
24  41.3  45.7   4:15a  36.8   9:45p  23.7   0.0  0.00   8.4  26.0  12:45p    NE
25  47.5  59.9   6:45p  38.5  12:15a  17.5   0.0  0.28   8.4  29.0  11:15p    SE
26  49.7  60.4   4:30p  42.3  12:00m  15.4   0.0  0.00   9.5  36.0   6:45p    NW
27  37.7  45.1   6:00p  32.4   7:45a  27.3   0.0  0.14   8.3  25.0   6:45a     N
28  45.1  58.7   6:45p  35.3   6:30a  19.9   0.0  0.12  16.4  35.0  12:45p     S
29  62.4  69.9   2:15p  56.5  12:30a   3.3   0.7  0.00  15.1  31.0  12:15p   SSW
30  47.5  62.7  12:30a  41.6  10:15p  17.5   0.0  0.14   8.4  20.0   1:30a    NE
-------------------------------------------------------------------------------------
    44.6  77.2    18    26.0     5   615.0   4.2  2.26   8.8  40.0     4       N

Max >=  90.0:  0
Max <=  32.0:  0
Min <=  32.0:  6
Min <=   0.0:  0
Max Rain: 1.25 ON 04/18/04
Days of Rain: 9 (>.01 in) 6 (>.1 in) 1 (>1 in)
Heat Base:  65.0  Cool Base:  65.0  Method: Integration