NOAA-Style Climate Reports


Report for 2004 May
                   MONTHLY CLIMATOLOGICAL SUMMARY for MAY. 2004

NAME: Vantage Pro Plus   CITY: Sand Point   STATE: MI 
ELEV:   598 ft  LAT:  43° 54' 37" N  LONG:  83° 23' 03" W

                   TEMPERATURE (°F), RAIN  (in), WIND SPEED (mph)

                                      HEAT  COOL        AVG
    MEAN                              DEG   DEG         WIND                 DOM
DAY TEMP  HIGH   TIME   LOW    TIME   DAYS  DAYS  RAIN  SPEED HIGH   TIME    DIR
------------------------------------------------------------------------------------
 1  44.9  50.7   1:30p  41.3  12:30a  20.1   0.0  0.42   8.1  26.0  10:45p   NNE
 2  40.0  42.5  12:15a  37.2   6:30a  25.0   0.0  0.30   9.7  31.0   3:30a     N
 3  40.1  46.0   2:30p  33.4   3:45a  24.9   0.0  0.10   5.8  21.0   1:30a     N
 4  46.0  56.6   3:15p  34.4   3:30a  19.0   0.0  0.04   9.9  26.0   4:45p   SSW
 5  49.5  58.6   6:15p  42.2   6:45a  15.5   0.0  0.00   8.1  25.0  11:15p     N
 6  55.1  66.8   3:15p  47.1  12:15a   9.9   0.0  0.00   8.2  25.0   9:15a     S
 7  48.2  53.8   2:45p  44.9  12:00m  16.8   0.0  0.00   8.1  24.0   9:15a     N
 8  45.6  53.8   7:15p  40.6   6:30a  19.4   0.0  0.68   5.1  20.0  12:00p   SSE
 9  52.3  61.6   2:30p  47.0   3:15a  12.7   0.0  0.57   4.9  24.0   6:15p    SE
10  63.3  78.8   5:00p  53.9  12:00m   4.4   2.7  0.07   7.3  20.0   9:00a     S
11  55.3  59.8   3:15p  51.6   4:45a   9.7   0.0  0.00   6.1  20.0   3:15p    NE
12  69.8  81.2   4:00p  57.8  12:15a   1.4   6.3  0.02   9.6  20.0   3:30a   SSW
13  69.7  79.8   1:30p  63.9   6:15a   0.0   4.7  0.21   3.6  16.0   1:15a     S
14  67.0  76.0   2:30p  49.5  12:00m   2.0   4.0  0.50  11.5  29.0   5:00p   SSW
15  48.1  53.3   5:45p  42.8  12:00m  16.9   0.0  0.00   4.5  21.0   6:15a     N
16  53.8  64.5   4:45p  42.3  12:45a  11.2   0.0  0.00   4.4  16.0  11:45p     S
17  63.1  76.7   3:15p  52.3   6:30a   4.3   2.5  0.24  13.0  39.0   5:00p     S
18  58.8  66.6  12:15a  49.2  11:45p   6.4   0.1  0.10   4.9  26.0   3:45a   ENE
19  56.5  67.8   6:30p  47.6   5:15a   8.6   0.2  0.00   3.8  18.0  12:00m    NE
20  63.8  76.1   2:30p  55.4   1:30a   3.8   2.6  0.01   8.3  31.0   9:30a     S
21  50.7  60.4  12:15a  45.1   3:00p  14.3   0.0  0.19   8.4  25.0   9:00a    NE
22  51.5  58.0   2:30p  46.7  12:15a  13.5   0.0  0.55   4.2  21.0  12:00m   NNE
23  49.6  55.6   3:00p  46.5   2:45a  15.4   0.0  0.83   5.5  35.0  12:00m    NE
24  51.5  56.3   4:15a  47.9  10:00p  13.5   0.0  0.29   4.4  30.0  12:15a    NE
25  51.4  57.0  10:15p  46.2   5:45a  13.6   0.0  0.02   3.4  14.0  10:30p     S
26  57.1  63.4   6:15p  53.5  11:45p   7.9   0.0  0.00   3.3  16.0   3:30p     S
27  59.2  69.6   1:45p  50.5   7:00a   6.6   0.8  0.00   7.7  20.0   7:15p   SSW
28  51.6  57.0   2:30p  44.1  11:30p  13.4   0.0  0.00   5.9  22.0   6:15a     N
29  53.6  62.4   2:15p  42.8   6:00a  11.4   0.0  0.00   2.9  13.0   5:30p     S
30  59.3  68.6   2:00p  50.7   6:00a   6.2   0.5  0.00   4.0  17.0  10:00p   SSE
31  61.6  69.4   5:00p  57.2  10:15a   3.9   0.5  0.12   6.7  19.0  11:30a   SSE
-------------------------------------------------------------------------------------
    54.5  81.2    12    33.4     3   351.7  24.9  5.26   6.5  39.0    17       S

Max >=  90.0:  0
Max <=  32.0:  0
Min <=  32.0:  0
Min <=   0.0:  0
Max Rain: 0.83 ON 05/23/04
Days of Rain: 18 (>.01 in) 12 (>.1 in) 0 (>1 in)
Heat Base:  65.0  Cool Base:  65.0  Method: Integration