NOAA-Style Climate Reports


Report for 2004 June
                   MONTHLY CLIMATOLOGICAL SUMMARY for JUN. 2004

NAME: Vantage Pro Plus   CITY: Sand Point   STATE: MI 
ELEV:   598 ft  LAT:  43° 54' 37" N  LONG:  83° 23' 03" W

                   TEMPERATURE (°F), RAIN  (in), WIND SPEED (mph)

                                      HEAT  COOL        AVG
    MEAN                              DEG   DEG         WIND                 DOM
DAY TEMP  HIGH   TIME   LOW    TIME   DAYS  DAYS  RAIN  SPEED HIGH   TIME    DIR
------------------------------------------------------------------------------------
 1  61.2  70.4   4:30p  53.5  10:45p   4.7   0.9  0.00   6.4  18.0   6:00p   SSW
 2  55.1  61.0   5:15p  51.6  11:45p   9.9   0.0  0.13   3.6  14.0  12:15p    NE
 3  56.6  62.9   6:00p  51.6  12:45a   8.4   0.0  0.00   4.8  24.0   7:15a    NE
 4  56.9  63.9   2:00p  48.9   6:30a   8.1   0.0  0.00   3.1  17.0   2:15p     N
 5  61.8  73.2   6:15p  49.5   5:30a   5.3   2.1  0.00   3.4  20.0  11:45p     S
 6  66.7  76.3   5:00p  59.2   5:15a   1.6   3.3  0.00   5.1  20.0  12:15a     S
 7  73.2  82.0   5:30p  66.3   6:00a   0.0   8.2  0.00   5.9  16.0  11:45p   SSW
 8  76.9  85.7   4:00p  70.3   6:00a   0.0  11.8  0.00   8.0  19.0   3:00a   SSW
 9  69.8  80.1  12:15p  58.6  12:00m   1.2   6.0  0.15   5.6  21.0   3:00p    NE
10  56.6  60.7   2:00p  53.3   8:30a   8.4   0.0  0.07   6.3  24.0   3:00p    NE
11  58.9  66.1  12:15p  54.2  12:00m   6.1   0.0  0.00   3.0  18.0   6:15p    NE
12  64.4  74.9   6:15p  53.6  12:30a   3.8   3.2  0.00   5.4  20.0  10:15a     S
13  69.0  79.8   1:30p  61.2   5:30a   0.7   4.6  0.15   5.3  24.0   7:15p     S
14  69.3  78.8   2:00p  64.7  12:00m   0.0   4.3  0.27   4.6  28.0   4:00p   SSW
15  63.2  69.9   5:45p  57.5   8:00a   2.6   0.9  0.00   3.7  17.0   7:00a    NE
16  68.1  79.8   1:15p  57.3   2:00a   1.9   5.1  0.00   5.3  22.0   4:45p     S
17  68.3  77.7   2:45p  61.2  10:00p   0.7   4.1  0.00   3.6  19.0   5:45p     N
18  70.5  80.7   1:45p  62.4   3:30a   0.5   6.0  0.00   3.5  22.0   9:30p     N
19  59.5  70.3  12:15a  53.1   7:30a   5.6   0.1  0.00   6.2  29.0  12:45a     N
20  64.6  72.5   6:00p  58.1   8:15a   2.6   2.1  0.00   5.1  20.0   7:30p    SW
21  63.5  71.6   1:15p  59.3  11:30p   2.5   1.0  0.07   7.0  27.0  10:15p     S
22  65.0  75.1   4:00p  59.0   5:45a   2.4   2.4  0.03   3.7  19.0   9:15p     W
23  65.7  75.4   3:45p  57.2   7:00a   1.6   2.4  0.00   7.3  28.0   6:45p   SSW
24  57.7  64.3   4:15a  50.2   3:45p   7.3   0.0  0.60   7.9  31.0   5:45a     W
25  59.3  67.3   6:15p  50.2   6:45a   5.9   0.2  0.00   3.7  16.0  10:30p   SSW
26  62.7  70.8   6:30p  54.8   6:30a   3.3   1.0  0.00   4.7  20.0   4:00a     N
27  64.7  72.0   4:15p  56.2   7:15a   2.3   2.1  0.00   4.0  18.0  12:00p   SSW
28  63.1  70.1   5:30p  55.3   6:00a   3.1   1.2  0.23   2.4  17.0   2:00a     N
29  66.6  76.0   4:15p  61.3  11:30p   1.0   2.6  0.02   5.0  27.0   5:30p   WSW
30  69.6  80.9   4:00p  59.2   5:15a   1.4   5.9  0.00   3.5  13.0   7:45p     S
-------------------------------------------------------------------------------------
    64.3  85.7     8    48.9     4   102.9  81.5  1.72   4.9  31.0    24       S

Max >=  90.0:  0
Max <=  32.0:  0
Min <=  32.0:  0
Min <=   0.0:  0
Max Rain: 0.60 ON 06/24/04
Days of Rain: 10 (>.01 in) 6 (>.1 in) 0 (>1 in)
Heat Base:  65.0  Cool Base:  65.0  Method: Integration