NOAA-Style Climate Reports


Report for 2004 July
                   MONTHLY CLIMATOLOGICAL SUMMARY for JUL. 2004

NAME: Vantage Pro Plus   CITY: Sand Point   STATE: MI 
ELEV:   598 ft  LAT:  43° 54' 37" N  LONG:  83° 23' 03" W

                   TEMPERATURE (°F), RAIN  (in), WIND SPEED (mph)

                                      HEAT  COOL        AVG
    MEAN                              DEG   DEG         WIND                 DOM
DAY TEMP  HIGH   TIME   LOW    TIME   DAYS  DAYS  RAIN  SPEED HIGH   TIME    DIR
------------------------------------------------------------------------------------
 1  69.2  75.6   2:30p  61.3  10:45p   0.4   4.5  0.00   4.2  20.0   7:00p    NE
 2  64.3  70.3   4:30p  58.7  12:00m   1.9   1.3  0.00   5.5  20.0   1:45p    NE
 3  67.6  81.1   6:15p  54.4   5:30a   3.0   5.6  0.00   2.2  13.0   1:45p   ENE
 4  72.7  82.0   4:15p  67.4  12:15a   0.0   7.7  0.14   8.8  28.0  11:15a     S
 5  65.6  71.5   2:30p  58.6  12:00m   1.2   1.8  0.00   5.0  22.0   5:00a     N
 6  65.1  77.9   6:15p  54.7   5:15a   3.6   3.7  0.09   3.4  14.0   6:00p     S
 7  68.3  75.4   5:15p  60.1  12:00m   0.4   3.6  0.41   3.3  25.0   7:45p     W
 8  61.6  66.4   3:00p  57.8  10:15a   3.4   0.0  0.00   3.8  18.0  10:00a     W
 9  64.5  71.6   6:00p  57.3   5:45a   2.5   2.0  0.00   1.3  13.0  12:15a   SSW
10  69.3  79.6   6:15p  60.7   5:45a   0.5   4.8  0.00   2.5  12.0   1:15p     S
11  72.1  80.9   1:45p  62.4   4:15a   0.3   7.3  0.00   1.8  13.0   2:00p     S
12  73.1  80.3   2:15p  67.4   7:00a   0.0   8.1  0.00   3.3  13.0   2:30a     S
13  75.6  85.7   4:15p  65.0  12:00m   0.0  10.6  0.13   3.0  33.0   9:45p     S
14  65.8  71.8   6:15p  63.4   2:30a   0.4   1.2  0.08   6.6  27.0   6:30p     N
15  70.6  80.9   1:45p  64.2   4:30a   0.1   5.7  0.00   6.0  24.0   7:00a     N
16  71.3  80.9   6:00p  64.3   6:45a   0.0   6.3  0.08   3.6  20.0   1:30a     N
17  67.3  70.8   1:45p  64.8  10:30p   0.0   2.3  0.01   5.8  22.0   3:00p     N
18  67.5  73.0   2:30p  63.7   6:45a   0.1   2.6  0.00   5.3  19.0   1:15p    NE
19  70.1  79.0   4:30p  59.8   3:30a   1.2   6.2  0.00   2.0  13.0  12:00m   SSW
20  74.8  82.8   3:15p  67.9   6:15a   0.0   9.8  0.04   2.5  14.0   6:00a    SW
21  77.6  87.0   2:45p  70.8   7:30a   0.0  12.6  0.00   4.5  22.0   9:15p     S
22  75.1  85.9   5:45p  67.1  12:00m   0.0  10.1  0.00   5.9  18.0   6:30p   SSW
23  63.1  67.8   6:00p  57.6  12:00m   2.4   0.5  0.00   6.8  22.0   7:00a     N
24  63.6  71.8   2:00p  57.2  12:45a   2.7   1.2  0.00   3.9  19.0   6:00a     N
25  65.7  74.2   1:15p  58.6   3:45a   2.1   2.7  0.00   3.7  17.0   3:00p    NE
26  65.0  73.2   2:00p  56.6   5:30a   2.5   2.5  0.00   2.4  14.0   3:45p    NE
27  65.2  67.8   1:45p  63.4   1:00a   0.3   0.6  0.01   2.0  11.0   7:15a     N
28  70.1  80.5   5:45p  60.1   4:45a   1.3   6.4  0.00   1.5   8.0   9:45a     S
29  72.9  80.7   2:00p  65.5   6:15a   0.0   7.9  0.00   3.7  12.0   3:30p     S
30  69.3  72.8   5:00p  65.5   6:45a   0.0   4.3  0.00   4.2  14.0  12:45a     S
31  72.5  81.2   6:00p  66.6  12:00m   0.0   7.5  0.00   3.2  14.0   7:15p     S
-------------------------------------------------------------------------------------
    68.9  87.0    21    54.4     3    30.3 151.4  0.99   3.9  33.0    13       N

Max >=  90.0:  0
Max <=  32.0:  0
Min <=  32.0:  0
Min <=   0.0:  0
Max Rain: 0.41 ON 07/07/04
Days of Rain: 7 (>.01 in) 3 (>.1 in) 0 (>1 in)
Heat Base:  65.0  Cool Base:  65.0  Method: Integration