NOAA-Style Climate Reports


Report for 2004 September
                   MONTHLY CLIMATOLOGICAL SUMMARY for SEP. 2004

NAME: Vantage Pro Plus   CITY: Sand Point   STATE: MI 
ELEV:   598 ft  LAT:  43° 54' 37" N  LONG:  83° 23' 03" W

                   TEMPERATURE (°F), RAIN  (in), WIND SPEED (mph)

                                      HEAT  COOL        AVG
    MEAN                              DEG   DEG         WIND                 DOM
DAY TEMP  HIGH   TIME   LOW    TIME   DAYS  DAYS  RAIN  SPEED HIGH   TIME    DIR
------------------------------------------------------------------------------------
 1  64.8  74.2   1:15p  59.9   2:45a   1.7   1.5  0.00   1.8  17.0   4:00p    NE
 2  70.4  81.6   5:15p  62.1   1:15a   0.7   6.1  0.00   3.1  14.0  11:30p     S
 3  72.1  83.0   3:45p  64.3   6:45a   0.1   7.2  0.00   3.6  16.0   1:00a     S
 4  74.7  85.9   5:00p  68.1   7:15a   0.0   9.7  0.00   0.6  10.0  11:15p     S
 5  73.9  82.2   4:00p  67.1   5:45a   0.0   8.9  0.00   4.2  19.0  11:00p     S
 6  75.0  82.2   4:30p  69.4   7:45a   0.0  10.0  0.15  12.4  27.0  12:00p     S
 7  68.7  79.9   5:15p  63.4   7:15a   0.2   3.9  0.00   3.2  22.0  11:15p     N
 8  65.9  70.3   2:00p  62.3   3:15a   0.7   1.6  0.00   8.0  26.0   3:30p    NE
 9  65.6  72.8   5:00p  60.9  10:15p   1.2   1.7  0.00   6.3  24.0   2:45a     N
10  64.9  75.4   5:30p  56.3   7:30a   2.2   2.1  0.00   0.9  13.0  12:00m     N
11  67.9  77.4   2:15p  60.7   6:30a   1.2   4.2  0.00   6.3  18.0   2:00a     S
12  69.2  78.5   1:30p  63.7   5:30a   0.2   4.4  0.00   3.3  12.0   6:00p     S
13  72.3  85.1   2:30p  64.5   7:30a   0.0   7.3  0.00   4.2  18.0   9:00p     S
14  73.0  82.0   2:15p  66.0   5:30a   0.0   8.0  0.00  10.0  21.0   9:45p     S
15  74.3  81.8   2:00p  67.9   7:00a   0.0   9.3  0.00  12.4  25.0   9:45p     S
16  71.0  76.8   4:45p  62.3  12:00m   0.3   6.3  0.00   8.5  24.0  12:30a     S
17  60.3  64.8   5:30p  58.4   7:15a   4.7   0.0  0.00   6.6  20.0   2:15a     N
18  63.5  74.4   2:15p  55.1  12:00m   3.4   1.9  0.00   3.1  16.0  12:30a     N
19  62.0  74.7   1:45p  53.3   2:00a   5.3   2.3  0.00   1.9  12.0   4:00p     N
20  63.5  79.6   5:30p  54.4   5:45a   3.9   2.3  0.00   5.1  17.0  10:45p     S
21  66.8  79.6   5:00p  55.7   6:15a   2.7   4.5  0.00   4.5  13.0  12:15a     S
22  68.4  79.8   5:00p  59.9   7:45a   1.2   4.6  0.00   1.4   8.0   3:30a     S
23  70.5  87.0   2:15p  61.6   6:30a   0.7   6.2  0.00   3.4  14.0   9:15p     S
24  70.7  78.8   2:15p  64.2   7:45a   0.0   5.7  0.00   7.7  17.0   2:30a     S
25  63.4  70.1  12:15a  59.5   6:45a   2.1   0.5  0.00   2.9  18.0   1:30a    NW
26  63.4  73.5   4:45p  53.6   7:45a   3.4   1.8  0.00   1.9  11.0   1:15a     S
27  65.1  76.5   5:00p  56.3   4:45a   2.6   2.7  0.00   1.5  10.0   2:45p     S
28  59.3  65.2  12:15a  55.4   8:00p   5.7   0.0  0.04  10.2  33.0   6:30a     N
29  57.7  67.1   5:00p  51.3  12:00m   7.4   0.1  0.00   5.4  19.0   7:00a     N
30  58.1  69.6   4:45p  48.2   7:45a   7.3   0.3  0.00   2.7  12.0   1:00p     S
-------------------------------------------------------------------------------------
    67.2  87.0    23    48.2    30    58.9 125.1  0.19   4.9  33.0    28       S

Max >=  90.0:  0
Max <=  32.0:  0
Min <=  32.0:  0
Min <=   0.0:  0
Max Rain: 0.15 ON 09/06/04
Days of Rain: 2 (>.01 in) 1 (>.1 in) 0 (>1 in)
Heat Base:  65.0  Cool Base:  65.0  Method: Integration