NOAA-Style Climate Reports


Report for 2004 October
                   MONTHLY CLIMATOLOGICAL SUMMARY for OCT. 2004

NAME: Vantage Pro Plus   CITY: Sand Point   STATE: MI 
ELEV:   598 ft  LAT:  43° 54' 37" N  LONG:  83° 23' 03" W

                   TEMPERATURE (°F), RAIN  (in), WIND SPEED (mph)

                                      HEAT  COOL        AVG
    MEAN                              DEG   DEG         WIND                 DOM
DAY TEMP  HIGH   TIME   LOW    TIME   DAYS  DAYS  RAIN  SPEED HIGH   TIME    DIR
------------------------------------------------------------------------------------
 1  61.4  72.3   3:15p  52.2   6:45a   4.9   1.3  0.00   7.2  19.0   6:00p     S
 2  55.1  62.4   1:00a  47.4   8:45a   9.9   0.0  0.09   8.0  29.0   6:00a     W
 3  53.4  62.1   5:00p  43.5   8:30a  11.6   0.0  0.00   9.8  19.0  12:30p     S
 4  50.7  57.0   3:45a  43.9  12:00m  14.3   0.0  0.00   7.8  27.0   4:15a     N
 5  48.1  56.0   5:15p  39.3   7:30a  16.9   0.0  0.00   5.3  20.0   9:45p   SSW
 6  57.0  67.1   4:15p  47.9   7:00a   8.3   0.2  0.00   7.2  20.0  10:00a   SSW
 7  59.8  72.5   4:00p  51.7   7:15a   6.2   1.0  0.00   3.3  13.0  10:00p     S
 8  59.7  66.3   2:30p  53.2   6:00a   5.3   0.0  0.02   8.5  24.0  10:30p     S
 9  58.5  65.3   3:30p  51.4  12:00m   6.5   0.0  0.01   8.2  28.0   7:00a     N
10  50.0  58.9   5:00p  45.7   8:00a  15.0   0.0  0.00   5.2  20.0   8:00a     N
11  50.5  62.0   1:45p  44.1   3:15a  14.5   0.0  0.00   1.7  13.0   2:15p     N
12  50.3  60.2   1:45p  43.5   6:30a  14.7   0.0  0.00   1.6  11.0   4:15p     N
13  52.9  61.0   2:15p  45.8   1:15a  12.1   0.0  0.00   2.4  14.0   8:15p    NE
14  55.6  57.6  12:30p  53.5  11:45p   9.4   0.0  0.02   5.5  21.0   2:30p    NE
15  51.9  53.5  12:15a  48.0  12:00m  13.1   0.0  0.28   2.0  27.0  11:45p     S
16  46.0  51.6   1:45p  41.3  12:00m  19.0   0.0  0.02  10.3  38.0   7:15p     W
17  42.8  48.0   2:30p  40.3   8:00a  22.2   0.0  0.04   7.9  31.0   6:30a     N
18  44.4  50.2   2:00p  40.5   6:45a  20.6   0.0  0.00   3.5  17.0  10:15p   ENE
19  46.8  49.6   4:30p  43.2   5:00a  18.2   0.0  0.00   3.9  17.0   1:30a   ENE
20  49.4  52.2   2:30p  47.6   7:00a  15.6   0.0  0.00   2.0  16.0  12:00m     N
21  50.2  55.9   2:45p  48.0   2:45a  14.8   0.0  0.00   4.5  17.0   2:15a     N
22  50.5  53.3   4:30p  48.8  11:45p  14.5   0.0  0.00   1.1   7.0   6:15p   SSE
23  52.7  56.5  11:00p  49.1  12:15a  12.3   0.0  0.05  10.9  26.0   5:45p     S
24  53.7  58.3   2:00a  52.0   9:00a  11.3   0.0  0.00   3.0  22.0   2:00a   WSW
25  54.6  61.3   2:00p  51.3   8:00a  10.4   0.0  0.00   1.5  16.0  11:15p     S
26  50.6  53.8  12:00p  47.6   7:45a  14.4   0.0  0.00   5.2  18.0  11:00p     N
27  50.5  52.9  12:30p  48.2  11:00p  14.5   0.0  0.02   6.6  24.0  11:00a    NE
28  51.8  60.9   2:00p  46.5   4:45a  13.2   0.0  0.00   2.0  11.0   3:15p     S
29  54.7  60.4  11:30p  49.8   3:45a  10.3   0.0  0.29   7.0  26.0   2:45a   SSE
30  59.6  68.4   1:00p  50.5  12:00m   5.6   0.2  0.01  13.5  40.0  12:45p     S
31  49.1  52.5  12:45p  44.3  12:00m  15.9   0.0  0.00   8.5  28.0   2:00a    NW
-------------------------------------------------------------------------------------
    52.3  72.5     7    39.3     5   395.5   2.7  0.85   5.6  40.0    30       N

Max >=  90.0:  0
Max <=  32.0:  0
Min <=  32.0:  0
Min <=   0.0:  0
Max Rain: 0.29 ON 10/29/04
Days of Rain: 9 (>.01 in) 2 (>.1 in) 0 (>1 in)
Heat Base:  65.0  Cool Base:  65.0  Method: Integration