NOAA-Style Climate Reports


Report for 2004 November
                   MONTHLY CLIMATOLOGICAL SUMMARY for NOV. 2004

NAME: Vantage Pro Plus   CITY: Sand Point   STATE: MI 
ELEV:   598 ft  LAT:  43° 54' 37" N  LONG:  83° 23' 03" W

                   TEMPERATURE (°F), RAIN  (in), WIND SPEED (mph)

                                      HEAT  COOL        AVG
    MEAN                              DEG   DEG         WIND                 DOM
DAY TEMP  HIGH   TIME   LOW    TIME   DAYS  DAYS  RAIN  SPEED HIGH   TIME    DIR
------------------------------------------------------------------------------------
 1  44.6  47.1   1:15p  43.5   8:45p  20.4   0.0  0.26   2.3  16.0   5:30p   ENE
 2  44.4  46.7   8:45a  41.6   7:30p  20.6   0.0  0.12   7.1  25.0  11:30a     N
 3  44.2  52.3   1:15p  41.5  12:00m  20.8   0.0  0.00   3.2  19.0   4:00a     N
 4  43.2  46.7   1:00p  40.9  10:30p  21.8   0.0  0.11   5.6  39.0  11:15p    NW
 5  44.5  49.5   1:45p  40.1   6:45a  20.5   0.0  0.00  10.4  32.0   5:15a    SW
 6  48.6  55.1   1:30p  43.8   6:15a  16.4   0.0  0.00   7.8  25.0   1:45a    SW
 7  45.8  53.6   1:00p  36.8  11:45p  19.2   0.0  0.00   8.6  31.0   6:00p   NNW
 8  36.0  40.9   1:00p  32.7  11:15p  29.0   0.0  0.00   7.5  25.0  10:45a   NNW
 9  35.8  40.5  12:15p  32.2   3:45a  29.2   0.0  0.00   5.9  20.0   9:30p     S
10  44.5  53.3   5:00p  35.3   2:15a  20.5   0.0  0.00  14.3  29.0   8:30a     S
11  37.6  47.9  12:45a  30.7  12:00m  27.4   0.0  0.02   7.9  30.0   3:30a     N
12  37.0  45.7   1:15p  28.1   5:00a  28.0   0.0  0.00   4.2  20.0   6:00p     N
13  37.1  45.2   3:00p  32.2   7:15a  27.9   0.0  0.00   2.5  17.0  12:15a     E
14  38.5  45.4   2:00p  32.2   6:30a  26.5   0.0  0.00   5.5  14.0   2:45a   SSW
15  38.3  41.9   3:45p  34.0   7:15a  26.7   0.0  0.00   4.5  12.0  11:45p     S
16  42.7  46.1   3:45p  39.5   8:00a  22.3   0.0  0.00   4.5  11.0  11:15a     S
17  46.4  48.8  10:00p  44.2   3:15a  18.6   0.0  0.08   3.5  11.0  12:15a   SSW
18  48.4  53.2   1:30p  44.5  10:00p  16.6   0.0  0.00   1.6  12.0  12:00p   WSW
19  45.0  48.6   3:15p  42.3   2:45a  20.0   0.0  0.02   3.9  17.0   6:00a   ENE
20  47.4  52.2   2:45p  44.9   2:30a  17.6   0.0  0.12   7.4  19.0  11:45p   SSE
21  43.3  47.3   1:00p  39.8  12:00m  21.7   0.0  0.00   6.3  25.0   2:45a   WNW
22  41.3  47.3   2:45p  36.6   7:30a  23.7   0.0  0.00   5.5  20.0  11:45p   WNW
23  44.5  50.2   2:00p  40.5  11:45p  20.5   0.0  0.00  10.2  22.0  12:45a     S
24  37.0  40.5  12:15a  32.4  12:00m  28.0   0.0  0.42  11.6  36.0   7:30p   NNE
25  32.1  36.2   2:15p  27.2   8:15a  32.9   0.0  0.04  10.8  36.0  12:15a     N
26  33.7  36.3   8:00p  30.3   9:00a  31.3   0.0  0.01   6.3  19.0   6:15p   SSE
27  39.7  43.8   8:30p  35.5  12:15a  25.3   0.0  0.19  14.9  30.0   6:45p     S
28  38.1  41.2  12:30a  35.0  12:00m  26.9   0.0  0.01  12.7  35.0  12:45p    NW
29  35.7  38.3   2:30p  32.2   9:30a  29.3   0.0  0.00   5.7  20.0   9:15p   SSW
30  35.2  38.3  12:00m  32.1  11:30a  29.8   0.0  0.13   3.4  14.0  12:15a   SSW
-------------------------------------------------------------------------------------
    41.0  55.1     6    27.2    25   719.4   0.0  1.53   6.9  39.0     4       S

Max >=  90.0:  0
Max <=  32.0:  0
Min <=  32.0:  4
Min <=   0.0:  0
Max Rain: 0.42 ON 11/24/04
Days of Rain: 11 (>.01 in) 7 (>.1 in) 0 (>1 in)
Heat Base:  65.0  Cool Base:  65.0  Method: Integration