NOAA-Style Climate Reports


Report for 2004 December
                   MONTHLY CLIMATOLOGICAL SUMMARY for DEC. 2004

NAME: Vantage Pro Plus   CITY: Sand Point   STATE: MI 
ELEV:   598 ft  LAT:  43° 54' 37" N  LONG:  83° 23' 03" W

                   TEMPERATURE (°F), RAIN  (in), WIND SPEED (mph)

                                      HEAT  COOL        AVG
    MEAN                              DEG   DEG         WIND                 DOM
DAY TEMP  HIGH   TIME   LOW    TIME   DAYS  DAYS  RAIN  SPEED HIGH   TIME    DIR
------------------------------------------------------------------------------------
 1  37.0  40.8   2:45p  33.2   5:30a  28.0   0.0  0.62   9.6  29.0   6:15a     W
 2  34.2  36.8  12:15a  32.9   6:30a  30.8   0.0  0.00   9.7  25.0  10:00p   SSW
 3  28.3  35.2   1:15a  22.9   8:15a  36.7   0.0  0.00  10.6  30.0   3:00a     N
 4  35.5  40.3   3:15p  30.3   1:00a  29.5   0.0  0.00  15.9  39.0  10:00a     S
 5  33.0  37.8   1:30p  30.0   6:45p  32.0   0.0  0.00   5.1  18.0   3:15a     N
 6  33.0  35.2  12:00m  30.4   7:30a  32.0   0.0  0.08   5.0  17.0  11:30a   ESE
 7  37.6  41.6  12:45p  35.2  12:15a  27.4   0.0  0.60   8.2  33.0   6:45p    SE
 8  38.6  44.3  12:45p  36.2  10:15p  26.4   0.0  0.00   5.1  20.0  12:30a     W
 9  39.6  44.9   3:45p  35.8   8:00a  25.4   0.0  0.00   4.9  16.0  12:45a   SSE
10  37.7  40.5   5:00a  34.4  12:00m  27.3   0.0  0.25   9.7  33.0  10:45p    NE
11  31.2  34.7  12:30a  29.4   9:45a  33.1   0.0  0.14   9.8  35.0   1:45a     N
12  32.3  35.0   7:00p  30.0  12:15a  32.4   0.0  0.01  12.1  30.0   2:30p     S
13  27.3  31.8  12:15a  22.2  11:45p  37.7   0.0  0.00  11.7  33.0  12:00p     N
14  23.2  27.0   8:15p  18.1   7:45a  41.8   0.0  0.00   8.1  33.0   7:45a     N
15  26.2  30.6   3:00p  21.1   8:30a  38.8   0.0  0.00  17.8  32.0   2:45p   SSW
16  30.5  33.7   2:00p  24.7  12:00m  34.5   0.0  0.00  16.3  32.0   8:15p   SSW
17  21.9  28.5   1:15p  18.3   8:00p  43.1   0.0  0.00   6.9  25.0  12:15a     N
18  28.1  32.4   7:30p  18.6  12:00m  35.7   0.0  0.01  14.0  29.0   1:45a     S
19   5.8  18.4  12:15a   0.7   8:30a  57.4   0.0  0.00  12.3  35.0   5:45a     N
20   9.8  16.7  12:00m   5.0  12:30a  54.6   0.0  0.00  10.1  29.0   7:45p     S
21  25.5  33.1   4:45p  16.7  12:15a  39.5   0.0  0.00  12.2  24.0   4:30a     S
22  22.4  26.9  12:15a  18.3   5:30p  42.6   0.0  0.00   7.5  24.0   6:00a     W
23  18.4  22.9   7:30a  13.3   8:30p  46.6   0.0  0.44  11.9  36.0   6:45a     N
24  10.5  14.0   3:30a   5.6  10:30p  54.5   0.0  0.00   6.7  25.0  12:45p     W
25   8.8  13.3   1:00p   2.4   1:00a  56.2   0.0  0.00   7.3  17.0   5:30a   SSE
26  18.9  25.1   3:00p  12.6  12:15a  46.1   0.0  0.16   2.6  19.0   2:00p     N
27  10.3  20.0  12:15a  -6.3   9:15a  54.7   0.0  0.00   2.1  13.0  12:00m     S
28  24.2  32.1  12:00m  18.6  12:15a  40.8   0.0  0.00  13.5  26.0  10:15a     S
29  31.8  36.0   2:15p  25.6  10:15p  33.2   0.0  0.00   2.6  13.0  12:15a     N
30  34.2  40.6  12:00m  28.1  12:15a  30.8   0.0  0.00   9.0  31.0   8:15p   SSE
31  41.5  48.3   1:15p  31.5  12:00m  23.5   0.0  0.01  19.3  35.0  12:30a     S
-------------------------------------------------------------------------------------
    27.0  48.3    31    -6.3    27  1173.1   0.0  2.32   9.6  39.0     4       N

Max >=  90.0:  0
Max <=  32.0: 12
Min <=  32.0: 25
Min <=   0.0:  1
Max Rain: 0.62 ON 12/01/04
Days of Rain: 7 (>.01 in) 6 (>.1 in) 0 (>1 in)
Heat Base:  65.0  Cool Base:  65.0  Method: Integration