NOAA-Style Climate Reports


Report for 2005 January
                   MONTHLY CLIMATOLOGICAL SUMMARY for JAN. 2005

NAME: Vantage Pro Plus   CITY: Sand Point   STATE: MI 
ELEV:   598 ft  LAT:  43° 54' 37" N  LONG:  83° 23' 03" W

                   TEMPERATURE (°F), RAIN  (in), WIND SPEED (mph)

                                      HEAT  COOL        AVG
    MEAN                              DEG   DEG         WIND                 DOM
DAY TEMP  HIGH   TIME   LOW    TIME   DAYS  DAYS  RAIN  SPEED HIGH   TIME    DIR
------------------------------------------------------------------------------------
 1  29.4  31.5  12:15a  27.8   2:30p  35.6   0.0  0.00   4.5  19.0  12:15p     N
 2  35.0  41.6  12:15p  31.3  12:15a  30.0   0.0  0.47   6.1  25.0  12:00p   WNW
 3  32.6  35.0  12:15p  30.3  11:30p  32.4   0.0  0.00   2.3  16.0   9:00p   NNE
 4  28.5  30.3  12:15a  27.2   7:45a  36.5   0.0  0.00   3.8  19.0  12:00m     N
 5  23.7  27.5  12:15a  22.4  10:15a  41.3   0.0  0.00  10.8  28.0   7:00a    NE
 6  23.0  29.0  12:30p  13.1  12:00m  42.0   0.0  0.38   7.0  30.0   2:00p   ENE
 7  19.0  26.3  11:00a  11.7   7:15p  46.0   0.0  0.00   7.2  21.0  11:00a   SSW
 8  25.1  30.0   1:15p  17.3  12:15a  39.9   0.0  0.00   1.6  13.0   1:45p   SSE
 9  28.4  31.6  11:45p  25.1  12:15a  36.6   0.0  0.00   7.9  21.0  11:45p     S
10  30.1  36.2   2:30p  26.9  10:00p  34.9   0.0  0.00   5.7  25.0   3:45a    NW
11  30.6  34.1  12:15p  26.7   2:45a  34.4   0.0  0.00   2.7  13.0   3:45p   ESE
12  35.5  47.3  11:15p  31.0   2:15a  29.5   0.0  0.47   8.2  33.0  11:15p   SSE
13  37.0  51.7   1:30a  28.1  12:00m  28.0   0.0  0.76   3.5  28.0  12:15a     N
14  14.0  28.1  12:15a   7.4  11:30p  51.0   0.0  0.00   6.3  24.0   3:15a   WNW
15  11.9  18.8   2:30p   7.4  12:15a  53.1   0.0  0.00   7.5  22.0  10:30a   WSW
16  10.6  16.9   1:15p   7.2   7:30a  54.4   0.0  0.00   5.1  19.0   7:15p    NW
17   7.1  14.9   2:15p   1.3  11:45p  57.9   0.0  0.00   7.8  25.0   4:30p    NW
18   7.5  14.8  11:00p  -0.4   5:00a  57.5   0.0  0.00  11.3  36.0   8:00p     S
19  20.8  28.4   1:45p  13.6  12:15a  44.2   0.0  0.00  13.8  37.0   1:30a     S
20  14.9  18.9   2:15p  11.9  12:00m  50.1   0.0  0.00   9.2  24.0   1:45a     N
21   9.3  14.0   1:15p   3.0   8:30p  55.7   0.0  0.01   7.3  24.0   3:15a     N
22  11.9  16.9   1:00p   5.2  12:15a  53.1   0.0  0.10  13.4  37.0   3:15p     N
23   9.8  21.3   2:45p   4.1  10:30p  55.2   0.0  0.10  11.1  34.0  12:30a     N
24  19.2  26.4  10:45p   8.6  12:15a  45.8   0.0  0.00  12.1  29.0   3:30a     S
25  26.0  27.9   9:00p  23.9   9:30a  38.6   0.0  0.00   3.8  16.0   6:45p   SSE
26  18.0  27.6  12:45a   7.4  12:00m  47.0   0.0  0.00  11.1  29.0   9:15a     N
27  10.5  22.4   3:15p   2.0  12:00m  54.0   0.0  0.00   4.2  19.0   3:00a     N
28   8.2  21.1   3:00p  -0.4   8:00a  56.8   0.0  0.00   3.1  12.0   7:15p   SSE
29  17.7  28.1   2:15p   7.4  12:15a  47.3   0.0  0.00   1.7   7.0  12:15a   SSE
30  26.7  32.2  12:45p  17.8  12:15a  37.9   0.0  0.00   4.8  18.0  11:15a     N
31  26.0  31.0   1:30p  21.0  10:00p  39.0   0.0  0.00   1.1   7.0  12:00p     N
-------------------------------------------------------------------------------------
    20.9  51.7    13    -0.4    18  1365.7   0.0  2.29   6.6  37.0    19       N

Max >=  90.0:  0
Max <=  32.0: 24
Min <=  32.0: 31
Min <=   0.0:  2
Max Rain: 0.76 ON 01/13/05
Days of Rain: 6 (>.01 in) 4 (>.1 in) 0 (>1 in)
Heat Base:  65.0  Cool Base:  65.0  Method: Integration