NOAA-Style Climate Reports


Report for 2005 February
                   MONTHLY CLIMATOLOGICAL SUMMARY for FEB. 2005

NAME: Vantage Pro Plus   CITY: Sand Point   STATE: MI 
ELEV:   598 ft  LAT:  43° 54' 37" N  LONG:  83° 23' 03" W

                   TEMPERATURE (°F), RAIN  (in), WIND SPEED (mph)

                                      HEAT  COOL        AVG
    MEAN                              DEG   DEG         WIND                 DOM
DAY TEMP  HIGH   TIME   LOW    TIME   DAYS  DAYS  RAIN  SPEED HIGH   TIME    DIR
------------------------------------------------------------------------------------
 1  24.2  29.4   4:30p  16.4   7:00a  40.8   0.0  0.00   2.2  10.0  10:30a   SSW
 2  23.9  28.8   1:00p  16.2  11:00p  41.1   0.0  0.00   2.9  12.0   6:00a   SSE
 3  25.4  34.6  11:15p  14.1   5:15a  39.6   0.0  0.00   5.2  18.0   3:00p     S
 4  31.3  39.1   1:45p  26.0   8:45a  33.7   0.0  0.00   3.1  11.0   3:30p     S
 5  31.4  42.8   2:15p  23.2   8:15a  33.6   0.0  0.00   4.6  13.0  12:00m     S
 6  34.0  37.8   2:15p  29.3   3:00a  31.0   0.0  0.00   7.5  20.0   6:30a     S
 7  35.7  38.9   9:45a  34.1   3:15a  29.3   0.0  0.02   4.7  16.0  12:45a     S
 8  30.6  36.5  12:15a  24.5  11:45p  34.4   0.0  0.00   4.3  16.0   8:00a     N
 9  23.4  26.4   2:15p  18.1  11:30p  41.6   0.0  0.01   7.4  20.0   2:00p     N
10  22.9  35.5   3:30p  14.0   8:00a  42.1   0.0  0.01   5.8  21.0   2:45a   NNW
11  25.3  30.1   2:30p  17.3   3:00a  39.7   0.0  0.00   5.3  16.0  11:00a    SW
12  33.9  43.9   3:00p  27.2   7:30a  31.1   0.0  0.00   5.9  19.0   6:30p    NW
13  26.9  31.9  12:30p  23.0   8:15a  38.1   0.0  0.02   6.0  20.0  11:30p    SE
14  34.8  40.5   2:30p  29.1  12:15a  30.2   0.0  0.27   9.5  32.0   9:00a     S
15  35.6  37.8   4:45p  32.4  11:45p  29.4   0.0  0.00   7.4  25.0  10:15a   SSW
16  29.8  34.6  12:45p  25.3  12:00m  35.2   0.0  0.00   7.6  22.0   5:30a     N
17  21.6  27.5   1:00p  13.5  11:00p  43.4   0.0  0.00   7.6  29.0   5:30p    NW
18  16.4  21.9   1:45p  11.9   8:45a  48.6   0.0  0.00   6.9  25.0  11:15p     N
19  23.5  31.8   4:30p  17.5   5:30a  41.5   0.0  0.00   6.4  22.0  12:15a    SW
20  23.8  26.6   9:45p  19.4   5:30a  41.2   0.0  0.06   7.6  21.0   8:00p    SE
21  29.8  33.1   3:00p  26.1   7:30a  35.2   0.0  0.00   2.8  14.0   1:30p     W
22  28.0  33.1   1:15p  21.1  12:00m  37.0   0.0  0.01   3.1  21.0   7:00p     N
23  18.4  29.1  12:00p   3.9   9:00a  46.6   0.0  0.00   2.0  12.0   2:15a    NW
24  20.5  25.0   2:30p  16.1   7:45p  44.5   0.0  0.00   5.3  17.0  11:45p   SSE
25  24.5  29.5   7:00p  18.9  12:15a  40.5   0.0  0.00   8.1  21.0  11:45p     S
26  15.6  25.1  12:15a   6.9   7:15a  49.4   0.0  0.00   3.9  20.0   2:30a   ESE
27  15.9  25.3   1:30p   0.0   5:15a  49.1   0.0  0.00   4.4  14.0  12:00p   SSE
28  28.8  35.6  12:30p  23.0   1:15a  36.2   0.0  0.10   4.3  18.0   8:45p    NE
-------------------------------------------------------------------------------------
    26.3  43.9    12     0.0    27  1084.1   0.0  0.50   5.4  32.0    14       S

Max >=  90.0:  0
Max <=  32.0: 14
Min <=  32.0: 26
Min <=   0.0:  1
Max Rain: 0.27 ON 02/14/05
Days of Rain: 5 (>.01 in) 1 (>.1 in) 0 (>1 in)
Heat Base:  65.0  Cool Base:  65.0  Method: Integration