NOAA-Style Climate Reports


Report for 2005 March
                   MONTHLY CLIMATOLOGICAL SUMMARY for MAR. 2005

NAME: Vantage Pro Plus   CITY: Sand Point   STATE: MI 
ELEV:   598 ft  LAT:  43° 54' 37" N  LONG:  83° 23' 03" W

                   TEMPERATURE (°F), RAIN  (in), WIND SPEED (mph)

                                      HEAT  COOL        AVG
    MEAN                              DEG   DEG         WIND                 DOM
DAY TEMP  HIGH   TIME   LOW    TIME   DAYS  DAYS  RAIN  SPEED HIGH   TIME    DIR
------------------------------------------------------------------------------------
 1  24.2  31.2  12:15a  16.1  12:00m  40.8   0.0  0.29  11.2  33.0   7:45a     N
 2  16.8  23.8   1:30p  11.4  12:00m  48.2   0.0  0.00   6.4  20.0   2:00a    NW
 3  14.5  24.8   1:45p   5.6   1:45a  50.5   0.0  0.00   5.6  17.0   5:15p    NW
 4  19.4  33.7   2:15p   6.9   7:00a  45.6   0.0  0.00   2.9  13.0  12:45a   SSW
 5  23.0  35.6   3:15p   6.7   7:15a  42.0   0.0  0.00   4.0  19.0  11:45p   SSW
 6  35.9  48.0   3:30p  28.2  12:15a  29.1   0.0  0.00   7.3  25.0   4:30a   SSW
 7  29.2  39.8   6:45a  15.7  12:00m  35.8   0.0  0.09  11.7  35.0   3:15p     N
 8  17.1  25.4   2:30p  10.7   7:30a  47.9   0.0  0.00   8.9  24.0   1:15a   NNW
 9  17.2  26.9   1:00p   9.9   6:30a  47.8   0.0  0.00   5.0  19.0  10:45p    NW
10  20.7  29.5   2:15p  10.5   5:30a  44.3   0.0  0.00   7.0  21.0   3:15p   SSW
11  24.6  32.5   1:00p  14.3   5:45a  40.4   0.0  0.01   4.4  19.0   6:15p   SSW
12  26.4  37.3   2:30p  17.3  11:30p  38.6   0.0  0.07   5.1  19.0   9:30a     N
13  17.1  27.0   3:30p   7.2   7:00a  47.9   0.0  0.00   4.1  13.0   4:00a   SSW
14  19.5  30.6   2:15p   6.7   6:45a  45.5   0.0  0.00   2.8  10.0  10:30a   SSW
15  22.5  34.7   4:00p   8.1   6:15a  42.5   0.0  0.00   3.0  17.0   8:45p    SW
16  24.3  36.9   2:15p   9.2   7:15a  40.7   0.0  0.00   2.4  13.0   3:45a    SW
17  28.3  35.3   3:00p  20.5   6:00a  36.7   0.0  0.00   2.0  10.0   8:30a   SSW
18  29.2  36.9  11:45a  23.2   7:00a  35.8   0.0  0.00   3.7  16.0   1:30p    NE
19  32.4  38.3   1:45p  26.4  12:30a  32.6   0.0  0.18   4.5  19.0   7:00a   ENE
20  34.2  38.0   2:15p  31.0  10:30p  30.8   0.0  0.00   3.1  18.0  10:00p     N
21  34.5  45.5  12:45p  29.1  11:45p  30.5   0.0  0.00   4.1  18.0   8:15a     N
22  31.4  41.1  12:45p  25.6   6:45a  33.6   0.0  0.00   3.3  16.0   5:15p    NE
23  29.7  31.9   4:15p  28.2  12:15a  35.3   0.0  0.00   8.0  27.0   3:00p    NE
24  32.4  37.8  12:15p  23.5   8:15a  32.6   0.0  0.00   3.8  14.0  11:00p     N
25  30.8  37.0  12:45a  24.7  10:00p  34.2   0.0  0.00   6.1  24.0   6:15a    NE
26  28.0  40.1   4:15p  16.4   4:45a  37.0   0.0  0.00   1.9  10.0  11:45a     N
27  33.6  49.5   3:30p  20.5   5:45a  31.4   0.0  0.00   2.0  11.0   4:30p   SSE
28  35.1  45.4   2:15p  27.0   6:15a  29.9   0.0  0.00   3.6  16.0   3:15p     N
29  38.9  48.0  11:30a  29.3   5:45a  26.1   0.0  0.00   4.0  14.0   2:45p    SE
30  44.8  52.5   4:30p  37.3   6:15a  20.2   0.0  0.00  13.1  29.0   2:00p   SSE
31  41.7  48.8   4:45a  36.9  10:30p  23.3   0.0  0.00  10.0  24.0  12:30a    SW
-------------------------------------------------------------------------------------
    27.7  52.5    30     5.6     3  1157.6   0.0  0.64   5.3  35.0     7       N

Max >=  90.0:  0
Max <=  32.0:  9
Min <=  32.0: 29
Min <=   0.0:  0
Max Rain: 0.29 ON 03/01/05
Days of Rain: 4 (>.01 in) 2 (>.1 in) 0 (>1 in)
Heat Base:  65.0  Cool Base:  65.0  Method: Integration