NOAA-Style Climate Reports


Report for 2005 April
                   MONTHLY CLIMATOLOGICAL SUMMARY for APR. 2005

NAME: Vantage Pro Plus   CITY: Sand Point   STATE: MI 
ELEV:   598 ft  LAT:  43° 54' 37" N  LONG:  83° 23' 03" W

                   TEMPERATURE (°F), RAIN  (in), WIND SPEED (mph)

                                      HEAT  COOL        AVG
    MEAN                              DEG   DEG         WIND                 DOM
DAY TEMP  HIGH   TIME   LOW    TIME   DAYS  DAYS  RAIN  SPEED HIGH   TIME    DIR
------------------------------------------------------------------------------------
 1  42.1  53.2   1:00p  34.9   6:45a  22.9   0.0  0.00   4.5  21.0  12:30a     W
 2  37.9  42.1   5:15p  35.8   9:30a  27.1   0.0  0.00  12.4  34.0  11:30a     N
 3  43.5  55.1   5:00p  35.6   5:00a  20.6   0.0  0.00  10.2  29.0   9:15a     N
 4  45.4  58.7   6:15p  36.0   7:15a  19.6   0.0  0.00   5.3  19.0   5:00a   NNW
 5  53.4  66.9   4:45p  41.8   5:00a  11.7   0.1  0.00   8.5  29.0  10:00a   SSE
 6  42.4  51.0  12:15a  39.5   8:00a  22.6   0.0  0.01   8.3  24.0   8:30p     N
 7  44.2  51.7   6:45p  39.9  12:30a  20.8   0.0  0.00   5.4  24.0  12:30p     N
 8  43.9  50.4   5:45p  38.8  12:00m  21.1   0.0  0.00   4.7  18.0  11:15a     N
 9  45.9  55.6   3:45p  36.3   4:30a  19.1   0.0  0.00   3.6  14.0   4:00p     N
10  45.2  52.3   1:30p  40.2   7:00a  19.8   0.0  0.00   6.4  22.0   4:15p    NE
11  43.7  52.9  11:45a  39.3   8:15p  21.3   0.0  0.00   9.3  29.0   2:45p    NE
12  42.0  54.1   1:45p  36.5   5:00a  23.0   0.0  0.00   9.2  31.0   3:30p    NE
13  43.4  49.9   2:00p  38.5   5:30a  21.6   0.0  0.00   7.3  24.0  11:00a    NE
14  42.6  46.4   2:00p  40.3   8:30p  22.4   0.0  0.00   7.9  25.0   2:00p    NE
15  45.4  56.6  12:30p  36.8   7:15a  19.6   0.0  0.00   6.0  20.0   3:45p    NE
16  53.8  71.8   5:30p  40.8   6:45a  12.0   0.7  0.00   4.5  16.0   4:15a     S
17  54.3  67.3   2:15p  49.2  10:30a  10.8   0.1  0.00   4.7  14.0   5:30a    NE
18  57.5  69.8   6:00p  45.4   6:30a   8.0   0.4  0.00   3.8  13.0   3:45p   SSE
19  64.3  79.2   4:00p  54.4   5:15a   3.8   3.1  0.00   5.1  20.0   9:15p   SSW
20  49.0  64.8   4:15a  40.3  11:15p  16.0   0.0  0.37  10.8  36.0   1:00p     N
21  43.7  53.2   2:00p  37.6   3:15a  21.3   0.0  0.00   5.1  20.0   6:15p    NE
22  42.5  48.9  12:15p  36.5   6:15a  22.5   0.0  0.00   6.3  29.0  12:00m    NE
23  36.5  45.1  12:30a  33.7   2:45p  28.5   0.0  0.34  20.5  42.0   9:00a     N
24  34.6  36.9  11:15p  32.2   8:15a  30.4   0.0  0.33  17.4  44.0   7:00a     N
25  42.9  53.5   6:15p  35.8   1:30a  22.1   0.0  0.01   7.2  26.0   1:00a    NW
26  46.3  49.1   5:30p  43.8  12:00m  18.7   0.0  0.02  11.1  27.0   3:30a     S
27  45.1  52.0   4:15p  41.8   6:30a  19.9   0.0  0.00   7.5  24.0   6:45p    SW
28  42.9  49.4   1:30p  36.9   5:45a  22.1   0.0  0.13   4.6  20.0   7:15a     W
29  43.1  50.7   4:15p  37.3   3:45a  21.9   0.0  0.00   4.0  14.0  12:15p    NE
30  46.9  55.4   4:15p  41.1   3:30a  18.1   0.0  0.00   4.1  21.0  12:00m    NE
-------------------------------------------------------------------------------------
    45.5  79.2    19    32.2    24   589.3   4.4  1.21   7.5  44.0    24       N

Max >=  90.0:  0
Max <=  32.0:  0
Min <=  32.0:  0
Min <=   0.0:  0
Max Rain: 0.37 ON 04/20/05
Days of Rain: 5 (>.01 in) 4 (>.1 in) 0 (>1 in)
Heat Base:  65.0  Cool Base:  65.0  Method: Integration