NOAA-Style Climate Reports


Report for 2005 May
                   MONTHLY CLIMATOLOGICAL SUMMARY for MAY. 2005

NAME: Vantage Pro Plus   CITY: Sand Point   STATE: MI 
ELEV:   598 ft  LAT:  43° 54' 37" N  LONG:  83° 23' 03" W

                   TEMPERATURE (°F), RAIN  (in), WIND SPEED (mph)

                                      HEAT  COOL        AVG
    MEAN                              DEG   DEG         WIND                 DOM
DAY TEMP  HIGH   TIME   LOW    TIME   DAYS  DAYS  RAIN  SPEED HIGH   TIME    DIR
------------------------------------------------------------------------------------
 1  44.6  53.8   2:00p  39.1   3:15a  20.4   0.0  0.06   6.3  27.0   9:45p     W
 2  41.6  46.8  12:30p  39.5   7:00a  23.4   0.0  0.06   6.7  26.0   6:15p     W
 3  40.8  47.9   1:15p  35.9   7:30a  24.2   0.0  0.00   4.9  17.0   4:45a     N
 4  47.9  58.7   5:45p  37.3   6:45a  17.1   0.0  0.00   6.4  17.0   3:00a     S
 5  53.6  66.8   4:30p  43.8   3:30a  11.4   0.1  0.00   8.3  21.0   5:00a     S
 6  55.2  67.1   2:15p  44.3   6:45a   9.9   0.1  0.12   6.3  19.0  10:00p     S
 7  49.7  54.4  12:15a  45.4  11:30p  15.3   0.0  0.00   6.0  20.0  10:30a    NE
 8  55.0  66.6   5:00p  42.8   5:00a  10.1   0.1  0.00   3.4  13.0   4:15p     N
 9  66.2  81.1   2:45p  56.5   5:45a   2.8   4.1  0.00   8.6  25.0  11:45p     S
10  66.1  74.9   1:15p  58.6   7:15a   1.6   2.8  0.04   9.2  28.0   2:00a     S
11  52.1  63.4  12:15a  45.8  12:00m  12.9   0.0  0.02   8.0  33.0  12:00m     N
12  40.0  45.8  12:15a  35.9   6:15a  25.0   0.0  0.00  11.7  35.0   3:15a    NE
13  47.2  52.2   8:45p  42.2  12:15a  17.8   0.0  0.17   7.8  25.0   3:30p   SSE
14  53.5  60.7   5:45p  48.8   4:30a  11.5   0.0  0.28   3.5  26.0  11:45p   SSE
15  49.6  56.6   1:15p  45.1  12:00m  15.4   0.0  0.02   6.4  22.0  12:15a     W
16  48.1  57.0   5:15p  40.6   2:15a  16.9   0.0  0.00   5.2  22.0   1:30a    NW
17  53.5  62.1   6:15p  44.2   7:00a  11.5   0.0  0.00   4.6  16.0  10:30p   SSE
18  57.2  65.2   3:00p  49.5   3:15a   7.8   0.0  0.00   5.6  17.0   1:00a   SSE
19  55.5  60.9  12:15p  50.7  11:45p   9.5   0.0  0.05   6.8  20.0  10:30a   SSE
20  54.0  60.4   6:00p  47.9   6:30a  11.0   0.0  0.00   5.4  21.0   1:45p    NE
21  59.8  71.3   1:15p  51.0   2:15a   6.0   0.8  0.00   2.5  13.0   6:15p   WSW
22  58.0  66.6   5:30p  51.0   5:45a   7.1   0.0  0.00   4.6  17.0   4:45p   SSE
23  52.6  58.6  12:15a  49.2   9:00a  12.4   0.0  0.27   7.6  21.0  11:30p   SSE
24  53.8  60.1   6:30p  49.2   6:00a  11.2   0.0  0.00   7.5  25.0   8:00a     N
25  57.5  68.4   1:15p  49.9   5:00a   7.6   0.2  0.00   3.6  13.0   6:00a    NE
26  61.1  73.2   2:30p  51.9   1:45a   5.0   1.1  0.00   2.4  14.0   4:30p   SSW
27  61.1  70.3   3:00p  53.1   6:15a   4.7   0.8  0.00   3.5  20.0   7:30p   SSW
28  57.9  65.6   2:30p  52.5   6:45a   7.1   0.0  0.01   2.5  21.0   4:45p    SW
29  59.9  70.1   4:15p  52.0   6:30a   5.7   0.6  0.01   3.0  24.0   6:30p   SSW
30  61.8  72.8   6:15p  53.8   6:00a   4.3   1.1  0.00   2.0  12.0   6:30p     N
31  61.7  70.6   6:00p  55.6   6:30a   3.9   0.6  0.00   3.6  16.0  12:45p     N
-------------------------------------------------------------------------------------
    54.1  81.1     9    35.9     3   350.5  12.4  1.11   5.6  35.0    12       N

Max >=  90.0:  0
Max <=  32.0:  0
Min <=  32.0:  0
Min <=   0.0:  0
Max Rain: 0.28 ON 05/14/05
Days of Rain: 10 (>.01 in) 4 (>.1 in) 0 (>1 in)
Heat Base:  65.0  Cool Base:  65.0  Method: Integration