NOAA-Style Climate Reports


Report for 2005 October
                   MONTHLY CLIMATOLOGICAL SUMMARY for OCT. 2005

NAME: Vantage Pro Plus   CITY: Sand Point   STATE: MI 
ELEV:   598 ft  LAT:  43° 54' 37" N  LONG:  83° 23' 03" W

                   TEMPERATURE (°F), RAIN  (in), WIND SPEED (mph)

                                      HEAT  COOL        AVG
    MEAN                              DEG   DEG         WIND                 DOM
DAY TEMP  HIGH   TIME   LOW    TIME   DAYS  DAYS  RAIN  SPEED HIGH   TIME    DIR
------------------------------------------------------------------------------------
 1  61.5  72.5   4:45p  53.9   7:45a   4.7   1.3  0.00   4.7  16.0  12:15a     S
 2  66.1  79.0   3:15p  56.9   8:00a   2.8   3.9  0.00   2.0  11.0  10:15p   SSE
 3  71.0  79.6   3:00p  65.8   6:15a   0.0   6.0  0.16   6.7  19.0   8:15a     S
 4  72.8  82.4   4:15p  66.6   7:45a   0.0   7.8  0.00   4.8  13.0  11:45p     S
 5  72.0  81.6   4:30p  65.2   7:45a   0.0   7.0  0.00   5.5  16.0  11:45p     S
 6  62.9  69.4  10:30a  49.5  11:45p   3.6   1.4  0.00   8.1  22.0   1:45p     S
 7  49.7  53.1   1:15p  48.0   7:00p  15.3   0.0  0.00   9.1  28.0   4:00p     N
 8  49.3  52.0   1:15p  47.6   6:15a  15.7   0.0  0.00   9.2  31.0   4:30a    NE
 9  51.3  54.2   5:30p  49.6  12:00m  13.7   0.0  0.00   4.5  21.0   5:30p    NE
10  52.6  58.6  12:45p  46.1   7:30a  12.4   0.0  0.00   2.0  14.0   1:00p   ENE
11  57.6  61.6   2:45p  53.9   1:15a   7.4   0.0  0.00   3.2  17.0   4:00a    NE
12  57.9  61.0  12:00p  55.9   7:00a   7.1   0.0  0.00   0.5   8.0   3:15a   ESE
13  58.5  63.2   2:45p  56.2   6:45a   6.5   0.0  0.00   0.5   7.0  11:45p   SSE
14  59.0  65.8   5:15p  55.1   4:00a   6.0   0.0  0.00   1.9  11.0  12:15p     S
15  55.8  59.9  12:00p  51.9  12:00m   9.2   0.0  0.00   5.6  27.0   6:15p     N
16  53.2  60.4   4:00p  48.5  12:00m  11.8   0.0  0.00   7.2  26.0   4:00a     N
17  49.7  54.1   9:30p  43.1   7:00a  15.3   0.0  0.10   3.6  20.0   9:30p     S
18  54.5  62.1   3:30p  49.9   8:15a  10.5   0.0  0.00   2.6  20.0   7:30a    NW
19  52.9  57.8   7:45a  46.5  12:00m  12.1   0.0  0.00   7.1  28.0   9:45a     N
20  48.2  57.2   2:15p  43.5   3:15a  16.8   0.0  0.00   0.7  11.0   9:45a   SSE
21  48.2  57.8   2:00p  43.8   3:15a  16.8   0.0  0.00   1.7  13.0   5:15p     E
22  47.1  53.6  12:00p  42.5   6:00a  17.9   0.0  0.03   2.7  21.0  10:15p    NE
23  45.2  47.4   2:45a  43.3   8:00p  19.8   0.0  0.81   4.5  24.0  10:30p     N
24  45.3  49.5   2:00p  42.6   4:30a  19.7   0.0  0.44   3.9  26.0  11:00p    NE
25  45.6  48.6  12:15p  42.9   3:30a  19.4   0.0  0.22   8.2  28.0  10:15p     N
26  42.7  49.4   2:00p  40.1   8:15a  22.3   0.0  0.01   6.9  30.0  12:15a     N
27  43.0  47.6   1:00p  40.8  12:00m  22.0   0.0  0.05   3.8  22.0  10:30p     N
28  43.4  53.5   2:15p  37.6   8:15a  21.6   0.0  0.06   1.4  16.0   9:30a     N
29  47.4  55.0   4:15p  40.9  12:15a  17.6   0.0  0.00   2.3  13.0   3:00a   WSW
30  49.7  57.5   3:00p  42.5   7:45a  15.3   0.0  0.00   7.1  19.0  11:45p     S
31  51.5  53.5   3:15p  48.9   4:15a  13.4   0.0  0.32   4.7  17.0   2:00a     S
-------------------------------------------------------------------------------------
    53.7  82.4     4    37.6    28   376.7  27.4  2.20   4.4  31.0     8       S

Max >=  90.0:  0
Max <=  32.0:  0
Min <=  32.0:  0
Min <=   0.0:  0
Max Rain: 0.81 ON 10/23/05
Days of Rain: 9 (>.01 in) 5 (>.1 in) 0 (>1 in)
Heat Base:  65.0  Cool Base:  65.0  Method: Integration