NOAA-Style Climate Reports


Report for 2005 November
                   MONTHLY CLIMATOLOGICAL SUMMARY for NOV. 2005

NAME: Vantage Pro Plus   CITY: Sand Point   STATE: MI 
ELEV:   598 ft  LAT:  43° 54' 37" N  LONG:  83° 23' 03" W

                   TEMPERATURE (°F), RAIN  (in), WIND SPEED (mph)

                                      HEAT  COOL        AVG
    MEAN                              DEG   DEG         WIND                 DOM
DAY TEMP  HIGH   TIME   LOW    TIME   DAYS  DAYS  RAIN  SPEED HIGH   TIME    DIR
------------------------------------------------------------------------------------
 1  48.6  54.2   1:15p  44.8  12:00m  16.4   0.0  0.31   2.7  20.0  12:45a    NW
 2  47.1  54.5   3:00p  39.9   6:30a  17.9   0.0  0.00   3.1  20.0  11:30p     S
 3  53.7  61.6   1:00p  48.9   9:30p  11.3   0.0  0.00   7.6  22.0   1:30a     S
 4  53.6  62.4   2:00p  48.5   2:15a  11.4   0.0  0.00   5.3  18.0  10:30a     S
 5  49.1  51.6  11:45a  47.1   5:00a  15.9   0.0  1.42   3.9  26.0   9:30p    NE
 6  49.3  58.4   6:45a  44.1  10:00p  15.7   0.0  0.26  11.5  40.0   2:45p     S
 7  47.0  53.8   4:15p  40.8   8:15a  18.0   0.0  0.00   4.9  20.0  12:30a     S
 8  48.3  56.7   1:00p  45.2   9:00p  16.7   0.0  0.00   2.0  19.0   3:30p     N
 9  48.2  58.0   1:00p  41.8  11:30p  16.8   0.0  0.04  13.1  36.0   6:15p     S
10  39.9  42.9  12:45p  37.0   7:30a  25.1   0.0  0.01   7.9  31.0   1:45a   NNW
11  42.6  51.3   3:00p  35.3   8:00a  22.4   0.0  0.00   5.2  13.0  11:30p     S
12  49.0  56.5   2:45p  41.1   3:45a  16.0   0.0  0.00   9.3  24.0  10:00p     S
13  50.8  56.2  10:00a  42.5  11:45p  14.2   0.0  0.04  19.3  44.0   9:00p     S
14  41.5  45.8   2:00p  38.5   7:30a  23.5   0.0  0.03   4.1  28.0  12:15a     N
15  43.7  55.6  11:45p  39.9   2:15a  21.3   0.0  0.47   6.9  25.0   2:30a   ENE
16  40.0  56.6   1:30a  30.3  12:00m  25.0   0.0  0.01  18.3  41.0   1:30a    SW
17  28.7  31.3   2:30p  24.5  11:15p  36.3   0.0  0.00   8.8  31.0   1:45a    NW
18  26.9  32.8  12:00m  23.0   8:15a  38.1   0.0  0.00  13.9  30.0  12:30p   SSW
19  38.5  47.0   2:45p  32.5   1:00a  26.5   0.0  0.00  14.4  28.0  12:30p     S
20  40.0  42.2   8:30p  37.2   8:15a  25.0   0.0  0.00   5.8  25.0  11:15p   SSW
21  39.8  41.1  12:15a  37.5  12:00m  25.2   0.0  0.00   7.6  27.0   2:30a     W
22  28.8  37.5  12:15a  21.9  12:00m  36.2   0.0  0.02  11.3  32.0   5:15a     N
23  26.9  32.7  11:45p  21.9  12:15a  38.1   0.0  0.00   8.9  24.0  12:00p     S
24  20.0  32.8  12:30a  13.8  11:30a  45.0   0.0  0.00  14.0  44.0   5:30a    NW
25  25.1  29.4   3:45p  21.6   1:00a  39.9   0.0  0.00   9.7  24.0   1:30a   SSW
26  24.2  28.4   4:15p  20.6   7:45a  40.4   0.0  0.00   4.4  22.0  12:45a   SSE
27  35.1  40.3  11:15p  25.1   1:00a  29.9   0.0  0.00   4.7  16.0   1:45p     S
28  47.3  54.5   8:00p  38.8  12:15a  17.7   0.0  0.14  13.1  34.0   8:00p     S
29  38.8  49.8  12:15a  32.8  11:45p  26.2   0.0  0.00  10.1  28.0   8:00p   SSW
30  32.1  33.4   3:45p  30.1   7:45a  32.9   0.0  0.00   9.5  25.0   4:15p   SSW
-------------------------------------------------------------------------------------
    40.2  62.4     4    13.8    24   745.0   0.0  2.75   8.7  44.0    13       S

Max >=  90.0:  0
Max <=  32.0:  3
Min <=  32.0: 10
Min <=   0.0:  0
Max Rain: 1.42 ON 11/05/05
Days of Rain: 9 (>.01 in) 5 (>.1 in) 1 (>1 in)
Heat Base:  65.0  Cool Base:  65.0  Method: Integration