NOAA-Style Climate Reports


Report for 2005 December
                   MONTHLY CLIMATOLOGICAL SUMMARY for DEC. 2005

NAME: Vantage Pro Plus   CITY: Sand Point   STATE: MI 
ELEV:   598 ft  LAT:  43° 54' 37" N  LONG:  83° 23' 03" W

                   TEMPERATURE (°F), RAIN  (in), WIND SPEED (mph)

                                      HEAT  COOL        AVG
    MEAN                              DEG   DEG         WIND                 DOM
DAY TEMP  HIGH   TIME   LOW    TIME   DAYS  DAYS  RAIN  SPEED HIGH   TIME    DIR
------------------------------------------------------------------------------------
 1  29.8  31.6  12:15a  28.5   9:00p  35.2   0.0  0.01   2.3  21.0  11:45p   WNW
 2  26.9  31.6   1:00p  22.4  11:00p  38.1   0.0  0.03   9.1  27.0   2:15p   NNW
 3  24.4  30.0  12:45p  21.3   3:15a  40.6   0.0  0.01   6.7  22.0   1:00a    NW
 4  24.7  30.1   2:00p  21.4   1:00a  40.3   0.0  0.01   6.2  28.0   5:45p   WNW
 5  21.3  23.3   1:15p  19.2   6:00a  43.7   0.0  0.00   7.9  25.0   6:15a     W
 6  18.0  22.7   1:00p  15.1   8:15a  47.0   0.0  0.00   7.0  25.0   8:30a   WNW
 7  20.5  27.9   1:45p  15.6   6:30a  44.5   0.0  0.00   5.6  22.0   5:15a   WNW
 8  19.3  25.3  12:00m  12.8   7:45a  45.7   0.0  0.01   3.0  11.0   7:45a   SSW
 9  26.0  28.8   3:30a  22.2  12:00m  39.0   0.0  0.21   9.7  31.0  11:45p    SW
10  21.0  25.4   4:45p  17.2   9:45a  44.0   0.0  0.00  22.4  33.0   4:15a   SSW
11  23.0  28.7   9:15a  16.2   9:00p  42.0   0.0  0.01   8.0  24.0   2:00p   NNW
12  20.8  30.9   1:00p  17.0   1:45a  44.2   0.0  0.00   5.4  19.0   1:45a     N
13  20.0  23.3  11:00p  15.9   7:15a  45.0   0.0  0.00   2.5  11.0   3:00a     S
14  24.6  26.7   1:15p  21.0   4:45a  40.4   0.0  0.00   8.2  21.0  11:15p     S
15  28.6  30.6  11:30p  24.7  12:15a  36.4   0.0  0.08   5.2  18.0  12:15a     S
16  25.3  30.4   1:00a  18.6   4:45a  39.7   0.0  0.00   9.0  29.0  11:30p   SSW
17  24.9  26.9  12:45p  23.5   8:00p  40.1   0.0  0.00   9.4  25.0   3:45a    SW
18  20.3  24.5  12:15a  14.6  10:00p  44.7   0.0  0.00   5.8  20.0  11:45a     W
19  17.1  23.0   1:30p  13.5   3:00a  47.9   0.0  0.00   9.2  24.0  12:15p    SW
20  22.5  30.1   1:45p  17.2  12:15a  42.5   0.0  0.00   5.5  26.0  12:15a   WSW
21  23.7  30.4   2:30p  15.9   2:00a  41.3   0.0  0.00   7.1  21.0   8:00a   SSW
22  27.7  34.4   7:00p  22.4   8:45a  37.3   0.0  0.00  16.3  32.0  11:45a   SSW
23  34.1  35.6   7:15p  31.3   4:45a  30.9   0.0  0.07   8.2  18.0   1:15p   SSW
24  34.0  35.6   2:30p  32.4   5:30a  30.7   0.0  0.20   0.7  11.0  12:30a   SSW
25  34.7  35.9  11:45a  33.5  10:30p  30.3   0.0  0.14   5.8  25.0  10:15p     N
26  32.7  37.0   3:15p  28.8  10:00p  32.3   0.0  0.00   6.9  29.0   1:15a     N
27  31.9  32.7  11:00a  30.7  12:30a  33.1   0.0  0.00   3.4  13.0  11:00a     S
28  34.3  35.9  12:30p  32.4  12:15a  30.7   0.0  0.26   3.1  22.0  12:00m    NE
29  33.3  34.4  12:15a  30.7  12:00m  31.7   0.0  0.01  10.0  25.0   8:00a     N
30  30.2  31.9   1:30p  29.0   8:00p  34.8   0.0  0.00   3.2  14.0   2:30a   ESE
31  31.6  33.5  11:30p  30.0  12:15a  33.4   0.0  0.02   2.6  14.0   1:30a   SSE
-------------------------------------------------------------------------------------
    26.0  37.0    26    12.8     8  1207.5   0.0  1.07   6.9  33.0    10     SSW

Max >=  90.0:  0
Max <=  32.0: 22
Min <=  32.0: 28
Min <=   0.0:  0
Max Rain: 0.26 ON 12/28/05
Days of Rain: 8 (>.01 in) 4 (>.1 in) 0 (>1 in)
Heat Base:  65.0  Cool Base:  65.0  Method: Integration