NOAA-Style Climate Reports


Report for 2006 February
                   MONTHLY CLIMATOLOGICAL SUMMARY for FEB. 2006

NAME: Vantage Pro Plus   CITY: Sand Point   STATE: MI 
ELEV:   598 ft  LAT:  43° 54' 37" N  LONG:  83° 23' 03" W

                   TEMPERATURE (°F), RAIN  (in), WIND SPEED (mph)

                                      HEAT  COOL        AVG
    MEAN                              DEG   DEG         WIND                 DOM
DAY TEMP  HIGH   TIME   LOW    TIME   DAYS  DAYS  RAIN  SPEED HIGH   TIME    DIR
------------------------------------------------------------------------------------
 1  33.7  38.9   7:00p  28.2   2:45a  31.3   0.0  0.00   9.6  30.0  11:45a     S
 2  34.7  40.3   2:45p  32.7   8:30a  30.3   0.0  0.00   1.4  13.0  12:15a   SSW
 3  34.9  36.9   8:30p  33.2  12:30a  30.1   0.0  0.00   1.3   7.0   4:45a     N
 4  34.2  37.2  12:15p  31.2  12:00m  30.8   0.0  0.46   5.0  28.0   8:45p     N
 5  26.5  31.2  12:15a  23.9  12:00m  38.5   0.0  0.14  11.6  35.0   3:45p     N
 6  26.2  32.9   3:15p  21.9   2:00a  38.8   0.0  0.00   9.9  31.0   6:30a   WNW
 7  26.6  35.2   2:00p  22.5  12:00m  38.4   0.0  0.00   6.0  27.0   1:15a     N
 8  22.2  27.3  12:45p  18.8   7:45p  41.9   0.0  0.04   6.8  26.0   1:45p     N
 9  24.0  28.2   3:45p  17.8   1:00a  41.0   0.0  0.00   3.4  20.0   9:15a    NW
10  24.5  30.9   2:45p  20.0   3:30a  40.5   0.0  0.00   1.7  11.0   1:00p     S
11  22.5  30.0  11:30a  12.9   3:45a  42.5   0.0  0.00   0.9  16.0  10:45a   NNE
12  20.4  28.1   2:30p   6.0   7:45a  44.6   0.0  0.00   1.9  17.0  10:15p    SW
13  23.9  26.6   2:45p  20.3   7:15a  41.1   0.0  0.00   7.4  27.0   3:45p    SW
14  28.9  33.8   4:45p  24.7   7:45a  36.1   0.0  0.00   6.4  24.0   4:45p   SSW
15  32.8  38.8   1:45p  28.7   1:15a  32.2   0.0  0.00   1.6  12.0  11:15p   WSW
16  30.3  32.5   9:45p  26.9  12:00m  34.7   0.0  1.13   3.8  20.0   1:30p   ENE
17  20.4  28.7   2:30p  10.4  12:00m  44.6   0.0  0.02   0.0   0.0     ---   ---
18   8.1  17.0   1:45p   2.2   7:00a  56.9   0.0  0.00   3.0  19.0   4:30p     W
19  13.0  20.8   1:45p   6.1  12:15a  52.0   0.0  0.00  10.7  30.0   2:15p    SW
20  20.8  26.3   3:30p  14.3   2:45a  44.2   0.0  0.00  11.5  25.0   2:00p    SW
21  27.9  35.5   1:30p  21.3  12:00m  37.1   0.0  0.00   7.2  25.0   1:15a   SSW
22  29.2  40.6   4:30p  20.0   6:15a  35.8   0.0  0.00   3.9  19.0  10:15a   WSW
23  29.0  37.9   3:30p  22.1  12:00m  36.0   0.0  0.00   7.4  29.0   7:30p   NNW
24  24.7  29.4   2:00p  17.8   7:30a  40.3   0.0  0.00   5.6  20.0  12:15a   SSE
25  27.7  36.2   3:15p  18.9  12:00m  37.3   0.0  0.00   9.9  33.0  10:00a     N
26  20.5  27.6   2:15p  15.4   7:15a  44.5   0.0  0.00   6.2  29.0   1:00a     N
27  22.9  31.5   4:45p  17.7  12:00m  42.1   0.0  0.00   5.2  24.0   8:45p     N
28  22.9  31.9   4:45p  14.4   7:00a  42.1   0.0  0.00   4.7  22.0   9:00p    NW
-------------------------------------------------------------------------------------
    25.5  40.6    22     2.2    18  1105.7   0.0  1.79   5.5  35.0     5       N

Max >=  90.0:  0
Max <=  32.0: 15
Min <=  32.0: 26
Min <=   0.0:  0
Max Rain: 1.13 ON 02/16/06
Days of Rain: 5 (>.01 in) 3 (>.1 in) 1 (>1 in)
Heat Base:  65.0  Cool Base:  65.0  Method: Integration