NOAA-Style Climate Reports


Report for 2006 March
                   MONTHLY CLIMATOLOGICAL SUMMARY for MAR. 2006

NAME: Vantage Pro Plus   CITY: Sand Point   STATE: MI 
ELEV:   598 ft  LAT:  43° 54' 37" N  LONG:  83° 23' 03" W

                   TEMPERATURE (°F), RAIN  (in), WIND SPEED (mph)

                                      HEAT  COOL        AVG
    MEAN                              DEG   DEG         WIND                 DOM
DAY TEMP  HIGH   TIME   LOW    TIME   DAYS  DAYS  RAIN  SPEED HIGH   TIME    DIR
------------------------------------------------------------------------------------
 1  25.1  31.5  12:30p  18.9   7:30a  39.9   0.0  0.00   2.2  13.0  12:15a   SSE
 2  25.1  28.8   3:45a  16.5  10:30p  39.9   0.0  0.53   3.8  19.0  10:15a     N
 3  21.2  35.8   1:45p  14.1   7:00a  43.8   0.0  0.00   4.1  18.0  12:45a   NNW
 4  23.0  37.5   3:30p  10.4   7:00a  40.2   0.0  0.00   2.9  16.0   3:45a   NNW
 5  22.9  35.6   1:00p   4.3   7:30a  42.1   0.0  0.00   0.6  12.0   1:15a    NW
 6  28.3  40.3  12:15p  20.5  12:00m  36.7   0.0  0.00   2.5  19.0   1:45p    NE
 7  21.4  35.5   2:30p   5.8   7:15a  43.6   0.0  0.00   1.4  13.0  12:00m   SSE
 8  33.2  39.9   4:30p  27.2   2:30a  31.8   0.0  0.00   6.3  19.0   9:00a     S
 9  37.6  41.3   1:15p  34.1  12:45a  27.4   0.0  0.11   5.9  16.0   5:00a     S
10  36.9  41.9   3:45p  32.9  12:00m  28.1   0.0  0.56   4.5  21.0   7:00a   WSW
11  37.7  45.5   3:15p  29.8   6:15a  27.3   0.0  0.00   5.7  17.0   2:45p     S
12  42.7  55.0   2:30p  36.9  12:15a  22.3   0.0  0.00   3.1  21.0  10:00a    NE
13  39.3  53.1   2:45p  33.5   5:00a  25.7   0.0  0.79   8.8  39.0  12:00m    NE
14  31.1  35.9   1:30p  27.3   7:30a  33.9   0.0  0.00  13.2  39.0  12:15a   WNW
15  33.1  41.6   3:00p  27.6   4:15a  31.9   0.0  0.00   9.6  36.0  12:30a    NW
16  30.3  37.5   3:45p  26.4   6:30a  34.7   0.0  0.00   4.7  16.0   5:00p    NE
17  29.4  33.8   3:45p  25.6  12:00m  35.6   0.0  0.00   5.4  22.0  11:00p     N
18  28.9  38.8   3:00p  22.9   7:15a  36.1   0.0  0.00   9.9  26.0   5:45a     N
19  33.9  46.1   2:45p  26.9  12:15a  31.1   0.0  0.00   9.0  27.0  10:15p     N
20  26.6  30.3   2:30p  23.8   7:30p  38.4   0.0  0.00   8.8  29.0   7:15p     N
21  28.6  35.0   4:15p  24.1   6:15a  36.4   0.0  0.00   6.1  25.0   8:45a     N
22  33.5  38.5   1:15p  30.3   9:00a  31.5   0.0  0.00   4.6  22.0  12:15a     N
23  34.1  41.2   2:45p  30.0   3:45a  30.9   0.0  0.00   1.6  11.0   4:30a     N
24  34.3  39.6  11:45a  32.4   5:30a  30.7   0.0  0.00   1.7  12.0  12:00p   NNE
25  34.9  39.9   4:15p  31.3   2:45a  30.1   0.0  0.02   5.2  25.0  11:00a     N
26  38.1  47.7   2:45p  33.2   3:15a  26.9   0.0  0.00   3.4  12.0  12:15a     N
27  39.5  50.7   4:45p  31.3   6:45a  25.5   0.0  0.00   2.6  12.0   7:45p     S
28  40.1  46.7   1:00p  34.7   6:45a  24.9   0.0  0.00   3.0  11.0   1:15p   SSE
29  44.6  56.5   3:45p  35.5   6:00a  20.4   0.0  0.00   2.6  11.0   9:45p     S
30  50.5  63.2   3:00p  40.9   1:15a  14.5   0.0  0.00   5.9  18.0  11:00p     S
31  53.6  64.0   4:30p  45.1  12:00m  11.4   0.0  0.18  14.8  35.0   1:00p     S
-------------------------------------------------------------------------------------
    33.5  64.0    31     4.3     5   973.7   0.0  2.19   5.3  39.0    13       N

Max >=  90.0:  0
Max <=  32.0:  3
Min <=  32.0: 21
Min <=   0.0:  0
Max Rain: 0.79 ON 03/13/06
Days of Rain: 6 (>.01 in) 5 (>.1 in) 0 (>1 in)
Heat Base:  65.0  Cool Base:  65.0  Method: Integration