NOAA-Style Climate Reports


Report for 2006 April
                   MONTHLY CLIMATOLOGICAL SUMMARY for APR. 2006

NAME: Vantage Pro Plus   CITY: Sand Point   STATE: MI 
ELEV:   598 ft  LAT:  43° 54' 37" N  LONG:  83° 23' 03" W

                   TEMPERATURE (°F), RAIN  (in), WIND SPEED (mph)

                                      HEAT  COOL        AVG
    MEAN                              DEG   DEG         WIND                 DOM
DAY TEMP  HIGH   TIME   LOW    TIME   DAYS  DAYS  RAIN  SPEED HIGH   TIME    DIR
------------------------------------------------------------------------------------
 1  43.6  45.4   4:45p  39.1  12:00m  21.4   0.0  0.00   6.1  25.0   2:00a    NE
 2  43.7  51.6   3:45p  33.8   7:45a  20.4   0.0  0.11   5.4  19.0   4:00p   SSE
 3  41.0  49.6   9:30a  34.7  11:00p  24.0   0.0  0.53  11.3  38.0   8:15p   NNW
 4  35.1  40.2  11:15a  30.4  12:00m  29.9   0.0  0.04  10.6  33.0   1:15p     N
 5  39.2  49.9   5:00p  29.8   1:15a  25.8   0.0  0.00   6.3  28.0   9:00a     N
 6  44.7  56.3   2:45p  37.2   3:00a  20.3   0.0  0.00   2.7  12.0   1:15p     S
 7  40.0  46.8  12:30a  33.5   4:15p  25.0   0.0  0.43   8.5  30.0  12:45p   NNE
 8  34.2  40.8   3:45p  28.8   7:30a  30.8   0.0  0.00   7.6  29.0  12:15a     N
 9  41.7  51.6   5:45p  33.1   2:30a  23.3   0.0  0.00   3.4  14.0   7:00p     S
10  48.5  61.2   4:30p  39.9   7:15a  16.5   0.0  0.00   2.1  12.0  11:00p   SSW
11  54.6  66.8   3:15p  44.1   6:15a  10.4   0.0  0.00   8.8  25.0   4:15p     S
12  54.9  59.6  12:45p  49.8  10:45p  10.1   0.0  0.30  11.9  31.0  11:15a     S
13  54.6  69.1   4:00p  48.2   6:15a  10.6   0.2  0.00   3.7  16.0  10:30p    SW
14  58.3  72.1   5:15p  45.7   2:30a   7.7   1.0  0.16   4.8  27.0   8:00p   SSW
15  51.6  60.5   3:00p  45.7  11:00p  13.4   0.0  0.00   4.6  22.0   3:30p     N
16  44.9  53.8  12:15p  39.9   7:00a  20.1   0.0  0.00   6.7  26.0   6:00p    NE
17  44.2  48.6   2:00p  41.2  12:15a  20.8   0.0  0.00   7.9  26.0  12:45p    NE
18  46.8  53.8   1:45p  42.1   4:45a  18.2   0.0  0.00   5.1  18.0   5:00p    NE
19  49.6  58.0   2:45p  44.1   6:30a  15.4   0.0  0.00   4.5  16.0   4:45p    NE
20  51.4  60.2  10:45a  45.1   6:45a  13.5   0.0  0.00   4.7  16.0   3:45p     N
21  60.9  72.5   3:30p  53.5   6:45a   4.8   0.9  0.00   3.5  22.0  12:00m    SE
22  55.5  67.9   5:45p  48.8   7:15p   9.6   0.1  0.00   3.2  24.0  12:15a   ESE
23  47.9  56.3   3:00p  43.8   8:00p  17.1   0.0  0.05   4.9  21.0   6:45p     N
24  54.0  63.1   7:45p  45.4   1:00a  11.0   0.0  0.00   5.3  22.0  11:45p   SSW
25  43.3  50.5  12:15a  36.5   8:45a  21.7   0.0  0.22   7.7  33.0   7:15a     N
26  51.2  65.8   5:45p  41.5   3:30a  12.1   0.0  0.00   6.2  27.0   9:45a     W
27  44.9  59.9   5:00p  38.3  12:00m  18.6   0.0  0.00   5.4  24.0   5:30p    NE
28  46.5  58.7   3:45p  36.9   7:30a  18.5   0.0  0.00   3.1  21.0   2:15p    NE
29  52.1  67.3   3:00p  38.6   2:30a  13.1   0.1  0.00   4.3  19.0   6:00p   SSE
30  58.3  70.9   3:00p  48.3   7:00a   7.1   0.7  0.00   8.0  20.0   2:45p   SSE
-------------------------------------------------------------------------------------
    47.9  72.5    21    28.8     8   511.2   3.0  1.84   5.9  38.0     3      NE

Max >=  90.0:  0
Max <=  32.0:  0
Min <=  32.0:  3
Min <=   0.0:  0
Max Rain: 0.53 ON 04/03/06
Days of Rain: 8 (>.01 in) 6 (>.1 in) 0 (>1 in)
Heat Base:  65.0  Cool Base:  65.0  Method: Integration