NOAA-Style Climate Reports


Report for 2006 May
                   MONTHLY CLIMATOLOGICAL SUMMARY for MAY. 2006

NAME: Vantage Pro Plus   CITY: Sand Point   STATE: MI 
ELEV:   598 ft  LAT:  43° 54' 37" N  LONG:  83° 23' 03" W

                   TEMPERATURE (°F), RAIN  (in), WIND SPEED (mph)

                                      HEAT  COOL        AVG
    MEAN                              DEG   DEG         WIND                 DOM
DAY TEMP  HIGH   TIME   LOW    TIME   DAYS  DAYS  RAIN  SPEED HIGH   TIME    DIR
------------------------------------------------------------------------------------
 1  60.3  68.8   1:45p  53.2   7:00a   5.1   0.5  0.00   8.2  25.0   1:00p     S
 2  55.1  61.5  11:15a  52.6   4:00p   9.9   0.0  0.00   2.9  13.0   3:45p     N
 3  62.0  72.7   6:00p  51.6   6:45a   4.9   2.0  0.00   3.5  13.0   1:00p   SSW
 4  61.6  70.8   5:45p  47.4  12:00m   4.5   1.1  0.00   3.9  17.0   5:00p    SW
 5  49.1  59.3   2:30p  44.3   8:30p  15.9   0.0  0.00   1.8  21.0   5:45p   ESE
 6  46.6  55.4   5:00p  37.6   6:15a  18.4   0.0  0.00   6.3  22.0   7:30a     N
 7  55.5  67.8   5:00p  44.8  12:45a   9.9   0.4  0.00   9.3  22.0   4:45a   SSW
 8  61.4  75.8   3:00p  49.2   7:30a   5.6   2.0  0.00   4.3  14.0   9:45p     S
 9  62.5  71.6   1:30p  52.0   7:00a   4.2   1.7  0.00   8.3  21.0   1:45p     S
10  63.0  74.9   2:15p  55.0  12:00m   3.6   1.7  0.37   5.9  18.0   2:30a     S
11  55.7  62.3  12:15p  51.0   4:15a   9.3   0.0  0.66  12.1  33.0   7:15a     S
12  47.6  51.9  12:15a  45.2   2:30p  17.4   0.0  0.03   8.7  26.0   3:15p     S
13  51.2  56.9   5:30p  45.5  12:15a  13.8   0.0  0.00   4.8  14.0   9:15a   SSE
14  52.3  62.7   1:15p  49.5   9:15p  12.7   0.0  0.00   5.7  20.0   3:45p    NE
15  51.6  56.7   1:30p  47.9   3:30a  13.4   0.0  0.00   6.1  21.0  11:15a    NE
16  55.4  62.4   5:15p  51.1   8:15a   9.6   0.0  0.04   3.7  21.0   9:30p     N
17  58.1  70.3   4:15p  52.6   6:00a   7.4   0.5  0.00   3.2  30.0   5:00p    NW
18  49.0  53.6  12:15a  46.5   7:15p  16.0   0.0  0.06   6.9  29.0   6:45a    NW
19  51.0  57.0   3:45p  47.3  12:15a  14.0   0.0  0.64   5.6  25.0   8:15a   NNW
20  55.2  66.3   5:30p  46.0   6:15a   9.8   0.0  0.06   6.0  39.0   9:30p     N
21  46.7  54.4   4:45p  42.1   6:00a  18.3   0.0  0.06   9.7  38.0   8:15a    NW
22  46.4  55.4   6:15p  38.6   6:30a  18.6   0.0  0.00   4.5  24.0   7:30a     N
23  55.1  66.8   6:30p  43.6   4:45a  10.0   0.1  0.00   1.7  13.0   5:30a     S
24  62.0  74.4   3:00p  48.9   4:45a   5.1   2.1  0.00   1.6  14.0   1:00a    SW
25  65.9  76.5   4:00p  59.3   7:15a   1.3   2.1  0.00   3.9  19.0   6:00p     S
26  61.5  65.6   2:30p  56.9  10:15p   3.5   0.0  0.12   1.8  12.0   4:15p     N
27  60.5  70.8   7:30p  52.5   6:30a   5.0   0.5  0.00   3.7  19.0   2:15p    NE
28  71.4  86.5   5:45p  61.8   2:15a   0.4   6.9  0.00   1.7  22.0   9:15a     S
29  79.4  90.1   4:00p  71.5   6:30a   0.0  14.4  0.00   0.2  10.0   9:15a    SW
30  77.5  87.2   6:30p  68.6  10:45p   0.0  12.5  0.30   1.3  33.0   7:45p   WSW
31  68.5  72.0   9:45a  63.7   6:30p   0.1   3.6  0.33   1.9  19.0   4:00p    NE
-------------------------------------------------------------------------------------
    58.0  90.1    29    37.6     6   267.7  52.1  2.67   4.8  39.0    20       S

Max >=  90.0:  1
Max <=  32.0:  0
Min <=  32.0:  0
Min <=   0.0:  0
Max Rain: 0.66 ON 05/11/06
Days of Rain: 11 (>.01 in) 6 (>.1 in) 0 (>1 in)
Heat Base:  65.0  Cool Base:  65.0  Method: Integration