NOAA-Style Climate Reports


Report for 2006 June
                   MONTHLY CLIMATOLOGICAL SUMMARY for JUN. 2006

NAME: Vantage Pro Plus   CITY: Sand Point   STATE: MI 
ELEV:   598 ft  LAT:  43° 54' 37" N  LONG:  83° 23' 03" W

                   TEMPERATURE (°F), RAIN  (in), WIND SPEED (mph)

                                      HEAT  COOL        AVG
    MEAN                              DEG   DEG         WIND                 DOM
DAY TEMP  HIGH   TIME   LOW    TIME   DAYS  DAYS  RAIN  SPEED HIGH   TIME    DIR
------------------------------------------------------------------------------------
 1  67.6  79.6   6:15p  62.1   6:15a   0.5   3.1  0.00   2.5  17.0   3:00a     N
 2  64.8  69.1   5:00p  62.0  11:15p   0.6   0.4  0.00   3.2  18.0  10:30p     N
 3  63.9  69.1   6:00p  59.0   6:15a   1.9   0.8  0.00   6.1  24.0  12:45p     N
 4  63.3  73.2   6:00p  55.6   3:30a   3.1   1.4  0.00   2.1  16.0  12:00p     N
 5  75.5  79.4   5:30p  68.6  11:30p   0.0   4.1  0.00   0.0   8.0   3:00p    SW
 6  71.3  81.8   4:15p  61.8   6:30a   0.4   6.6  0.00   0.5  10.0   9:15a   WSW
 7  70.4  76.1   4:30p  66.4  11:45p   0.0   5.4  0.00   0.4  12.0   3:00p     S
 8  69.9  78.5   5:15p  63.7   3:30a   0.2   5.1  0.00   3.1  20.0   5:30p     N
 9  60.9  67.6  12:15a  57.6  12:00m   4.2   0.1  0.00   8.9  27.0  10:15a     N
10  57.6  64.0   1:15p  53.1   6:45a   7.4   0.0  0.00   6.0  26.0  12:30a     N
11  56.8  64.3   2:30p  50.8  12:00m   8.2   0.0  0.00   3.2  19.0   5:45p     N
12  58.6  64.5  12:30p  50.1  12:45a   6.4   0.0  0.01   2.8  19.0   1:00p    NE
13  62.5  70.4   5:00p  55.4   5:30a   3.6   1.2  0.00   0.9  12.0   6:45p     N
14  64.1  72.0   6:00p  56.2   6:45a   2.6   1.7  0.00   1.9  14.0   2:00p    NE
15  68.6  79.2   4:15p  58.3   6:15a   1.8   5.4  0.00   1.4  12.0   1:45p     S
16  74.0  84.3   3:45p  65.5   2:00a   0.0   9.0  0.00   7.0  17.0   1:30a   SSW
17  79.3  87.8   4:00p  72.3   7:15a   0.0  14.3  0.00   5.7  18.0   3:45a   SSW
18  74.3  80.3   3:45p  67.9   9:15p   0.0   9.3  0.27   7.2  26.0   5:00p   SSW
19  73.8  81.6   6:15p  68.6   6:15a   0.0   8.8  0.07   4.4  24.0   5:15a    SW
20  66.5  74.7   6:15p  58.6   6:15a   1.6   3.2  0.00   3.7  24.0   2:00a     N
21  67.7  73.5   6:00p  61.0   9:30a   0.6   3.3  0.34  10.1  24.0  10:15a     S
22  71.9  77.6   1:30p  63.7  12:00m   0.0   6.9  0.00   3.3  22.0   9:00p   WSW
23  61.0  65.5   1:45p  55.0  11:00p   4.0   0.0  0.00   6.2  22.0   4:45a    NE
24  64.0  73.0   2:00p  53.8   1:30a   3.5   2.6  0.00   1.2  11.0   2:30p     N
25  65.5  74.4  12:15p  57.6   4:15a   1.4   1.9  0.00   3.2  21.0   4:45p    NE
26  66.0  72.8   1:45p  63.4   4:15a   0.3   1.2  0.11   5.0  22.0   2:00a    NE
27  69.9  78.8   6:15p  65.0   6:15a   0.0   4.9  0.01   0.6  22.0   9:00p     N
28  66.7  76.0   1:45p  60.4  10:45p   1.1   2.8  0.30   1.5  28.0   5:30p     N
29  67.2  76.0   6:45p  60.5   6:00a   1.4   3.7  0.00   1.4  16.0   9:15a     N
30  71.5  77.7   6:00p  66.8   5:30a   0.0   6.5  0.05   3.1  21.0   5:30a   WSW
-------------------------------------------------------------------------------------
    67.2  87.8    17    50.1    12    54.8 113.7  1.16   3.6  28.0    28       N

Max >=  90.0:  0
Max <=  32.0:  0
Min <=  32.0:  0
Min <=   0.0:  0
Max Rain: 0.34 ON 06/21/06
Days of Rain: 6 (>.01 in) 4 (>.1 in) 0 (>1 in)
Heat Base:  65.0  Cool Base:  65.0  Method: Integration