NOAA-Style Climate Reports


Report for 2006 July
                   MONTHLY CLIMATOLOGICAL SUMMARY for JUL. 2006

NAME: Vantage Pro Plus   CITY: Sand Point   STATE: MI 
ELEV:   598 ft  LAT:  43° 54' 37" N  LONG:  83° 23' 03" W

                   TEMPERATURE (°F), RAIN  (in), WIND SPEED (mph)

                                      HEAT  COOL        AVG
    MEAN                              DEG   DEG         WIND                 DOM
DAY TEMP  HIGH   TIME   LOW    TIME   DAYS  DAYS  RAIN  SPEED HIGH   TIME    DIR
------------------------------------------------------------------------------------
 1  73.8  83.8   5:30p  64.5   7:30a   0.0   8.8  0.01   3.5  29.0   6:15p   SSW
 2  77.5  84.7   4:30p  72.1   6:45a   0.0  12.5  0.00   3.0  25.0   1:00a   WSW
 3  75.7  84.3   4:00p  69.3  10:00p   0.0  10.7  0.20   1.2  16.0  12:30a    SW
 4  72.9  80.9   2:15p  63.7  12:00m   0.0   7.9  0.02   4.3  27.0   7:00p    NW
 5  64.0  71.6   1:30p  57.8   6:45a   2.5   1.5  0.00   4.2  24.0  12:30a     N
 6  67.5  74.7   4:30p  60.9   1:00a   1.1   3.7  0.00   2.3  19.0   8:45a     N
 7  72.0  80.1   5:15p  62.9   6:30a   0.2   7.2  0.00   0.3  12.0  12:00p    SW
 8  74.4  81.8   3:30p  64.7   7:15a   0.0   9.4  0.00   1.2  16.0   3:30p    SW
 9  74.7  83.6   4:30p  65.2  11:45p   0.0   9.7  0.51   5.0  29.0   8:45p   SSW
10  65.6  72.1   6:15p  59.6   8:30a   0.9   1.5  0.20   2.2  26.0   6:00a     N
11  69.1  79.2   3:30p  61.6   5:15a   0.8   4.9  0.09   0.4  13.0   4:15p   SSE
12  70.3  74.0   6:30p  66.4  12:00m   0.0   5.3  0.24   4.2  20.0   8:00a    NE
13  75.1  84.9   6:15p  65.2   3:30a   0.0  10.1  0.00   0.3  10.0   1:45p    SW
14  76.3  83.2   1:45p  70.4   7:45a   0.0  11.3  0.00   1.5  14.0   8:00p     S
15  79.8  89.0   5:15p  71.8   6:15a   0.0  14.8  0.00   1.0  13.0   6:45a   WSW
16  80.4  87.6   3:45p  74.9   6:15a   0.0  15.4  0.00   2.6  17.0   3:15a   SSW
17  79.9  88.4   4:15p  69.8   9:00p   0.0  14.9  0.42   4.6  49.0   7:45p   SSW
18  73.1  80.1  12:30p  65.8  12:00m   0.0   8.1  0.00   2.6  17.0   8:00a    NE
19  72.1  80.7   6:15p  61.8   6:45a   0.4   7.5  0.00   1.0  11.0   3:00p     N
20  75.5  82.4   5:30p  70.8   4:15a   0.0  10.5  0.00   3.2  17.0  10:30p     S
21  68.7  73.2   2:00a  66.3   6:15a   0.0   3.7  0.00   5.2  22.0  10:15a     N
22  69.7  76.1   1:45p  65.3   7:30a   0.0   4.7  0.00   4.5  17.0   2:00a     N
23  69.7  76.3   2:15p  64.7   7:00a   0.0   4.7  0.00   0.9  13.0   4:00p   ENE
24  73.8  83.6   2:45p  63.9   7:30a   0.1   8.9  0.00   5.2  21.0   2:00p   SSW
25  76.2  81.1   3:30p  72.8   6:45a   0.0  11.2  0.00   3.6  22.0   1:45a    SW
26  73.5  75.8   3:00a  71.8  10:45a   0.0   8.5  0.26   5.2  20.0   2:30p   SSW
27  74.2  78.8   1:45p  71.6   4:30a   0.0   9.2  0.00   1.8  12.0   3:30p   WSW
28  77.4  85.3   6:15p  71.5   6:45a   0.0  12.4  0.00   0.3  17.0   3:30a    SW
29  78.8  84.3  12:30p  74.4  12:00m   0.0  13.8  0.00   0.9  17.0  10:15a   WSW
30  75.0  80.7   2:00p  70.9   3:15a   0.0  10.0  0.52   0.6  30.0   3:00p     S
31  81.4  91.6   3:30p  72.7   6:30a   0.0  16.4  0.00   1.2  14.0  11:45p    SW
-------------------------------------------------------------------------------------
    73.8  91.6    31    57.8     5     6.0 279.2  2.47   2.5  49.0    17     SSW

Max >=  90.0:  1
Max <=  32.0:  0
Min <=  32.0:  0
Min <=   0.0:  0
Max Rain: 0.52 ON 07/30/06
Days of Rain: 9 (>.01 in) 7 (>.1 in) 0 (>1 in)
Heat Base:  65.0  Cool Base:  65.0  Method: Integration