NOAA-Style Climate Reports


Report for 2006 September
                   MONTHLY CLIMATOLOGICAL SUMMARY for SEP. 2006

NAME: Vantage Pro Plus   CITY: Sand Point   STATE: MI 
ELEV:   598 ft  LAT:  43° 54' 37" N  LONG:  83° 23' 03" W

                   TEMPERATURE (°F), RAIN  (in), WIND SPEED (mph)

                                      HEAT  COOL        AVG
    MEAN                              DEG   DEG         WIND                 DOM
DAY TEMP  HIGH   TIME   LOW    TIME   DAYS  DAYS  RAIN  SPEED HIGH   TIME    DIR
------------------------------------------------------------------------------------
 1  65.3  72.8   2:00p  59.2   7:15a   1.6   2.0  0.00   4.4  22.0   3:15p    NE
 2  64.2  70.6   1:30p  58.0  10:45p   2.0   1.2  0.01   2.6  22.0   2:45p   ENE
 3  63.2  71.5   5:00p  58.6  12:15a   2.7   0.9  0.22   1.7  18.0   4:45a     N
 4  66.3  74.0   3:00p  60.4   3:00a   1.3   2.6  0.00   0.0   0.0     ---   ---
 5  66.1  74.2   5:30p  60.1   7:30a   1.4   2.6  0.00   0.1   7.0   1:30p     W
 6  64.3  68.6   1:00p  54.8  12:00m   1.5   0.9  0.00   3.3  21.0   9:00a    NE
 7  65.2  76.8   5:15p  54.8  12:15a   3.2   3.4  0.00   1.6  11.0  10:30a    SW
 8  69.8  79.6   3:00p  63.7  12:00m   0.1   4.9  0.03   2.5  29.0   8:00p    SW
 9  58.8  64.2   1:45a  53.5  12:00m   6.2   0.0  0.32   6.3  24.0   6:45a    NE
10  56.8  63.4   3:30p  50.2   5:30a   8.2   0.0  0.00   2.5  19.0  12:45p     E
11  58.5  62.0  12:15p  54.4   4:15a   6.5   0.0  0.06   3.9  22.0  10:30a     E
12  60.1  62.9   5:00p  55.7   2:45a   4.9   0.0  1.37   1.8  20.0   4:45a   ESE
13  63.4  67.1   1:30p  61.3  11:15p   1.8   0.2  0.01   2.7  19.0  10:15p    NE
14  63.6  70.4   1:45p  57.8  12:00m   2.4   1.0  0.00   2.8  17.0   7:00a     N
15  62.6  71.1   2:00p  57.0   5:45a   3.6   1.2  0.00   1.0  11.0   3:00p     N
16  63.1  69.4  12:30p  56.0   7:00a   3.1   1.2  0.00   0.8  16.0  11:45p     S
17  68.3  77.4   4:45p  60.1   3:30a   1.4   4.7  0.00   5.5  18.0   3:45a     S
18  64.9  70.9   1:00a  60.9  12:00m   1.7   1.7  0.05   4.2  19.0   9:15a     S
19  57.8  63.5   2:15p  53.2  12:00m   7.2   0.0  0.00   5.8  31.0   9:45a     W
20  53.7  60.7   4:15p  48.6   8:00a  11.3   0.0  0.00   4.3  26.0   7:45a    NW
21  55.8  63.2   3:15p  51.1   1:15a   9.2   0.0  0.00   1.1  20.0   5:30a   WSW
22  57.2  62.0   7:30p  51.4   6:00a   7.8   0.0  0.25   4.0  17.0   8:15p     S
23  62.3  67.9   3:15p  58.1   3:45a   2.9   0.2  0.18   1.8  16.0  12:00m   SSW
24  56.9  65.0  12:15a  49.9  12:00m   8.1   0.0  0.03   8.6  35.0  12:45a   NNW
25  55.7  66.3   2:15p  46.8   7:00a   9.4   0.0  0.00   3.2  26.0  12:45p    NW
26  56.9  65.3   5:00p  50.8   5:00a   8.1   0.0  0.00   1.7  18.0  10:45p    SW
27  57.5  66.0   3:45p  52.2  12:00m   7.6   0.0  0.05   6.4  27.0   6:30p     S
28  50.6  56.3   3:30p  47.4   8:15a  14.4   0.0  0.02   5.9  24.0   3:45p     N
29  49.9  56.7   3:30p  44.5   6:15a  15.1   0.0  0.03   1.4  14.0  12:15a   NNW
30  51.5  53.5   6:15p  49.1   8:45a  13.5   0.0  0.09   5.9  19.0  10:45a     S
-------------------------------------------------------------------------------------
    60.3  79.6     8    44.5    29   168.2  28.7  2.72   3.3  35.0    24       S

Max >=  90.0:  0
Max <=  32.0:  0
Min <=  32.0:  0
Min <=   0.0:  0
Max Rain: 1.37 ON 09/12/06
Days of Rain: 13 (>.01 in) 5 (>.1 in) 1 (>1 in)
Heat Base:  65.0  Cool Base:  65.0  Method: Integration