NOAA-Style Climate Reports


Report for 2006 October
                   MONTHLY CLIMATOLOGICAL SUMMARY for OCT. 2006

NAME: Vantage Pro Plus   CITY: Sand Point   STATE: MI 
ELEV:   598 ft  LAT:  43° 54' 37" N  LONG:  83° 23' 03" W

                   TEMPERATURE (°F), RAIN  (in), WIND SPEED (mph)

                                      HEAT  COOL        AVG
    MEAN                              DEG   DEG         WIND                 DOM
DAY TEMP  HIGH   TIME   LOW    TIME   DAYS  DAYS  RAIN  SPEED HIGH   TIME    DIR
------------------------------------------------------------------------------------
 1  54.2  63.1   5:15p  49.2   7:30a  10.8   0.0  0.01   0.8  14.0   1:00p    NW
 2  58.6  67.6   3:30p  50.7   2:00a   6.6   0.2  0.11   3.2  16.0   6:45a     S
 3  63.0  74.0   5:45p  57.0   8:15a   3.1   1.1  0.01   0.9  10.0   1:30p    SW
 4  57.4  64.0   3:15a  53.5   2:30p   7.6   0.0  0.63   8.8  31.0   3:15a     N
 5  51.8  55.6   2:30p  49.2  10:30p  13.2   0.0  0.00   3.2  24.0  12:30a    NE
 6  49.3  55.7   1:15p  42.5  12:00m  15.7   0.0  0.00   2.0  16.0   2:30p     E
 7  50.8  63.7   5:30p  42.1   2:30a  14.2   0.0  0.00   0.3   8.0  11:00p   SSE
 8  56.6  67.9   3:45p  47.0   7:45a   8.8   0.3  0.00   2.8  13.0   1:15a   SSW
 9  55.6  60.7   1:45p  51.3  12:00m   9.4   0.0  0.00   4.1  21.0  11:15p    NE
10  51.5  56.0   1:30p  48.9  12:00m  13.5   0.0  0.01   4.4  20.0   6:30a     N
11  53.2  59.8  12:00p  44.9  12:00m  11.8   0.0  0.28   6.7  35.0  10:00p     S
12  37.6  44.9  12:15a  32.7   3:45p  27.4   0.0  0.01   9.0  34.0  11:00a     W
13  38.2  41.6   4:30p  35.0  12:15a  26.8   0.0  0.00  14.4  35.0   7:45p   SSW
14  42.1  47.4   4:00p  38.0   8:15a  22.9   0.0  0.00   6.4  38.0  12:30a     W
15  44.7  51.4   4:30p  40.2   5:30a  20.3   0.0  0.01   2.5  25.0   2:00a     W
16  46.0  51.3   6:00p  38.2   3:45a  19.0   0.0  0.02   2.3  16.0   1:00p     S
17  50.0  52.9   3:30p  48.0   2:00a  15.0   0.0  0.38   2.4  16.0   5:30a   SSE
18  52.6  57.8   4:30p  49.1   1:45a  12.4   0.0  0.10   1.7  16.0  11:45p   SSW
19  46.7  51.3  12:15a  44.5  10:15a  18.3   0.0  0.13   2.8  18.0  12:00m    NW
20  43.3  45.2   3:00p  41.8   9:30a  21.7   0.0  0.00   3.2  16.0  12:15a     N
21  43.5  46.1   9:30p  39.6   7:45a  21.5   0.0  0.11   0.0   7.0  12:30a     S
22  43.8  48.6  12:45p  38.5   7:45p  21.2   0.0  0.33   3.5  29.0   7:15p    NW
23  39.1  44.6   2:45p  36.8  11:30p  25.9   0.0  0.02   4.8  29.0   6:45p    NW
24  39.4  45.2   2:15p  35.6   3:00a  25.6   0.0  0.00   8.3  28.0   7:00a   NNW
25  40.6  44.9   1:15p  38.3   4:00a  24.4   0.0  0.00   1.2  18.0   1:45a     N
26  41.0  50.1   2:15p  34.0   6:15a  24.0   0.0  0.00   1.2  13.0   5:45p     E
27  42.0  45.2   2:00p  39.5   1:00a  23.0   0.0  0.08   1.1  14.0   6:00p   ESE
28  40.0  42.9   3:00p  37.9  12:30p  25.0   0.0  0.11   7.3  41.0   4:30p    NW
29  42.1  48.9   3:00p  36.2   3:15a  22.9   0.0  0.00   6.6  36.0   1:15a   WNW
30  47.1  58.6   2:45p  35.6   5:30a  17.9   0.0  0.00   2.2  18.0  10:15p     S
31  48.2  55.4   8:30a  37.5  12:00m  16.8   0.0  0.00   6.3  29.0  11:45a   SSW
-------------------------------------------------------------------------------------
    47.4  74.0     3    32.7    12   546.7   1.6  2.35   4.0  41.0    28       S

Max >=  90.0:  0
Max <=  32.0:  0
Min <=  32.0:  0
Min <=   0.0:  0
Max Rain: 0.63 ON 10/04/06
Days of Rain: 12 (>.01 in) 8 (>.1 in) 0 (>1 in)
Heat Base:  65.0  Cool Base:  65.0  Method: Integration